{"id":697594,"date":"2025-08-27T14:40:47","date_gmt":"2025-08-27T11:40:47","guid":{"rendered":"https:\/\/roveyayinevi.com.tr\/index.php\/urun\/kirvelik-sanal-akrabaligin-dunu-ve-bugunu\/"},"modified":"2026-01-29T02:12:48","modified_gmt":"2026-01-28T23:12:48","slug":"kirvelik-sanal-akrabaligin-dunu-ve-bugunu","status":"publish","type":"product","link":"https:\/\/roveyayinevi.com.tr\/index.php\/urun\/kirvelik-sanal-akrabaligin-dunu-ve-bugunu\/","title":{"rendered":"Kirvelik Sanal Akrabal\u0131\u011f\u0131n D\u00fcn\u00fc ve Bug\u00fcn\u00fc"},"content":{"rendered":"<p>Anadolu&#8217;da y\u00fczy\u0131llard\u0131r s\u00fcregelen bir gelenek olan kirvelik, bu kitapta toplumsal ya\u015fam pratikleriyle ili\u015fkilendirilerek ele al\u0131nmaktad\u0131r.Anadolu&#8217;da ya\u015fayan b\u00fct\u00fcn halklar\u0131n k\u00fclt\u00fcrlerinde, \u00f6nem derecesi de\u011fi\u015fmekle beraber, varolan kirvelik kurumunun incelendi\u011fi bu kitab\u0131n yay\u0131mlanmas\u0131ndaki katk\u0131lar\u0131ndan dolay\u0131 Kalk\u0131nma At\u00f6lyesi&#8217;ne te\u015fekk\u00fcr ederiz. <\/p>\n","protected":false},"excerpt":{"rendered":"<p>Anadolu&#8217;da y\u00fczy\u0131llard\u0131r s\u00fcregelen bir gelenek olan kirvelik, bu kitapta toplumsal ya\u015fam pratikleriyle ili\u015fkilendirilerek ele al\u0131nmaktad\u0131r.Anadolu&#8217;da ya\u015fayan b\u00fct\u00fcn halklar\u0131n k\u00fclt\u00fcrlerinde, \u00f6nem derecesi de\u011fi\u015fmekle beraber, varolan kirvelik kurumunun<span class=\"excerpt-hellip\"> [\u2026]<\/span><\/p>\n","protected":false},"featured_media":0,"template":"","meta":{"_monsterinsights_skip_tracking":false,"_monsterinsights_sitenote_active":false,"_monsterinsights_sitenote_note":"","_monsterinsights_sitenote_category":0},"product_brand":[],"product_cat":[12835,12324],"product_tag":[],"class_list":{"0":"post-697594","1":"product","2":"type-product","3":"status-publish","5":"product_cat-genel-sosyoloji","6":"product_cat-sosyoloji","7":"pa_cilt-ciltsiz","8":"pa_tur-kitap","9":"pa_yayinevi-utopya-yayinevi","10":"pa_yazar-ayse-kudat","12":"first","13":"instock","14":"sale","15":"shipping-taxable","16":"purchasable","17":"product-type-simple"},"_links":{"self":[{"href":"https:\/\/roveyayinevi.com.tr\/index.php\/wp-json\/wp\/v2\/product\/697594","targetHints":{"allow":["GET"]}}],"collection":[{"href":"https:\/\/roveyayinevi.com.tr\/index.php\/wp-json\/wp\/v2\/product"}],"about":[{"href":"https:\/\/roveyayinevi.com.tr\/index.php\/wp-json\/wp\/v2\/types\/product"}],"wp:attachment":[{"href":"https:\/\/roveyayinevi.com.tr\/index.php\/wp-json\/wp\/v2\/media?parent=697594"}],"wp:term":[{"taxonomy":"product_brand","embeddable":true,"href":"https:\/\/roveyayinevi.com.tr\/index.php\/wp-json\/wp\/v2\/product_brand?post=697594"},{"taxonomy":"product_cat","embeddable":true,"href":"https:\/\/roveyayinevi.com.tr\/index.php\/wp-json\/wp\/v2\/product_cat?post=697594"},{"taxonomy":"product_tag","embeddable":true,"href":"https:\/\/roveyayinevi.com.tr\/index.php\/wp-json\/wp\/v2\/product_tag?post=697594"}],"curies":[{"name":"wp","href":"https:\/\/api.w.org\/{rel}","templated":true}]}}