{"id":697586,"date":"2025-08-27T14:40:45","date_gmt":"2025-08-27T11:40:45","guid":{"rendered":"https:\/\/roveyayinevi.com.tr\/index.php\/urun\/koloni\/"},"modified":"2026-04-16T02:07:18","modified_gmt":"2026-04-15T23:07:18","slug":"koloni","status":"publish","type":"product","link":"https:\/\/roveyayinevi.com.tr\/index.php\/urun\/koloni\/","title":{"rendered":"Koloni"},"content":{"rendered":"<p>Onlar \u00c7ocuktular&#8230;En m\u00fckemmel elmaslar\u0131n safl\u0131\u011f\u0131ndayd\u0131lar&#8230;Ne ufak bir lekeleri&#8230;Ne de en ufak bir kusurlar\u0131 vard\u0131&#8230;Ve ne de en ufak bir g\u00fcnahlar\u0131&#8230;Ama onlar\u0131n safl\u0131\u011f\u0131 k\u00f6t\u00fcl\u00fc\u011f\u00fcn safl\u0131\u011f\u0131yd\u0131&#8230;Paris&#8217;te bir Ermeni katedralinde i\u015flenen bir cinayet. Kan yok, cinayet aleti yok, yara bere yok\u2026Biri ya\u015fl\u0131 ve huysuz emekli bir polis, di\u011feri \u00c7ocuk B\u00fcrosu&#8217;nda g\u00f6revli, ancak a\u00e7\u0131\u011fa al\u0131nm\u0131\u015f uyu\u015fturucu m\u00fcptelas\u0131 gen\u00e7 bir polis. Bu ikisi, gitgide hunharca bir hal alan ve pe\u015fpe\u015fe i\u015flenen cinayetlerin katilini veya katillerini bulmak i\u00e7in birlikte \u00e7al\u0131\u015fmak zorundad\u0131r. Birbirlerine ihtiya\u00e7lar\u0131 vard\u0131r, birbirlerini tamamlamaktad\u0131rlar. Ancak bu cinayetler s\u0131radan bir seri katilin i\u015fi de\u011fildir. Gizli servisler, naziler,Yahudiler, \u00fclke i\u00e7inde \u00fclkeler, ve &#8220;siyah b\u00f6lgeler&#8221;\u2026 Sanki birileri bir \u015feyleri gizlemek istemektedir.Fransa&#8217;n\u0131n g\u00f6be\u011finde ba\u015fka bir \u00fclke olabilir miydi?Bu \u00fclkeye kim veya kimler g\u00f6z yumuyordu?Burada neler yap\u0131lmaktad\u0131r?Ka\u00e7\u0131r\u0131lan \u00e7ocuklar ile \u00f6ld\u00fcr\u00fclenler aras\u0131ndaki ba\u011f nedir?\u0130ki polisin \u00e7abas\u0131 cinayetleri a\u00e7\u0131\u011fa kavu\u015fturmaya yetecek midir?Yoksa\u2026<\/p>\n","protected":false},"excerpt":{"rendered":"<p>Onlar \u00c7ocuktular&#8230;En m\u00fckemmel elmaslar\u0131n safl\u0131\u011f\u0131ndayd\u0131lar&#8230;Ne ufak bir lekeleri&#8230;Ne de en ufak bir kusurlar\u0131 vard\u0131&#8230;Ve ne de en ufak bir g\u00fcnahlar\u0131&#8230;Ama onlar\u0131n safl\u0131\u011f\u0131 k\u00f6t\u00fcl\u00fc\u011f\u00fcn safl\u0131\u011f\u0131yd\u0131&#8230;Paris&#8217;te bir Ermeni<span class=\"excerpt-hellip\"> [\u2026]<\/span><\/p>\n","protected":false},"featured_media":0,"template":"","meta":{"_monsterinsights_skip_tracking":false,"_monsterinsights_sitenote_active":false,"_monsterinsights_sitenote_note":"","_monsterinsights_sitenote_category":0},"product_brand":[],"product_cat":[12803,12291],"product_tag":[],"class_list":{"0":"post-697586","1":"product","2":"type-product","3":"status-publish","5":"product_cat-aksiyon-macera","6":"product_cat-edebiyat","7":"pa_cilt-ciltsiz","8":"pa_tur-kitap","9":"pa_yayinevi-dogan-kitap","10":"pa_yazar-jean-christophe-grange","12":"first","13":"instock","14":"sale","15":"shipping-taxable","16":"purchasable","17":"product-type-simple"},"_links":{"self":[{"href":"https:\/\/roveyayinevi.com.tr\/index.php\/wp-json\/wp\/v2\/product\/697586","targetHints":{"allow":["GET"]}}],"collection":[{"href":"https:\/\/roveyayinevi.com.tr\/index.php\/wp-json\/wp\/v2\/product"}],"about":[{"href":"https:\/\/roveyayinevi.com.tr\/index.php\/wp-json\/wp\/v2\/types\/product"}],"wp:attachment":[{"href":"https:\/\/roveyayinevi.com.tr\/index.php\/wp-json\/wp\/v2\/media?parent=697586"}],"wp:term":[{"taxonomy":"product_brand","embeddable":true,"href":"https:\/\/roveyayinevi.com.tr\/index.php\/wp-json\/wp\/v2\/product_brand?post=697586"},{"taxonomy":"product_cat","embeddable":true,"href":"https:\/\/roveyayinevi.com.tr\/index.php\/wp-json\/wp\/v2\/product_cat?post=697586"},{"taxonomy":"product_tag","embeddable":true,"href":"https:\/\/roveyayinevi.com.tr\/index.php\/wp-json\/wp\/v2\/product_tag?post=697586"}],"curies":[{"name":"wp","href":"https:\/\/api.w.org\/{rel}","templated":true}]}}