{"id":697580,"date":"2025-08-27T14:40:44","date_gmt":"2025-08-27T11:40:44","guid":{"rendered":"https:\/\/roveyayinevi.com.tr\/index.php\/urun\/ruhlar-kralinin-ulkesi\/"},"modified":"2026-04-16T02:07:18","modified_gmt":"2026-04-15T23:07:18","slug":"ruhlar-kralinin-ulkesi","status":"publish","type":"product","link":"https:\/\/roveyayinevi.com.tr\/index.php\/urun\/ruhlar-kralinin-ulkesi\/","title":{"rendered":"Ruhlar Kral\u0131n\u0131n \u00dclkesi"},"content":{"rendered":"<p>Ruhlar Kral\u0131 kim? Ortaya \u00e7\u0131kan ruh ger\u00e7ekten son Rus \u00e7ar\u0131n\u0131n ruhu mu? Yoksa b\u00fct\u00fcn bunlar dalavere mi? Kesin olan bir \u015fey var: Ruhlar Kral\u0131n\u0131n Viyana\u2019da bir tiyatroda ak\u0131llara durgunluk veren korkun\u00e7 bir g\u00f6steri yapm\u0131\u015f olmas\u0131. Bu g\u00f6steri s\u0131ras\u0131nda Axel ortadan kaybolur. Elde edilen tek ipucu, bu i\u015fin Moskova\u2019ya kadar uzand\u0131\u011f\u0131d\u0131r. <\/p>\n","protected":false},"excerpt":{"rendered":"<p>Ruhlar Kral\u0131 kim? Ortaya \u00e7\u0131kan ruh ger\u00e7ekten son Rus \u00e7ar\u0131n\u0131n ruhu mu? Yoksa b\u00fct\u00fcn bunlar dalavere mi? Kesin olan bir \u015fey var: Ruhlar Kral\u0131n\u0131n Viyana\u2019da bir<span class=\"excerpt-hellip\"> [\u2026]<\/span><\/p>\n","protected":false},"featured_media":0,"template":"","meta":{"_monsterinsights_skip_tracking":false,"_monsterinsights_sitenote_active":false,"_monsterinsights_sitenote_note":"","_monsterinsights_sitenote_category":0},"product_brand":[],"product_cat":[12803,12291],"product_tag":[],"class_list":{"0":"post-697580","1":"product","2":"type-product","3":"status-publish","5":"product_cat-aksiyon-macera","6":"product_cat-edebiyat","7":"pa_cilt-ciltsiz","8":"pa_tur-kitap","9":"pa_yayinevi-say-cocuk","10":"pa_yazar-thomas-brezina","12":"first","13":"instock","14":"sale","15":"shipping-taxable","16":"purchasable","17":"product-type-simple"},"_links":{"self":[{"href":"https:\/\/roveyayinevi.com.tr\/index.php\/wp-json\/wp\/v2\/product\/697580","targetHints":{"allow":["GET"]}}],"collection":[{"href":"https:\/\/roveyayinevi.com.tr\/index.php\/wp-json\/wp\/v2\/product"}],"about":[{"href":"https:\/\/roveyayinevi.com.tr\/index.php\/wp-json\/wp\/v2\/types\/product"}],"wp:attachment":[{"href":"https:\/\/roveyayinevi.com.tr\/index.php\/wp-json\/wp\/v2\/media?parent=697580"}],"wp:term":[{"taxonomy":"product_brand","embeddable":true,"href":"https:\/\/roveyayinevi.com.tr\/index.php\/wp-json\/wp\/v2\/product_brand?post=697580"},{"taxonomy":"product_cat","embeddable":true,"href":"https:\/\/roveyayinevi.com.tr\/index.php\/wp-json\/wp\/v2\/product_cat?post=697580"},{"taxonomy":"product_tag","embeddable":true,"href":"https:\/\/roveyayinevi.com.tr\/index.php\/wp-json\/wp\/v2\/product_tag?post=697580"}],"curies":[{"name":"wp","href":"https:\/\/api.w.org\/{rel}","templated":true}]}}