{"id":697559,"date":"2025-08-27T14:40:37","date_gmt":"2025-08-27T11:40:37","guid":{"rendered":"https:\/\/roveyayinevi.com.tr\/index.php\/urun\/ingilterede-emekci-siniflarin-durumu\/"},"modified":"2026-04-16T02:07:17","modified_gmt":"2026-04-15T23:07:17","slug":"ingilterede-emekci-siniflarin-durumu","status":"publish","type":"product","link":"https:\/\/roveyayinevi.com.tr\/index.php\/urun\/ingilterede-emekci-siniflarin-durumu\/","title":{"rendered":"\u0130ngiltere\u2019de Emek\u00e7i S\u0131n\u0131flar\u0131n Durumu"},"content":{"rendered":"<p>Frederick Engels, \u0130ngiltere\u2019de Emek\u00e7i S\u0131n\u0131flar\u0131n Durumu\u2019nu yazd\u0131\u011f\u0131nda yirmi d\u00f6rt ya\u015f\u0131ndayd\u0131. Fakat \u015fa\u015f\u0131rt\u0131c\u0131 olan, onun bu g\u00f6revi yerine getirmek i\u00e7in son derece nitelikli olmas\u0131d\u0131r. <\/p>\n","protected":false},"excerpt":{"rendered":"<p>Frederick Engels, \u0130ngiltere\u2019de Emek\u00e7i S\u0131n\u0131flar\u0131n Durumu\u2019nu yazd\u0131\u011f\u0131nda yirmi d\u00f6rt ya\u015f\u0131ndayd\u0131. Fakat \u015fa\u015f\u0131rt\u0131c\u0131 olan, onun bu g\u00f6revi yerine getirmek i\u00e7in son derece nitelikli olmas\u0131d\u0131r.<\/p>\n","protected":false},"featured_media":0,"template":"","meta":{"_monsterinsights_skip_tracking":false,"_monsterinsights_sitenote_active":false,"_monsterinsights_sitenote_note":"","_monsterinsights_sitenote_category":0},"product_brand":[],"product_cat":[12312,12304],"product_tag":[],"class_list":{"0":"post-697559","1":"product","2":"type-product","3":"status-publish","5":"product_cat-diger","6":"product_cat-tarih","7":"pa_cilt-ciltsiz","8":"pa_tur-kitap","9":"pa_yayinevi-ayrinti-yayinlari","10":"pa_yazar-friedrich-engels","12":"first","13":"instock","14":"sale","15":"shipping-taxable","16":"purchasable","17":"product-type-simple"},"_links":{"self":[{"href":"https:\/\/roveyayinevi.com.tr\/index.php\/wp-json\/wp\/v2\/product\/697559","targetHints":{"allow":["GET"]}}],"collection":[{"href":"https:\/\/roveyayinevi.com.tr\/index.php\/wp-json\/wp\/v2\/product"}],"about":[{"href":"https:\/\/roveyayinevi.com.tr\/index.php\/wp-json\/wp\/v2\/types\/product"}],"wp:attachment":[{"href":"https:\/\/roveyayinevi.com.tr\/index.php\/wp-json\/wp\/v2\/media?parent=697559"}],"wp:term":[{"taxonomy":"product_brand","embeddable":true,"href":"https:\/\/roveyayinevi.com.tr\/index.php\/wp-json\/wp\/v2\/product_brand?post=697559"},{"taxonomy":"product_cat","embeddable":true,"href":"https:\/\/roveyayinevi.com.tr\/index.php\/wp-json\/wp\/v2\/product_cat?post=697559"},{"taxonomy":"product_tag","embeddable":true,"href":"https:\/\/roveyayinevi.com.tr\/index.php\/wp-json\/wp\/v2\/product_tag?post=697559"}],"curies":[{"name":"wp","href":"https:\/\/api.w.org\/{rel}","templated":true}]}}