{"id":697557,"date":"2025-08-27T14:40:37","date_gmt":"2025-08-27T11:40:37","guid":{"rendered":"https:\/\/roveyayinevi.com.tr\/index.php\/urun\/homo-ludens\/"},"modified":"2026-04-16T02:07:17","modified_gmt":"2026-04-15T23:07:17","slug":"homo-ludens","status":"publish","type":"product","link":"https:\/\/roveyayinevi.com.tr\/index.php\/urun\/homo-ludens\/","title":{"rendered":"Homo Ludens"},"content":{"rendered":"<p>Biz insanlar\u0131n Homo Sapiens nitelemesini hak edecek kadar ak\u0131ll\u0131 olmad\u0131\u011f\u0131m\u0131z anla\u015f\u0131ld\u0131&#8230; Bir\u00e7ok hayvan\u0131n da alet yapabildi\u011fi, dolay\u0131s\u0131yla insana Homo Faber demenin de anlams\u0131z oldu\u011fu g\u00f6r\u00fcld\u00fc&#8230; Peki biz kimiz? \u0130nsana \u00f6zg\u00fc \u00fc\u00e7\u00fcnc\u00fc bir \u00f6zellik olarak Homo Ludens\u2019i, oyun oynayan insan\u0131 bu nitelemeler aras\u0131na katamaz m\u0131y\u0131z? \ufffcTan\u0131t\u0131m Metni<\/p>\n","protected":false},"excerpt":{"rendered":"<p>Biz insanlar\u0131n Homo Sapiens nitelemesini hak edecek kadar ak\u0131ll\u0131 olmad\u0131\u011f\u0131m\u0131z anla\u015f\u0131ld\u0131&#8230; Bir\u00e7ok hayvan\u0131n da alet yapabildi\u011fi, dolay\u0131s\u0131yla insana Homo Faber demenin de anlams\u0131z oldu\u011fu g\u00f6r\u00fcld\u00fc&#8230; Peki<span class=\"excerpt-hellip\"> [\u2026]<\/span><\/p>\n","protected":false},"featured_media":0,"template":"","meta":{"_monsterinsights_skip_tracking":false,"_monsterinsights_sitenote_active":false,"_monsterinsights_sitenote_note":"","_monsterinsights_sitenote_category":0},"product_brand":[],"product_cat":[12305,12304],"product_tag":[],"class_list":{"0":"post-697557","1":"product","2":"type-product","3":"status-publish","5":"product_cat-dunya-tarihi","6":"product_cat-tarih","7":"pa_cilt-ciltsiz","8":"pa_tur-kitap","9":"pa_yayinevi-ayrinti-yayinlari","10":"pa_yazar-johan-huizinga","12":"first","13":"instock","14":"sale","15":"shipping-taxable","16":"purchasable","17":"product-type-simple"},"_links":{"self":[{"href":"https:\/\/roveyayinevi.com.tr\/index.php\/wp-json\/wp\/v2\/product\/697557","targetHints":{"allow":["GET"]}}],"collection":[{"href":"https:\/\/roveyayinevi.com.tr\/index.php\/wp-json\/wp\/v2\/product"}],"about":[{"href":"https:\/\/roveyayinevi.com.tr\/index.php\/wp-json\/wp\/v2\/types\/product"}],"wp:attachment":[{"href":"https:\/\/roveyayinevi.com.tr\/index.php\/wp-json\/wp\/v2\/media?parent=697557"}],"wp:term":[{"taxonomy":"product_brand","embeddable":true,"href":"https:\/\/roveyayinevi.com.tr\/index.php\/wp-json\/wp\/v2\/product_brand?post=697557"},{"taxonomy":"product_cat","embeddable":true,"href":"https:\/\/roveyayinevi.com.tr\/index.php\/wp-json\/wp\/v2\/product_cat?post=697557"},{"taxonomy":"product_tag","embeddable":true,"href":"https:\/\/roveyayinevi.com.tr\/index.php\/wp-json\/wp\/v2\/product_tag?post=697557"}],"curies":[{"name":"wp","href":"https:\/\/api.w.org\/{rel}","templated":true}]}}