{"id":697551,"date":"2025-08-27T14:40:35","date_gmt":"2025-08-27T11:40:35","guid":{"rendered":"https:\/\/roveyayinevi.com.tr\/index.php\/urun\/deccalin-hatiri\/"},"modified":"2026-04-16T02:07:17","modified_gmt":"2026-04-15T23:07:17","slug":"deccalin-hatiri","status":"publish","type":"product","link":"https:\/\/roveyayinevi.com.tr\/index.php\/urun\/deccalin-hatiri\/","title":{"rendered":"Deccal&#8217;in Hat\u0131r\u0131"},"content":{"rendered":"<p>\u201cBir \u00e7ift \u00f6l\u00fc g\u00f6z g\u00f6zlerinin i\u00e7ine dikilmi\u015f, \u00f6b\u00fcr d\u00fcnyadan buna bak\u0131yordu sanki. Ve ne kadar kibar konu\u015fuyordu \u00f6l\u00fc. K\u0131l\u0131\u011f\u0131na bak, ya otopark de\u011fnek\u00e7isi ya durak k\u00e2hyas\u0131d\u0131r derdin; y\u00fcz\u00fcne bak, melek midir nedir; g\u00f6z\u00fcne bak, \u00f6lm\u00fc\u015f de haberi yok yaz\u0131k; hi\u00e7bir yerine bakmadan s\u0131rf dinle, haber spikeri. Ve de ne kadar \u00e2\u015fin\u00e2 geliyordu Allah\u2019\u0131m. Ve maalesef nas\u0131l da \u00fcrpertiyordu.\u201d Deccal olmak, melek olmak\u2026 \u00d6l\u00fc olmak, diri olmak\u2026 Hasta olmak, sa\u011fl\u0131kl\u0131 olmak\u2026 Erkek olmak, kad\u0131n olmak, e\u015fcinsel olmak, ba\u015fka cins olmak\u2026 (Bir de \u201ccins\u201d olmak var tabii, o ayr\u0131!) O kadar ayr\u0131lar, o kadar ba\u015fkalar m\u0131 ger\u00e7ekten? Bir bak\u0131n, bir d\u00fc\u015f\u00fcn\u00fcn bakal\u0131m. Sezgin Kaymaz, hem tiryakilerine al\u0131\u015ft\u0131klar\u0131 lezzeti hep yeniden sunan, hem de hep yeni sulara a\u00e7\u0131lan bir yazar. Tekinsizli\u011fin, \u015fiddetin, \u201ck\u00f6t\u00fcl\u00fc\u011f\u00fcn\u201d, ola\u011fan\u00fcst\u00fcn\u00fcn ve g\u00fcndeli\u011fin i\u00e7inden hep sevin\u00e7 ku\u015flar\u0131n\u0131 havaland\u0131ran bir yazar, ayn\u0131 zamanda\u2026 Deccal\u2019in Hat\u0131r\u0131\u2019nda sevin\u00e7 ku\u015flar\u0131, koma halinin, manyak doktorlar\u0131n, mafyac\u0131lar\u0131n, polis\u00e7ilik oynayan polislerin, lubunyalar\u0131n, haris rantiyelerin ve tabii her zaman oldu\u011fu gibi, garibanlar\u0131n aras\u0131ndan havalan\u0131yor<\/p>\n","protected":false},"excerpt":{"rendered":"<p>\u201cBir \u00e7ift \u00f6l\u00fc g\u00f6z g\u00f6zlerinin i\u00e7ine dikilmi\u015f, \u00f6b\u00fcr d\u00fcnyadan buna bak\u0131yordu sanki. Ve ne kadar kibar konu\u015fuyordu \u00f6l\u00fc. K\u0131l\u0131\u011f\u0131na bak, ya otopark de\u011fnek\u00e7isi ya durak k\u00e2hyas\u0131d\u0131r<span class=\"excerpt-hellip\"> [\u2026]<\/span><\/p>\n","protected":false},"featured_media":0,"template":"","meta":{"_monsterinsights_skip_tracking":false,"_monsterinsights_sitenote_active":false,"_monsterinsights_sitenote_note":"","_monsterinsights_sitenote_category":0},"product_brand":[],"product_cat":[12291,12292],"product_tag":[],"class_list":{"0":"post-697551","1":"product","2":"type-product","3":"status-publish","5":"product_cat-edebiyat","6":"product_cat-turk-edebiyati","7":"pa_cilt-ciltsiz","8":"pa_tur-kitap","9":"pa_yayinevi-iletisim-yayinlari","10":"pa_yazar-sezgin-kaymaz","12":"first","13":"instock","14":"sale","15":"shipping-taxable","16":"purchasable","17":"product-type-simple"},"_links":{"self":[{"href":"https:\/\/roveyayinevi.com.tr\/index.php\/wp-json\/wp\/v2\/product\/697551","targetHints":{"allow":["GET"]}}],"collection":[{"href":"https:\/\/roveyayinevi.com.tr\/index.php\/wp-json\/wp\/v2\/product"}],"about":[{"href":"https:\/\/roveyayinevi.com.tr\/index.php\/wp-json\/wp\/v2\/types\/product"}],"wp:attachment":[{"href":"https:\/\/roveyayinevi.com.tr\/index.php\/wp-json\/wp\/v2\/media?parent=697551"}],"wp:term":[{"taxonomy":"product_brand","embeddable":true,"href":"https:\/\/roveyayinevi.com.tr\/index.php\/wp-json\/wp\/v2\/product_brand?post=697551"},{"taxonomy":"product_cat","embeddable":true,"href":"https:\/\/roveyayinevi.com.tr\/index.php\/wp-json\/wp\/v2\/product_cat?post=697551"},{"taxonomy":"product_tag","embeddable":true,"href":"https:\/\/roveyayinevi.com.tr\/index.php\/wp-json\/wp\/v2\/product_tag?post=697551"}],"curies":[{"name":"wp","href":"https:\/\/api.w.org\/{rel}","templated":true}]}}