{"id":697542,"date":"2025-08-27T14:40:33","date_gmt":"2025-08-27T11:40:33","guid":{"rendered":"https:\/\/roveyayinevi.com.tr\/index.php\/urun\/canavar-pesinde-serisi-06-alev-kusu-epos-beast-quest-epos-the-flame-bird\/"},"modified":"2026-04-16T02:07:17","modified_gmt":"2026-04-15T23:07:17","slug":"canavar-pesinde-serisi-06-alev-kusu-epos-beast-quest-epos-the-flame-bird","status":"publish","type":"product","link":"https:\/\/roveyayinevi.com.tr\/index.php\/urun\/canavar-pesinde-serisi-06-alev-kusu-epos-beast-quest-epos-the-flame-bird\/","title":{"rendered":"Canavar Pe\u015finde Serisi 06 &#8211; Alev Ku\u015fu Epos (Beast Quest Epos The Flame Bird)"},"content":{"rendered":"<p>Avantia\u2019y\u0131 korumakta olan alt\u0131 canavar var: Ate\u015f Ejderhas\u0131 Ferno, Deniz Y\u0131lan\u0131 Sepron, Da\u011f Trol\u00fc Arkta, At-Adam Tagus, Kar Canavar\u0131 Nanuk ve Alev Ku\u015fu Epos. Bu canavarlar, Kara B\u00fcy\u00fcc\u00fc Malvel\u2019in yapt\u0131\u011f\u0131 k\u00f6t\u00fc b\u00fcy\u00fc nedeniyle, bir zamanlar koruduklar\u0131 topraklar\u0131 yerle bir etmeye ba\u015flad\u0131lar. Tom, \u015fimdi Canavarlar\u0131n en korkuncu oldu\u011fu s\u00f6ylenen Alev Ku\u015fu Epos ile kar\u015f\u0131 kar\u015f\u0131ya. Epos\u2019u etkisi alt\u0131na alan k\u00f6t\u00fc b\u00fcy\u00fcy\u00fc bozmas\u0131 \u015fart. Yoksa Avantia\u2019y\u0131 kurtaramayacak&#8230; <\/p>\n","protected":false},"excerpt":{"rendered":"<p>Avantia\u2019y\u0131 korumakta olan alt\u0131 canavar var: Ate\u015f Ejderhas\u0131 Ferno, Deniz Y\u0131lan\u0131 Sepron, Da\u011f Trol\u00fc Arkta, At-Adam Tagus, Kar Canavar\u0131 Nanuk ve Alev Ku\u015fu Epos. Bu canavarlar,<span class=\"excerpt-hellip\"> [\u2026]<\/span><\/p>\n","protected":false},"featured_media":0,"template":"","meta":{"_monsterinsights_skip_tracking":false,"_monsterinsights_sitenote_active":false,"_monsterinsights_sitenote_note":"","_monsterinsights_sitenote_category":0},"product_brand":[],"product_cat":[12891,12291],"product_tag":[],"class_list":{"0":"post-697542","1":"product","2":"type-product","3":"status-publish","5":"product_cat-amerikan-edebiyati","6":"product_cat-edebiyat","7":"pa_cilt-ciltsiz","8":"pa_tur-kitap","9":"pa_yayinevi-beyaz-balina-yayinlari","10":"pa_yazar-adam-blade","12":"first","13":"instock","14":"sale","15":"shipping-taxable","16":"purchasable","17":"product-type-simple"},"_links":{"self":[{"href":"https:\/\/roveyayinevi.com.tr\/index.php\/wp-json\/wp\/v2\/product\/697542","targetHints":{"allow":["GET"]}}],"collection":[{"href":"https:\/\/roveyayinevi.com.tr\/index.php\/wp-json\/wp\/v2\/product"}],"about":[{"href":"https:\/\/roveyayinevi.com.tr\/index.php\/wp-json\/wp\/v2\/types\/product"}],"wp:attachment":[{"href":"https:\/\/roveyayinevi.com.tr\/index.php\/wp-json\/wp\/v2\/media?parent=697542"}],"wp:term":[{"taxonomy":"product_brand","embeddable":true,"href":"https:\/\/roveyayinevi.com.tr\/index.php\/wp-json\/wp\/v2\/product_brand?post=697542"},{"taxonomy":"product_cat","embeddable":true,"href":"https:\/\/roveyayinevi.com.tr\/index.php\/wp-json\/wp\/v2\/product_cat?post=697542"},{"taxonomy":"product_tag","embeddable":true,"href":"https:\/\/roveyayinevi.com.tr\/index.php\/wp-json\/wp\/v2\/product_tag?post=697542"}],"curies":[{"name":"wp","href":"https:\/\/api.w.org\/{rel}","templated":true}]}}