{"id":697536,"date":"2025-08-27T14:40:31","date_gmt":"2025-08-27T11:40:31","guid":{"rendered":"https:\/\/roveyayinevi.com.tr\/index.php\/urun\/yaratilis-sirri-meryem-suresi-1-15-ayet\/"},"modified":"2026-04-16T02:07:17","modified_gmt":"2026-04-15T23:07:17","slug":"yaratilis-sirri-meryem-suresi-1-15-ayet","status":"publish","type":"product","link":"https:\/\/roveyayinevi.com.tr\/index.php\/urun\/yaratilis-sirri-meryem-suresi-1-15-ayet\/","title":{"rendered":"Yarat\u0131l\u0131\u015f S\u0131rr\u0131 &#8211; Meryem Suresi (1-15. Ayet)"},"content":{"rendered":"<p>Meryem S\u00fbresi yarat\u0131l\u0131\u015f hak\u00eekatini anlat\u0131rken, Allah\u2019\u0131n Rahman ve Rab isimlerinin tecell\u00eelerini ve du\u00e2n\u0131n hak\u00eekatini \u00f6\u011fretiyor. Her \u015feyin Allah\u2019\u0131n ezel\u00ee nasibi ile oldu\u011funu ama bu nasibin ortaya \u00e7\u0131kmas\u0131 i\u00e7in gayretin gereklili\u011fini \u00f6\u011freten y\u00fcce Allah\u2019\u0131n, her an hareket halinde olman\u0131n Allah\u2019\u0131n isim ve s\u0131fatlar\u0131n\u0131 idrak i\u00e7in mecburiyet oldu\u011funu anlat\u0131yor. Ken\u2019an er-Rif\u00e2\u00ee:  Bulundu\u011fun yerde kalma ileri ge\u00e7, ge\u00e7 ne kadar ge\u00e7ersen ge\u00e7 yoksa \u00f6mr\u00fcn\u00fcn ge\u00e7mesi mezara yakla\u015fman olmas\u0131n. Y\u00fcr\u00fc, d\u00e2ima y\u00fcr\u00fc. E\u011fer \u00f6l\u00fcm seni yolda iken yakalarsa onu Allah bilir. Yeter ki dururken olmas\u0131n  buyuruyor. Res\u00fblullah ise:  Bir g\u00fcn\u00fcn\u00fc di\u011fer g\u00fcn\u00fcyle m\u00fcs\u00e2v\u00ee ge\u00e7iren ki\u015fiye yaz\u0131kt\u0131r  diyor. \u0130\u015fte, ilerlemeyi sa\u011flayan \u015f\u00fcphesiz m\u00fcr\u015fid-i k\u00e2mildir ve Meryem S\u00fbresi; \u00e7al\u0131\u015ft\u0131\u011f\u0131m\u0131z \u00e2yetler i\u00e7inde k\u00e2mil insan\u0131, ondaki tecell\u00eeyi, onda \u00e2\u015fik\u00e2r olan Hayy ismini \u00f6\u011fretir. Velh\u00e2s\u0131l b\u00fct\u00fcn \u00e7al\u0131\u015fmalar\u0131m\u0131z i\u00e7inde en ziy\u00e2de zevk ald\u0131\u011f\u0131m\u0131z bu on be\u015f \u00e2yetin g\u00f6nl\u00fcm\u00fczde n\u00fbr-u il\u00e2hi\u2019yi uyand\u0131rarak, bizi \u0130sl\u00e2m n\u00fbruna eri\u015ftirmesi niy\u00e2z\u0131yla&#8230; <\/p>\n","protected":false},"excerpt":{"rendered":"<p>Meryem S\u00fbresi yarat\u0131l\u0131\u015f hak\u00eekatini anlat\u0131rken, Allah\u2019\u0131n Rahman ve Rab isimlerinin tecell\u00eelerini ve du\u00e2n\u0131n hak\u00eekatini \u00f6\u011fretiyor. Her \u015feyin Allah\u2019\u0131n ezel\u00ee nasibi ile oldu\u011funu ama bu nasibin ortaya<span class=\"excerpt-hellip\"> [\u2026]<\/span><\/p>\n","protected":false},"featured_media":0,"template":"","meta":{"_monsterinsights_skip_tracking":false,"_monsterinsights_sitenote_active":false,"_monsterinsights_sitenote_note":"","_monsterinsights_sitenote_category":0},"product_brand":[],"product_cat":[12718,12719,17284],"product_tag":[],"class_list":{"0":"post-697536","1":"product","2":"type-product","3":"status-publish","5":"product_cat-din","6":"product_cat-islam","7":"product_cat-kuran-ve-kuran-uzerine","8":"pa_tur-dergi","9":"pa_yayinevi-nefes-yayincilik","10":"pa_yazar-cemalnur-sargut","12":"first","13":"instock","14":"sale","15":"shipping-taxable","16":"purchasable","17":"product-type-simple"},"_links":{"self":[{"href":"https:\/\/roveyayinevi.com.tr\/index.php\/wp-json\/wp\/v2\/product\/697536","targetHints":{"allow":["GET"]}}],"collection":[{"href":"https:\/\/roveyayinevi.com.tr\/index.php\/wp-json\/wp\/v2\/product"}],"about":[{"href":"https:\/\/roveyayinevi.com.tr\/index.php\/wp-json\/wp\/v2\/types\/product"}],"wp:attachment":[{"href":"https:\/\/roveyayinevi.com.tr\/index.php\/wp-json\/wp\/v2\/media?parent=697536"}],"wp:term":[{"taxonomy":"product_brand","embeddable":true,"href":"https:\/\/roveyayinevi.com.tr\/index.php\/wp-json\/wp\/v2\/product_brand?post=697536"},{"taxonomy":"product_cat","embeddable":true,"href":"https:\/\/roveyayinevi.com.tr\/index.php\/wp-json\/wp\/v2\/product_cat?post=697536"},{"taxonomy":"product_tag","embeddable":true,"href":"https:\/\/roveyayinevi.com.tr\/index.php\/wp-json\/wp\/v2\/product_tag?post=697536"}],"curies":[{"name":"wp","href":"https:\/\/api.w.org\/{rel}","templated":true}]}}