{"id":697535,"date":"2025-08-27T14:40:31","date_gmt":"2025-08-27T11:40:31","guid":{"rendered":"https:\/\/roveyayinevi.com.tr\/index.php\/urun\/tasavvuf-ilmine-giris\/"},"modified":"2026-04-16T02:07:17","modified_gmt":"2026-04-15T23:07:17","slug":"tasavvuf-ilmine-giris","status":"publish","type":"product","link":"https:\/\/roveyayinevi.com.tr\/index.php\/urun\/tasavvuf-ilmine-giris\/","title":{"rendered":"Tasavvuf \u0130lmine Giri\u015f"},"content":{"rendered":"<p>XIII. asr\u0131n son yar\u0131s\u0131 ile XIV. asr\u0131n ilk yar\u0131s\u0131nda ya\u015fam\u0131\u015f olan D\u00e2v\u00fbd el-Kayser\u00ee, \u0130bn\u00fc\u2019l-Arab\u00ee sonras\u0131 tasavvufunun en \u00f6nemli konusu olan vahdet-i v\u00fcc\u00fbd anlay\u0131\u015f\u0131n\u0131 felsefi bir dil kullanarak anlatm\u0131\u015ft\u0131r. Bu y\u00f6n\u00fcyle, teorik bilgi ile ke\u015ff\u00ee ilmi birle\u015ftiren tefekk\u00fcr tarz\u0131na sahip \u0130sl\u00e2m \u00e2limlerinin ba\u015f\u0131nda gelmektedir. Osmanl\u0131 Devleti\u2019nde kurulan ilk medresenin ba\u015fm\u00fcderrisi olan Davud el-Kayser\u00ee\u2019nin varl\u0131\u011fa ili\u015fkin tasavvuf\u00ee yorumu \u0130ran, Arap ve Hint k\u00fclt\u00fcrleri \u00fczerinde derin etkiye sahiptir.  Tasavvuf \u0130lmine Giri\u015f  ismi ile yay\u0131nlanan elinizdeki eser D\u00e2v\u00fbd el-Kayser\u00ee\u2019nin iki ris\u00e2lesinin terc\u00fcmesinden olu\u015fmaktad\u0131r. \u0130lk ris\u00e2lede tasavvuf ilminin tan\u0131m\u0131, hakk\u0131n isim ve s\u0131fatlar\u0131, varl\u0131\u011f\u0131n mertebeleri, peygamberlik, velilik, cem, tevhid ve hilafet gibi kavramlar vahdet-i v\u00fccud anlay\u0131\u015f\u0131 ile a\u00e7\u0131klanmaktad\u0131r. Di\u011fer ris\u00e2le ise ayn\u0131 zamanda D\u00e2v\u00fbd el-Kayser\u00ee\u2019nin \u015feyhi olan Abd\u00fcrrezzak K\u00e2\u015f\u00e2n\u00ee\u2019nin vahdet-i v\u00fcc\u00fbd anlay\u0131\u015f\u0131 \u00e7er\u00e7evesinde telif etti\u011fi Kur\u2019an tefsirinin ilk c\u00fcmlesinin \u015ferhidir. <\/p>\n","protected":false},"excerpt":{"rendered":"<p>XIII. asr\u0131n son yar\u0131s\u0131 ile XIV. asr\u0131n ilk yar\u0131s\u0131nda ya\u015fam\u0131\u015f olan D\u00e2v\u00fbd el-Kayser\u00ee, \u0130bn\u00fc\u2019l-Arab\u00ee sonras\u0131 tasavvufunun en \u00f6nemli konusu olan vahdet-i v\u00fcc\u00fbd anlay\u0131\u015f\u0131n\u0131 felsefi bir dil<span class=\"excerpt-hellip\"> [\u2026]<\/span><\/p>\n","protected":false},"featured_media":0,"template":"","meta":{"_monsterinsights_skip_tracking":false,"_monsterinsights_sitenote_active":false,"_monsterinsights_sitenote_note":"","_monsterinsights_sitenote_category":0},"product_brand":[],"product_cat":[12718,12719,12720],"product_tag":[],"class_list":{"0":"post-697535","1":"product","2":"type-product","3":"status-publish","5":"product_cat-din","6":"product_cat-islam","7":"product_cat-tasavvuf-mezhepler-tarikatlar","8":"pa_tur-kitap","9":"pa_yayinevi-nefes-yayincilik","10":"pa_yazar-davud-el-kayseri","12":"first","13":"instock","14":"sale","15":"shipping-taxable","16":"purchasable","17":"product-type-simple"},"_links":{"self":[{"href":"https:\/\/roveyayinevi.com.tr\/index.php\/wp-json\/wp\/v2\/product\/697535","targetHints":{"allow":["GET"]}}],"collection":[{"href":"https:\/\/roveyayinevi.com.tr\/index.php\/wp-json\/wp\/v2\/product"}],"about":[{"href":"https:\/\/roveyayinevi.com.tr\/index.php\/wp-json\/wp\/v2\/types\/product"}],"wp:attachment":[{"href":"https:\/\/roveyayinevi.com.tr\/index.php\/wp-json\/wp\/v2\/media?parent=697535"}],"wp:term":[{"taxonomy":"product_brand","embeddable":true,"href":"https:\/\/roveyayinevi.com.tr\/index.php\/wp-json\/wp\/v2\/product_brand?post=697535"},{"taxonomy":"product_cat","embeddable":true,"href":"https:\/\/roveyayinevi.com.tr\/index.php\/wp-json\/wp\/v2\/product_cat?post=697535"},{"taxonomy":"product_tag","embeddable":true,"href":"https:\/\/roveyayinevi.com.tr\/index.php\/wp-json\/wp\/v2\/product_tag?post=697535"}],"curies":[{"name":"wp","href":"https:\/\/api.w.org\/{rel}","templated":true}]}}