{"id":697534,"date":"2025-08-27T14:40:30","date_gmt":"2025-08-27T11:40:30","guid":{"rendered":"https:\/\/roveyayinevi.com.tr\/index.php\/urun\/ikinci-dunya-savasi-turkiyesi-2-cilt-iktisadi-politikalari-ve-uygulamalariyla\/"},"modified":"2026-04-08T02:09:57","modified_gmt":"2026-04-07T23:09:57","slug":"ikinci-dunya-savasi-turkiyesi-2-cilt-iktisadi-politikalari-ve-uygulamalariyla","status":"publish","type":"product","link":"https:\/\/roveyayinevi.com.tr\/index.php\/urun\/ikinci-dunya-savasi-turkiyesi-2-cilt-iktisadi-politikalari-ve-uygulamalariyla\/","title":{"rendered":"\u0130kinci D\u00fcnya Sava\u015f\u0131 T\u00fcrkiyesi 2. Cilt: \u0130ktisadi Politikalar\u0131 ve Uygulamalar\u0131yla"},"content":{"rendered":"<p>\u0130kinci D\u00fcnya Sava\u015f\u0131, sadece sava\u015fan \u00fclkelerin de\u011fil sava\u015fa girmeyenlerin de ekonomisini alt \u00fcst etti. B\u00fct\u00fcn ekonomilerin sava\u015fekonomisine d\u00f6n\u00fc\u015fmesi, topyek\u00fbn sava\u015f\u0131n bir ger\u00e7e\u011fiydi. Birinci D\u00fcnya Sava\u015f\u0131\u2019ndan harap \u00e7\u0131km\u0131\u015f ve kalk\u0131nmaya \u00e7abalayan T\u00fcrkiye,d\u0131\u015f\u0131nda durdu\u011fu bu sava\u015ftan ola\u011fan\u00fcst\u00fc etkilendi. \u0130lhan Tekeli ve Selim \u0130lkin, eserlerinin ikinci cildinde, T\u00fcrkiye\u2019nin\u0130kinci D\u00fcnya Sava\u015f\u0131 maceras\u0131n\u0131n ekonomik yan\u0131n\u0131 inceliyorlar. Al\u0131nan \u00f6nlemler, ya\u015fanan k\u0131tl\u0131klar, hayat pahal\u0131l\u0131\u011f\u0131, yolsuzluklar, kuyruklar, t\u00fcketim k\u0131s\u0131tlamalar\u0131, karne uygulamalar\u0131, emek rejimindeki yeni d\u00fczenlemeler&#8230; D\u0131\u015f ticaretteki ve sanayi \u00fcretimindeki geli\u015fmeler&#8230; T\u00fcrkiye ekonomisinin izleyen on y\u0131llar\u0131na da damgas\u0131n\u0131 vuran bu \u00f6zel d\u00f6nemi mercek alt\u0131na alan bir inceleme. <\/p>\n","protected":false},"excerpt":{"rendered":"<p>\u0130kinci D\u00fcnya Sava\u015f\u0131, sadece sava\u015fan \u00fclkelerin de\u011fil sava\u015fa girmeyenlerin de ekonomisini alt \u00fcst etti. B\u00fct\u00fcn ekonomilerin sava\u015fekonomisine d\u00f6n\u00fc\u015fmesi, topyek\u00fbn sava\u015f\u0131n bir ger\u00e7e\u011fiydi. Birinci D\u00fcnya Sava\u015f\u0131\u2019ndan harap<span class=\"excerpt-hellip\"> [\u2026]<\/span><\/p>\n","protected":false},"featured_media":0,"template":"","meta":{"_monsterinsights_skip_tracking":false,"_monsterinsights_sitenote_active":false,"_monsterinsights_sitenote_note":"","_monsterinsights_sitenote_category":0},"product_brand":[],"product_cat":[12312,12304],"product_tag":[],"class_list":{"0":"post-697534","1":"product","2":"type-product","3":"status-publish","5":"product_cat-diger","6":"product_cat-tarih","7":"pa_cilt-ciltsiz","8":"pa_tur-kitap","9":"pa_yayinevi-iletisim-yayinlari","10":"pa_yazar-ilhan-tekeli","11":"pa_yazar-selim-ilkin","13":"first","14":"instock","15":"sale","16":"shipping-taxable","17":"purchasable","18":"product-type-simple"},"_links":{"self":[{"href":"https:\/\/roveyayinevi.com.tr\/index.php\/wp-json\/wp\/v2\/product\/697534","targetHints":{"allow":["GET"]}}],"collection":[{"href":"https:\/\/roveyayinevi.com.tr\/index.php\/wp-json\/wp\/v2\/product"}],"about":[{"href":"https:\/\/roveyayinevi.com.tr\/index.php\/wp-json\/wp\/v2\/types\/product"}],"wp:attachment":[{"href":"https:\/\/roveyayinevi.com.tr\/index.php\/wp-json\/wp\/v2\/media?parent=697534"}],"wp:term":[{"taxonomy":"product_brand","embeddable":true,"href":"https:\/\/roveyayinevi.com.tr\/index.php\/wp-json\/wp\/v2\/product_brand?post=697534"},{"taxonomy":"product_cat","embeddable":true,"href":"https:\/\/roveyayinevi.com.tr\/index.php\/wp-json\/wp\/v2\/product_cat?post=697534"},{"taxonomy":"product_tag","embeddable":true,"href":"https:\/\/roveyayinevi.com.tr\/index.php\/wp-json\/wp\/v2\/product_tag?post=697534"}],"curies":[{"name":"wp","href":"https:\/\/api.w.org\/{rel}","templated":true}]}}

İkinci Dünya Savaşı Türkiyesi 2. Cilt: İktisadi Politikaları ve Uygulamalarıyla

<p>İkinci Dünya Savaşı, sadece savaşan ülkelerin değil savaşa girmeyenlerin de ekonomisini alt üst etti. Bütün ekonomilerin savaşekonomisine dönüşmesi, topyekûn savaşın bir gerçeğiydi. Birinci Dünya Savaşı’ndan harap çıkmış ve kalkınmaya çabalayan Türkiye,dışında durduğu bu savaştan olağanüstü etkilendi. İlhan Tekeli ve Selim İlkin, eserlerinin ikinci cildinde, Türkiye’ninİkinci Dünya Savaşı macerasının ekonomik yanını inceliyorlar. Alınan önlemler, yaşanan kıtlıklar, hayat pahalılığı, yolsuzluklar, kuyruklar, tüketim kısıtlamaları, karne uygulamaları, emek rejimindeki yeni düzenlemeler&#8230; Dış ticaretteki ve sanayi üretimindeki gelişmeler&#8230; Türkiye ekonomisinin izleyen on yıllarına da damgasını vuran bu özel dönemi mercek altına alan bir inceleme. </p>

<p>İkinci Dünya Savaşı, sadece savaşan ülkelerin değil savaşa girmeyenlerin de ekonomisini alt üst etti. Bütün ekonomilerin savaşekonomisine dönüşmesi, topyekûn savaşın bir gerçeğiydi. Birinci Dünya Savaşı’ndan harap<span class="excerpt-hellip"> […]</span></p>
