{"id":697520,"date":"2025-08-27T14:40:26","date_gmt":"2025-08-27T11:40:26","guid":{"rendered":"https:\/\/roveyayinevi.com.tr\/index.php\/urun\/hirsizin-gunlugu\/"},"modified":"2026-04-16T02:07:16","modified_gmt":"2026-04-15T23:07:16","slug":"hirsizin-gunlugu","status":"publish","type":"product","link":"https:\/\/roveyayinevi.com.tr\/index.php\/urun\/hirsizin-gunlugu\/","title":{"rendered":"H\u0131rs\u0131z\u0131n G\u00fcnl\u00fc\u011f\u00fc"},"content":{"rendered":"<p>Jean Genet. \u00c7ocuklu\u011funda \u2018pi\u00e7\u2019 ve \u00f6ks\u00fcz. B\u00fcy\u00fcd\u00fc\u011f\u00fcnde \u2018h\u0131rs\u0131z\u2019, e\u015fcinsel ve yazar. Babas\u0131n\u0131n kim oldu\u011fu belli de\u011fildi.  Annesi ise onu do\u011far do\u011fmaz terk etti. K\u00fc\u00e7\u00fckl\u00fc\u011f\u00fcn\u00fc ge\u00e7irdi\u011fi yetimhaneden 10 ya\u015f\u0131nda ka\u00e7t\u0131. T\u0131pk\u0131 daha sonra yerle\u015ftirildi\u011fi her yerden ve kat\u0131ld\u0131\u011f\u0131 s\u00f6m\u00fcrge birliklerinden ka\u00e7t\u0131\u011f\u0131 gibi&#8230; Hayat\u0131n\u0131 Avrupa\u2019n\u0131n \u00e7e\u015fitli \u00fclkelerinde h\u0131rs\u0131zl\u0131k, ka\u00e7ak\u00e7\u0131l\u0131k gibi su\u00e7lar i\u015fleyerek s\u00fcrd\u00fcrd\u00fc. S\u0131k s\u0131k hapse girdi. Fransa\u2019da h\u0131rs\u0131zl\u0131k su\u00e7undan onuncu kez yarg\u0131lanmas\u0131 sonucu m\u00fcebbet hapse mahk\u00fbm edildi. Yazd\u0131\u011f\u0131 ilk roman Andr\u00e9 Gide, Jean Cocteau ve Jean-Paul Sartre gibi \u00fcnl\u00fc yazarlar\u0131n dikkatini \u00e7ekince, bu yazarlar\u0131n cumhurba\u015fkan\u0131na verdikleri dilek\u00e7eyle cezas\u0131 affedildi. Fransa\u2019daki toplumsal hareketlerden Filistin m\u00fccadelesine, Amerika\u2019daki Kara Panterler hareketine kadar \u00e7ok say\u0131dam\u00fccadeleye, anar\u015fizan bir tav\u0131rla destek verdi. Daha \u00e7ok romanlar ve tiyatro eserleri kaleme alm\u0131\u015f bir yazar olan Genet, H\u0131rs\u0131z\u0131n G\u00fcnl\u00fc\u011f\u00fc\u2019nde otobiyografik \u00f6\u011felere \u00f6n planda yer vermi\u015ftir. Ya\u015fam\u0131n en \u00fccra k\u00f6\u015felerine, h\u0131rs\u0131zlar\u0131n, fahi\u015felerin, e\u015fcinsellerin, pezevenklerin d\u00fcnyas\u0131na son derece \u015fiirsel bir dille, derin ve incelikli ruhsal \u00e7\u00f6z\u00fcmlemelerle n\u00fcfuz eden H\u0131rs\u0131z\u0131n G\u00fcnl\u00fc\u011f\u00fc, ayn\u0131 zamanda erkek bedenine d\u00fcz\u00fclm\u00fc\u015f en edebi \u00f6vg\u00fclere rastlan\u0131lan bir yap\u0131tt\u0131r.Erkek egemen toplumun iktidar\u0131na, s\u00f6ylemlerine ve davran\u0131\u015f kodlar\u0131na hem \u2018kar\u015f\u0131\u2019dan meydan okumu\u015f, hem de bu iktidar\u0131n \u2018erkek\u2019 ve \u2018polis\u2019 nitelikleriyle \u00f6zde\u015fle\u015fmenin k\u00fc\u00e7\u00fclt\u00fcc\u00fc hazz\u0131n\u0131 ya\u015fam\u0131\u015f olan Genet, kendi deyimiyle \u2018korkak, hain, h\u0131rs\u0131z ve e\u015fcinsel\u2019dir. O, a\u015fa\u011f\u0131lanman\u0131n ve kendini a\u015fa\u011f\u0131laman\u0131n en \u00fcst mertebesinde bir \u2018aziz\u2019 gibi dolan\u0131rken, tamamen d\u0131\u015f\u0131nda kald\u0131\u011f\u0131 \u2018bizim d\u00fcnyam\u0131z\u2019a tuttu\u011fu aynada, ahlakd\u0131\u015f\u0131l\u0131\u011f\u0131n, ihanetin, \u015fiddetin imgelerini bir ge\u00e7it t\u00f6reni g\u00f6rkemi i\u00e7inde seyrettirir.Yeralt\u0131nda ya\u015fayan, toplum d\u0131\u015f\u0131 bu \u2018serseri\u2019nin hayat\u0131, bir\u00e7ok insan\u0131n dokunmaya bile cesaret edemedi\u011fi kimi de\u011ferlere hayat\u0131n i\u00e7inden yap\u0131lan bir sald\u0131r\u0131d\u0131r. Bu hayat H\u0131rs\u0131z\u0131n G\u00fcnl\u00fc\u011f\u00fc\u2019nde bir \u015fiire, fakat vah\u015fi bir \u015fiire d\u00f6n\u00fc\u015fm\u00fc\u015ft\u00fcr.H\u0131rs\u0131z\u0131n G\u00fcnl\u00fc\u011f\u00fc, yan\u0131ba\u015f\u0131m\u0131zda duran ve g\u00f6rmezden gelinen bir d\u00fcnyan\u0131n i\u00e7erden betimleni\u015fidir. Yasad\u0131\u015f\u0131n\u0131n esteti\u011fiyle tan\u0131\u015fmak i\u00e7in&#8230;<\/p>\n","protected":false},"excerpt":{"rendered":"<p>Jean Genet. \u00c7ocuklu\u011funda \u2018pi\u00e7\u2019 ve \u00f6ks\u00fcz. B\u00fcy\u00fcd\u00fc\u011f\u00fcnde \u2018h\u0131rs\u0131z\u2019, e\u015fcinsel ve yazar. Babas\u0131n\u0131n kim oldu\u011fu belli de\u011fildi. Annesi ise onu do\u011far do\u011fmaz terk etti. K\u00fc\u00e7\u00fckl\u00fc\u011f\u00fcn\u00fc ge\u00e7irdi\u011fi yetimhaneden<span class=\"excerpt-hellip\"> [\u2026]<\/span><\/p>\n","protected":false},"featured_media":0,"template":"","meta":{"_monsterinsights_skip_tracking":false,"_monsterinsights_sitenote_active":false,"_monsterinsights_sitenote_note":"","_monsterinsights_sitenote_category":0},"product_brand":[],"product_cat":[12291,13376],"product_tag":[],"class_list":{"0":"post-697520","1":"product","2":"type-product","3":"status-publish","5":"product_cat-edebiyat","6":"product_cat-fransiz-edebiyati","7":"pa_cilt-ciltsiz","8":"pa_tur-kitap","9":"pa_yayinevi-ayrinti-yayinlari","10":"pa_yazar-jean-genet","12":"first","13":"instock","14":"sale","15":"shipping-taxable","16":"purchasable","17":"product-type-simple"},"_links":{"self":[{"href":"https:\/\/roveyayinevi.com.tr\/index.php\/wp-json\/wp\/v2\/product\/697520","targetHints":{"allow":["GET"]}}],"collection":[{"href":"https:\/\/roveyayinevi.com.tr\/index.php\/wp-json\/wp\/v2\/product"}],"about":[{"href":"https:\/\/roveyayinevi.com.tr\/index.php\/wp-json\/wp\/v2\/types\/product"}],"wp:attachment":[{"href":"https:\/\/roveyayinevi.com.tr\/index.php\/wp-json\/wp\/v2\/media?parent=697520"}],"wp:term":[{"taxonomy":"product_brand","embeddable":true,"href":"https:\/\/roveyayinevi.com.tr\/index.php\/wp-json\/wp\/v2\/product_brand?post=697520"},{"taxonomy":"product_cat","embeddable":true,"href":"https:\/\/roveyayinevi.com.tr\/index.php\/wp-json\/wp\/v2\/product_cat?post=697520"},{"taxonomy":"product_tag","embeddable":true,"href":"https:\/\/roveyayinevi.com.tr\/index.php\/wp-json\/wp\/v2\/product_tag?post=697520"}],"curies":[{"name":"wp","href":"https:\/\/api.w.org\/{rel}","templated":true}]}}