{"id":697516,"date":"2025-08-27T14:40:25","date_gmt":"2025-08-27T11:40:25","guid":{"rendered":"https:\/\/roveyayinevi.com.tr\/index.php\/urun\/zulkarneyn\/"},"modified":"2026-04-16T02:07:16","modified_gmt":"2026-04-15T23:07:16","slug":"zulkarneyn","status":"publish","type":"product","link":"https:\/\/roveyayinevi.com.tr\/index.php\/urun\/zulkarneyn\/","title":{"rendered":"Z\u00fclkarneyn"},"content":{"rendered":"<p>Bug\u00fcne kadar do\u011fuya, bat\u0131ya ve kuzeye seferler d\u00fczenlemi\u015f ve yery\u00fcz\u00fcn\u00fcn b\u00fcy\u00fck bir b\u00f6l\u00fcm\u00fcn\u00fc ele ge\u00e7irmi\u015f cihangir bir kral olarak d\u00fc\u015f\u00fcn\u00fclen Z\u00fclkarneyn, uzaya seyahat etmi\u015f olabilir mi? Z\u00fclkarneyn&#8217;in birinci seyahatini yapt\u0131\u011f\u0131 Solar Apeks te bir karadelik olma ihtimalinden s\u00f6z edilebilir mi? Z\u00fclkarneyn \u00e2yetleri \u0131\u015f\u0131\u011f\u0131nda k\u0131yametimizin nas\u0131l kopaca\u011f\u0131n\u0131 anl\u0131yoruz. Z\u00fclkarneyn&#8217;in ikinci seyahatini yapt\u0131\u011f\u0131 Solar Antapeks y\u00f6n\u00fcnde ak\u0131ll\u0131 canl\u0131lar\u0131n ya\u015fad\u0131\u011f\u0131 sistem, Alfa Centauri olabilir mi? Kur&#8217;an, k\u0131yamete yak\u0131n d\u00fcnyaya sald\u0131rarak b\u00fct\u00fcn insanlar\u0131 yok etmeye \u00e7al\u0131\u015facak Ye&#8217;c\u00fcc-Me&#8217;c\u00fcc isimli yarat\u0131klar\u0131n uzaydaki yerini tarif mi ediyor?Z\u00fclkarneyn&#8217;in Ye&#8217;c\u00fcc-Me&#8217;c\u00fcc isimli yarat\u0131klar\u0131n \u00f6n\u00fcne \u00e7ekti\u011fi set nas\u0131l bir settir? Yery\u00fcz\u00fcnde b\u00f6yle bir set var m\u0131d\u0131r? \ufffcTan\u0131t\u0131m Metni<\/p>\n","protected":false},"excerpt":{"rendered":"<p>Bug\u00fcne kadar do\u011fuya, bat\u0131ya ve kuzeye seferler d\u00fczenlemi\u015f ve yery\u00fcz\u00fcn\u00fcn b\u00fcy\u00fck bir b\u00f6l\u00fcm\u00fcn\u00fc ele ge\u00e7irmi\u015f cihangir bir kral olarak d\u00fc\u015f\u00fcn\u00fclen Z\u00fclkarneyn, uzaya seyahat etmi\u015f olabilir mi?<span class=\"excerpt-hellip\"> [\u2026]<\/span><\/p>\n","protected":false},"featured_media":0,"template":"","meta":{"_monsterinsights_skip_tracking":false,"_monsterinsights_sitenote_active":false,"_monsterinsights_sitenote_note":"","_monsterinsights_sitenote_category":0},"product_brand":[],"product_cat":[12718,12719,15238],"product_tag":[],"class_list":{"0":"post-697516","1":"product","2":"type-product","3":"status-publish","5":"product_cat-din","6":"product_cat-islam","7":"product_cat-tasavvuf","8":"pa_cilt-ciltsiz","9":"pa_tur-kitap","10":"pa_yayinevi-otuken-nesriyat","11":"pa_yazar-iskender-ture","13":"first","14":"instock","15":"sale","16":"shipping-taxable","17":"purchasable","18":"product-type-simple"},"_links":{"self":[{"href":"https:\/\/roveyayinevi.com.tr\/index.php\/wp-json\/wp\/v2\/product\/697516","targetHints":{"allow":["GET"]}}],"collection":[{"href":"https:\/\/roveyayinevi.com.tr\/index.php\/wp-json\/wp\/v2\/product"}],"about":[{"href":"https:\/\/roveyayinevi.com.tr\/index.php\/wp-json\/wp\/v2\/types\/product"}],"wp:attachment":[{"href":"https:\/\/roveyayinevi.com.tr\/index.php\/wp-json\/wp\/v2\/media?parent=697516"}],"wp:term":[{"taxonomy":"product_brand","embeddable":true,"href":"https:\/\/roveyayinevi.com.tr\/index.php\/wp-json\/wp\/v2\/product_brand?post=697516"},{"taxonomy":"product_cat","embeddable":true,"href":"https:\/\/roveyayinevi.com.tr\/index.php\/wp-json\/wp\/v2\/product_cat?post=697516"},{"taxonomy":"product_tag","embeddable":true,"href":"https:\/\/roveyayinevi.com.tr\/index.php\/wp-json\/wp\/v2\/product_tag?post=697516"}],"curies":[{"name":"wp","href":"https:\/\/api.w.org\/{rel}","templated":true}]}}