{"id":697512,"date":"2025-08-27T14:40:24","date_gmt":"2025-08-27T11:40:24","guid":{"rendered":"https:\/\/roveyayinevi.com.tr\/index.php\/urun\/birey-nedir\/"},"modified":"2026-04-16T02:07:16","modified_gmt":"2026-04-15T23:07:16","slug":"birey-nedir","status":"publish","type":"product","link":"https:\/\/roveyayinevi.com.tr\/index.php\/urun\/birey-nedir\/","title":{"rendered":"Birey Nedir?"},"content":{"rendered":"<p>Marksizm ya da \u00f6zdek\u00e7i (maddeci) tarih g\u00f6r\u00fc\u015f\u00fc, bir bu\u00e7uk y\u00fczy\u0131l\u0131 a\u015fk\u0131n bir s\u00fcre i\u00e7inde, toplum bilimlerine \u00e7ok \u00f6nemli katk\u0131larda bulunmu\u015ftur. Bu katk\u0131lar bug\u00fcn de s\u00fcr\u00fcyor. Buna kar\u015f\u0131l\u0131k, toplum bilimlerine katk\u0131lar\u0131yla kar\u015f\u0131la\u015ft\u0131r\u0131ld\u0131\u011f\u0131nda, Marksizmin birey bilimlerine katk\u0131s\u0131 son derece c\u0131l\u0131z kalm\u0131\u015ft\u0131r. Bu kitap, i\u015fte g\u00f6rece bo\u015f olan bu alanda bir s\u00f6z s\u00f6yleme denemesidir. \ufffcTan\u0131t\u0131m Metni<\/p>\n","protected":false},"excerpt":{"rendered":"<p>Marksizm ya da \u00f6zdek\u00e7i (maddeci) tarih g\u00f6r\u00fc\u015f\u00fc, bir bu\u00e7uk y\u00fczy\u0131l\u0131 a\u015fk\u0131n bir s\u00fcre i\u00e7inde, toplum bilimlerine \u00e7ok \u00f6nemli katk\u0131larda bulunmu\u015ftur. Bu katk\u0131lar bug\u00fcn de s\u00fcr\u00fcyor. Buna<span class=\"excerpt-hellip\"> [\u2026]<\/span><\/p>\n","protected":false},"featured_media":0,"template":"","meta":{"_monsterinsights_skip_tracking":false,"_monsterinsights_sitenote_active":false,"_monsterinsights_sitenote_note":"","_monsterinsights_sitenote_category":0},"product_brand":[],"product_cat":[12312,12304],"product_tag":[],"class_list":{"0":"post-697512","1":"product","2":"type-product","3":"status-publish","5":"product_cat-diger","6":"product_cat-tarih","7":"pa_cilt-ciltsiz","8":"pa_tur-kitap","9":"pa_yayinevi-yordam-kitap","10":"pa_yazar-cem-erogul","12":"first","13":"instock","14":"sale","15":"shipping-taxable","16":"purchasable","17":"product-type-simple"},"_links":{"self":[{"href":"https:\/\/roveyayinevi.com.tr\/index.php\/wp-json\/wp\/v2\/product\/697512","targetHints":{"allow":["GET"]}}],"collection":[{"href":"https:\/\/roveyayinevi.com.tr\/index.php\/wp-json\/wp\/v2\/product"}],"about":[{"href":"https:\/\/roveyayinevi.com.tr\/index.php\/wp-json\/wp\/v2\/types\/product"}],"wp:attachment":[{"href":"https:\/\/roveyayinevi.com.tr\/index.php\/wp-json\/wp\/v2\/media?parent=697512"}],"wp:term":[{"taxonomy":"product_brand","embeddable":true,"href":"https:\/\/roveyayinevi.com.tr\/index.php\/wp-json\/wp\/v2\/product_brand?post=697512"},{"taxonomy":"product_cat","embeddable":true,"href":"https:\/\/roveyayinevi.com.tr\/index.php\/wp-json\/wp\/v2\/product_cat?post=697512"},{"taxonomy":"product_tag","embeddable":true,"href":"https:\/\/roveyayinevi.com.tr\/index.php\/wp-json\/wp\/v2\/product_tag?post=697512"}],"curies":[{"name":"wp","href":"https:\/\/api.w.org\/{rel}","templated":true}]}}