{"id":697424,"date":"2025-08-27T14:39:54","date_gmt":"2025-08-27T11:39:54","guid":{"rendered":"https:\/\/roveyayinevi.com.tr\/index.php\/urun\/gulduren-ucurtma\/"},"modified":"2026-04-16T02:07:14","modified_gmt":"2026-04-15T23:07:14","slug":"gulduren-ucurtma","status":"publish","type":"product","link":"https:\/\/roveyayinevi.com.tr\/index.php\/urun\/gulduren-ucurtma\/","title":{"rendered":"G\u00fcld\u00fcren U\u00e7urtma"},"content":{"rendered":"<p>Kitapsever arkada\u015f\u0131m, sana bir yeni masal sunuyorum, ad\u0131 G\u00fcld\u00fcren U\u00e7urtma&#8230; U\u00e7urtma insan\u0131 nas\u0131l g\u00fcld\u00fcr\u00fcr, diyeceksin. Elbette g\u0131d\u0131klayarak g\u00fcld\u00fcrmez. Ama hi\u00e7 u\u00e7urtma u\u00e7uran arkada\u015f\u0131n\u0131 inceledin mi, hi\u00e7 onun y\u00fcz\u00fcne bakt\u0131n m\u0131? U\u00e7urtma g\u00f6ky\u00fcz\u00fcnde iri bir papatya gibi s\u00fcz\u00fcl\u00fcrken, arkada\u015f\u0131n\u0131n y\u00fcz\u00fcndeki g\u00fcl\u00fcc\u00fc\u011f\u00fc g\u00f6rd\u00fcn m\u00fc? Peki, ya o s\u0131ra bir yel \u00e7\u0131karsa. U\u00e7urtma ters takla at\u0131p k\u00f6t\u00fc y\u00fcrekli bir adam\u0131n bah\u00e7esine d\u00fc\u015ferse?.. K\u00f6t\u00fc y\u00fcrekli adam u\u00e7urtmay\u0131 par\u00e7alarsa?.. Yoo yoo, i\u00e7in c\u0131z etmesin, \u00e7ocu\u011fun yine bir u\u00e7urtmas\u0131 olacak k\u00f6t\u00fc y\u00fcrekli adama da, tav\u015fan, karga, leylek, sincap ve k\u00f6pek \u00f6yle bir ceza verecekler ki&#8230; Bu masal\u0131 okurken g\u00fcleceksin. Ama san\u0131r\u0131m g\u00fclmekten \u00e7ok d\u00fc\u015f\u00fcneceksin.<\/p>\n","protected":false},"excerpt":{"rendered":"<p>Kitapsever arkada\u015f\u0131m, sana bir yeni masal sunuyorum, ad\u0131 G\u00fcld\u00fcren U\u00e7urtma&#8230; U\u00e7urtma insan\u0131 nas\u0131l g\u00fcld\u00fcr\u00fcr, diyeceksin. Elbette g\u0131d\u0131klayarak g\u00fcld\u00fcrmez. Ama hi\u00e7 u\u00e7urtma u\u00e7uran arkada\u015f\u0131n\u0131 inceledin mi, hi\u00e7<span class=\"excerpt-hellip\"> [\u2026]<\/span><\/p>\n","protected":false},"featured_media":0,"template":"","meta":{"_monsterinsights_skip_tracking":false,"_monsterinsights_sitenote_active":false,"_monsterinsights_sitenote_note":"","_monsterinsights_sitenote_category":0},"product_brand":[],"product_cat":[12275,12274],"product_tag":[],"class_list":{"0":"post-697424","1":"product","2":"type-product","3":"status-publish","5":"product_cat-6-12-yas-kitaplari","6":"product_cat-cocuk-ve-genclik-kitaplari","7":"pa_cilt-ciltsiz","8":"pa_tur-kitap","9":"pa_yayinevi-bilgi-yayinevi-cocuk","10":"pa_yazar-muzaffer-izgu","12":"first","13":"instock","14":"sale","15":"shipping-taxable","16":"purchasable","17":"product-type-simple"},"_links":{"self":[{"href":"https:\/\/roveyayinevi.com.tr\/index.php\/wp-json\/wp\/v2\/product\/697424","targetHints":{"allow":["GET"]}}],"collection":[{"href":"https:\/\/roveyayinevi.com.tr\/index.php\/wp-json\/wp\/v2\/product"}],"about":[{"href":"https:\/\/roveyayinevi.com.tr\/index.php\/wp-json\/wp\/v2\/types\/product"}],"wp:attachment":[{"href":"https:\/\/roveyayinevi.com.tr\/index.php\/wp-json\/wp\/v2\/media?parent=697424"}],"wp:term":[{"taxonomy":"product_brand","embeddable":true,"href":"https:\/\/roveyayinevi.com.tr\/index.php\/wp-json\/wp\/v2\/product_brand?post=697424"},{"taxonomy":"product_cat","embeddable":true,"href":"https:\/\/roveyayinevi.com.tr\/index.php\/wp-json\/wp\/v2\/product_cat?post=697424"},{"taxonomy":"product_tag","embeddable":true,"href":"https:\/\/roveyayinevi.com.tr\/index.php\/wp-json\/wp\/v2\/product_tag?post=697424"}],"curies":[{"name":"wp","href":"https:\/\/api.w.org\/{rel}","templated":true}]}}