{"id":697416,"date":"2025-08-27T14:39:52","date_gmt":"2025-08-27T11:39:52","guid":{"rendered":"https:\/\/roveyayinevi.com.tr\/index.php\/urun\/evinden-kacan-masal\/"},"modified":"2026-04-16T02:07:14","modified_gmt":"2026-04-15T23:07:14","slug":"evinden-kacan-masal","status":"publish","type":"product","link":"https:\/\/roveyayinevi.com.tr\/index.php\/urun\/evinden-kacan-masal\/","title":{"rendered":"Evinden Ka\u00e7an Masal"},"content":{"rendered":"<p>Cad\u0131l\u0131 devli di\u011fer masallara benzemek istemedi\u011fi i\u00e7in yazar\u0131ndan ka\u00e7an masal, acaba yakaland\u0131 m\u0131? Ya\u015fl\u0131 kitap, bilgisayarla tan\u0131\u015f\u0131nca neler oldu? Ya konu\u015fan koltukla sihirli \u00e7oraplar\u0131n ser\u00fcvenleri? Mavisel Yener, sade ve e\u011flendirici \u00fcslubuyla yazd\u0131\u011f\u0131 d\u00f6rt g\u00fczel \u00f6yk\u00fcy\u00fc, \u00e7ocuklar\u0131n d\u00fcnya g\u00f6nderiyor. A\u00e7\u0131n kitab\u0131n sayfalar\u0131n\u0131, kendi \u00f6yk\u00fcn\u00fcz\u00fc se\u00e7ip d\u00fc\u015f denizine dal\u0131n. <\/p>\n","protected":false},"excerpt":{"rendered":"<p>Cad\u0131l\u0131 devli di\u011fer masallara benzemek istemedi\u011fi i\u00e7in yazar\u0131ndan ka\u00e7an masal, acaba yakaland\u0131 m\u0131? Ya\u015fl\u0131 kitap, bilgisayarla tan\u0131\u015f\u0131nca neler oldu? Ya konu\u015fan koltukla sihirli \u00e7oraplar\u0131n ser\u00fcvenleri? Mavisel<span class=\"excerpt-hellip\"> [\u2026]<\/span><\/p>\n","protected":false},"featured_media":0,"template":"","meta":{"_monsterinsights_skip_tracking":false,"_monsterinsights_sitenote_active":false,"_monsterinsights_sitenote_note":"","_monsterinsights_sitenote_category":0},"product_brand":[],"product_cat":[12274,12523],"product_tag":[],"class_list":{"0":"post-697416","1":"product","2":"type-product","3":"status-publish","5":"product_cat-cocuk-ve-genclik-kitaplari","6":"product_cat-masallar","7":"pa_cilt-ciltsiz","8":"pa_tur-kitap","9":"pa_yayinevi-bilgi-yayinevi-cocuk","10":"pa_yazar-mavisel-yener","12":"first","13":"instock","14":"sale","15":"shipping-taxable","16":"purchasable","17":"product-type-simple"},"_links":{"self":[{"href":"https:\/\/roveyayinevi.com.tr\/index.php\/wp-json\/wp\/v2\/product\/697416","targetHints":{"allow":["GET"]}}],"collection":[{"href":"https:\/\/roveyayinevi.com.tr\/index.php\/wp-json\/wp\/v2\/product"}],"about":[{"href":"https:\/\/roveyayinevi.com.tr\/index.php\/wp-json\/wp\/v2\/types\/product"}],"wp:attachment":[{"href":"https:\/\/roveyayinevi.com.tr\/index.php\/wp-json\/wp\/v2\/media?parent=697416"}],"wp:term":[{"taxonomy":"product_brand","embeddable":true,"href":"https:\/\/roveyayinevi.com.tr\/index.php\/wp-json\/wp\/v2\/product_brand?post=697416"},{"taxonomy":"product_cat","embeddable":true,"href":"https:\/\/roveyayinevi.com.tr\/index.php\/wp-json\/wp\/v2\/product_cat?post=697416"},{"taxonomy":"product_tag","embeddable":true,"href":"https:\/\/roveyayinevi.com.tr\/index.php\/wp-json\/wp\/v2\/product_tag?post=697416"}],"curies":[{"name":"wp","href":"https:\/\/api.w.org\/{rel}","templated":true}]}}