{"id":697404,"date":"2025-08-27T14:39:48","date_gmt":"2025-08-27T11:39:48","guid":{"rendered":"https:\/\/roveyayinevi.com.tr\/index.php\/urun\/afacanlar-okulda-papagan-hanimin-yagmur-ormani-dersleri\/"},"modified":"2026-04-16T02:07:14","modified_gmt":"2026-04-15T23:07:14","slug":"afacanlar-okulda-papagan-hanimin-yagmur-ormani-dersleri","status":"publish","type":"product","link":"https:\/\/roveyayinevi.com.tr\/index.php\/urun\/afacanlar-okulda-papagan-hanimin-yagmur-ormani-dersleri\/","title":{"rendered":"Afacanlar Okulda &#8211; Papa\u011fan Han\u0131m\u2019\u0131n Ya\u011fmur Orman\u0131 Dersleri"},"content":{"rendered":"<p>E\u011flendirirken \u00f6\u011freten &#8220;Afacanlar Okulda&#8221; serisi, yeni kitaplarla devam ediyor! Papa\u011fan Han\u0131m &#8220;G\u00f6zlerinizi kapat\u0131n ve s\u0131k\u0131ca tutunun!&#8221;dedi. S\u0131n\u0131f\u0131n hal\u0131s\u0131 o anda havaland\u0131 ve biz u\u00e7maya ba\u015flad\u0131k! Okulumuz, kesinlikle ola\u011fan\u00fcst\u00fc bir yerdir. \u00d6ncelikle \u00f6\u011fretmenlerimizi ele alal\u0131m. Papa\u011fan Han\u0131m, konumuz ya\u011fmur ormanlar\u0131 olunca, a\u015f\u0131r\u0131 heyecanl\u0131d\u0131r. Onun dersleri ger\u00e7ekten de sihirli! \u015eunlar\u0131 \u00f6\u011frendik: A\u011fa\u00e7lar\u0131n ya\u015fam\u0131: Bir cam asans\u00f6rle, ya\u011fmur ormanlar\u0131n\u0131n tepesine \u00e7\u0131karak a\u011fa\u00e7lar\u0131 inceledik. Tembel hayvan: \u0130\u00e7lerinden biri, bizimle \u00e7oook yavaaaa\u015f konu\u015funca, onlar\u0131n varl\u0131\u011f\u0131n\u0131 ke\u015ffettik. Tarantula: Bu dev \u00f6r\u00fcmcek, bizi orman\u0131n i\u00e7inde kovalad\u0131! Ne macerayd\u0131 ama! Buras\u0131 harika. Gelin de kendi g\u00f6zlerinizle g\u00f6r\u00fcn!.. \ufffc<\/p>\n","protected":false},"excerpt":{"rendered":"<p>E\u011flendirirken \u00f6\u011freten &#8220;Afacanlar Okulda&#8221; serisi, yeni kitaplarla devam ediyor! Papa\u011fan Han\u0131m &#8220;G\u00f6zlerinizi kapat\u0131n ve s\u0131k\u0131ca tutunun!&#8221;dedi. S\u0131n\u0131f\u0131n hal\u0131s\u0131 o anda havaland\u0131 ve biz u\u00e7maya ba\u015flad\u0131k! Okulumuz,<span class=\"excerpt-hellip\"> [\u2026]<\/span><\/p>\n","protected":false},"featured_media":0,"template":"","meta":{"_monsterinsights_skip_tracking":false,"_monsterinsights_sitenote_active":false,"_monsterinsights_sitenote_note":"","_monsterinsights_sitenote_category":0},"product_brand":[],"product_cat":[12274,12284],"product_tag":[],"class_list":{"0":"post-697404","1":"product","2":"type-product","3":"status-publish","5":"product_cat-cocuk-ve-genclik-kitaplari","6":"product_cat-hikayeler","7":"pa_cilt-ciltsiz","8":"pa_tur-kitap","9":"pa_yayinevi-beyaz-balina-yayinlari","10":"pa_yazar-michael-cox","12":"first","13":"instock","14":"sale","15":"shipping-taxable","16":"purchasable","17":"product-type-simple"},"_links":{"self":[{"href":"https:\/\/roveyayinevi.com.tr\/index.php\/wp-json\/wp\/v2\/product\/697404","targetHints":{"allow":["GET"]}}],"collection":[{"href":"https:\/\/roveyayinevi.com.tr\/index.php\/wp-json\/wp\/v2\/product"}],"about":[{"href":"https:\/\/roveyayinevi.com.tr\/index.php\/wp-json\/wp\/v2\/types\/product"}],"wp:attachment":[{"href":"https:\/\/roveyayinevi.com.tr\/index.php\/wp-json\/wp\/v2\/media?parent=697404"}],"wp:term":[{"taxonomy":"product_brand","embeddable":true,"href":"https:\/\/roveyayinevi.com.tr\/index.php\/wp-json\/wp\/v2\/product_brand?post=697404"},{"taxonomy":"product_cat","embeddable":true,"href":"https:\/\/roveyayinevi.com.tr\/index.php\/wp-json\/wp\/v2\/product_cat?post=697404"},{"taxonomy":"product_tag","embeddable":true,"href":"https:\/\/roveyayinevi.com.tr\/index.php\/wp-json\/wp\/v2\/product_tag?post=697404"}],"curies":[{"name":"wp","href":"https:\/\/api.w.org\/{rel}","templated":true}]}}