{"id":697397,"date":"2025-08-27T14:39:46","date_gmt":"2025-08-27T11:39:46","guid":{"rendered":"https:\/\/roveyayinevi.com.tr\/index.php\/urun\/kutlu-muderris-idris-i-bitlisi\/"},"modified":"2026-04-16T02:07:13","modified_gmt":"2026-04-15T23:07:13","slug":"kutlu-muderris-idris-i-bitlisi","status":"publish","type":"product","link":"https:\/\/roveyayinevi.com.tr\/index.php\/urun\/kutlu-muderris-idris-i-bitlisi\/","title":{"rendered":"Kutlu M\u00fcderris \u0130dris- i Bitlisi"},"content":{"rendered":"<p>Do\u011fu ve G\u00fcneydo\u011fu\u2019nun baz\u0131 illeri, merkezi \u0130ran olan Safevi Devleti\u2019nin i\u015fgali alt\u0131ndayd\u0131. 1514 tarihinde yap\u0131lan \u00c7ald\u0131ran Sava\u015f\u0131\u2019nda Safevi ordusu b\u00fcy\u00fck bir yenilgiye u\u011frad\u0131.\u0130dris-i Bitlisi, \u00c7ald\u0131ran Zaferi\u2019nden yeni d\u00f6nen Yavuz Sultan Selim\u2019e, Do\u011fu ve G\u00fcneydo\u011fu halk\u0131n\u0131n ve e\u015fraf\u0131n\u0131n Osmanl\u0131 hakimiyetine girme iste\u011fini bildirdi. \u0130ste\u011fi olumlu kar\u015f\u0131layan Yavuz Sultan Selim, \u0130dris-i Bitlisi\u2019yi bu i\u015fle g\u00f6revlendirdi. Yavuz Sultan Selim\u2019den b\u00f6lge ileri gelenlerine hitaben yaz\u0131lm\u0131\u015f Emirnameler alan \u0130dris-i Bitlisi, b\u00f6lgenin Osmanl\u0131 egemenli\u011fine girmesini sa\u011flad\u0131.Bu karardan sonra Osmanl\u0131 Ordusu, Safevi bask\u0131s\u0131 alt\u0131ndaki Diyarbak\u0131r ve Mardin\u2019i ele ge\u00e7irerek, b\u00f6lge halk\u0131n\u0131 esenli\u011fe kavu\u015fturdu. <\/p>\n","protected":false},"excerpt":{"rendered":"<p>Do\u011fu ve G\u00fcneydo\u011fu\u2019nun baz\u0131 illeri, merkezi \u0130ran olan Safevi Devleti\u2019nin i\u015fgali alt\u0131ndayd\u0131. 1514 tarihinde yap\u0131lan \u00c7ald\u0131ran Sava\u015f\u0131\u2019nda Safevi ordusu b\u00fcy\u00fck bir yenilgiye u\u011frad\u0131.\u0130dris-i Bitlisi, \u00c7ald\u0131ran Zaferi\u2019nden<span class=\"excerpt-hellip\"> [\u2026]<\/span><\/p>\n","protected":false},"featured_media":0,"template":"","meta":{"_monsterinsights_skip_tracking":false,"_monsterinsights_sitenote_active":false,"_monsterinsights_sitenote_note":"","_monsterinsights_sitenote_category":0},"product_brand":[],"product_cat":[13517,12304],"product_tag":[],"class_list":{"0":"post-697397","1":"product","2":"type-product","3":"status-publish","5":"product_cat-osmanli-tarihi","6":"product_cat-tarih","7":"pa_cilt-ciltsiz","8":"pa_tur-kitap","9":"pa_yayinevi-biyografi-net-yayincilik","10":"pa_yazar-mehmet-bayraktar","12":"first","13":"instock","14":"sale","15":"shipping-taxable","16":"purchasable","17":"product-type-simple"},"_links":{"self":[{"href":"https:\/\/roveyayinevi.com.tr\/index.php\/wp-json\/wp\/v2\/product\/697397","targetHints":{"allow":["GET"]}}],"collection":[{"href":"https:\/\/roveyayinevi.com.tr\/index.php\/wp-json\/wp\/v2\/product"}],"about":[{"href":"https:\/\/roveyayinevi.com.tr\/index.php\/wp-json\/wp\/v2\/types\/product"}],"wp:attachment":[{"href":"https:\/\/roveyayinevi.com.tr\/index.php\/wp-json\/wp\/v2\/media?parent=697397"}],"wp:term":[{"taxonomy":"product_brand","embeddable":true,"href":"https:\/\/roveyayinevi.com.tr\/index.php\/wp-json\/wp\/v2\/product_brand?post=697397"},{"taxonomy":"product_cat","embeddable":true,"href":"https:\/\/roveyayinevi.com.tr\/index.php\/wp-json\/wp\/v2\/product_cat?post=697397"},{"taxonomy":"product_tag","embeddable":true,"href":"https:\/\/roveyayinevi.com.tr\/index.php\/wp-json\/wp\/v2\/product_tag?post=697397"}],"curies":[{"name":"wp","href":"https:\/\/api.w.org\/{rel}","templated":true}]}}

Kutlu Müderris İdris- i Bitlisi

<p>Doğu ve Güneydoğu’nun bazı illeri, merkezi İran olan Safevi Devleti’nin işgali altındaydı. 1514 tarihinde yapılan Çaldıran Savaşı’nda Safevi ordusu büyük bir yenilgiye uğradı.İdris-i Bitlisi, Çaldıran Zaferi’nden yeni dönen Yavuz Sultan Selim’e, Doğu ve Güneydoğu halkının ve eşrafının Osmanlı hakimiyetine girme isteğini bildirdi. İsteği olumlu karşılayan Yavuz Sultan Selim, İdris-i Bitlisi’yi bu işle görevlendirdi. Yavuz Sultan Selim’den bölge ileri gelenlerine hitaben yazılmış Emirnameler alan İdris-i Bitlisi, bölgenin Osmanlı egemenliğine girmesini sağladı.Bu karardan sonra Osmanlı Ordusu, Safevi baskısı altındaki Diyarbakır ve Mardin’i ele geçirerek, bölge halkını esenliğe kavuşturdu. </p>

<p>Doğu ve Güneydoğu’nun bazı illeri, merkezi İran olan Safevi Devleti’nin işgali altındaydı. 1514 tarihinde yapılan Çaldıran Savaşı’nda Safevi ordusu büyük bir yenilgiye uğradı.İdris-i Bitlisi, Çaldıran Zaferi’nden<span class="excerpt-hellip"> […]</span></p>
