{"id":697386,"date":"2025-08-27T14:39:43","date_gmt":"2025-08-27T11:39:43","guid":{"rendered":"https:\/\/roveyayinevi.com.tr\/index.php\/urun\/villa-mechul\/"},"modified":"2026-04-16T02:07:13","modified_gmt":"2026-04-15T23:07:13","slug":"villa-mechul","status":"publish","type":"product","link":"https:\/\/roveyayinevi.com.tr\/index.php\/urun\/villa-mechul\/","title":{"rendered":"Villa Me\u00e7hul"},"content":{"rendered":"<p>Tanuki\u2019nin erbezi torbas\u0131n\u0131 para\u015f\u00fct niyetine kullanarak g\u00f6kten indi\u011fi bildirildi.   D\u00fc\u015f\u00fcn\u00fcn bir kere, bu t\u00fcmceyle ba\u015flayan bir roman okuru nas\u0131l bir hayal d\u00fcnyas\u0131na davet eder? Ve kim bilir, b\u00f6ylesine sa\u00e7ma, kaba saba, \u015fa\u015f\u0131rt\u0131c\u0131, i\u011fren\u00e7 bir g\u00f6r\u00fcnt\u00fcn\u00fcn ard\u0131ndan daha neler neler \u00e7\u0131kacakt\u0131r ortaya? <\/p>\n","protected":false},"excerpt":{"rendered":"<p>Tanuki\u2019nin erbezi torbas\u0131n\u0131 para\u015f\u00fct niyetine kullanarak g\u00f6kten indi\u011fi bildirildi. D\u00fc\u015f\u00fcn\u00fcn bir kere, bu t\u00fcmceyle ba\u015flayan bir roman okuru nas\u0131l bir hayal d\u00fcnyas\u0131na davet eder? Ve kim<span class=\"excerpt-hellip\"> [\u2026]<\/span><\/p>\n","protected":false},"featured_media":0,"template":"","meta":{"_monsterinsights_skip_tracking":false,"_monsterinsights_sitenote_active":false,"_monsterinsights_sitenote_note":"","_monsterinsights_sitenote_category":0},"product_brand":[],"product_cat":[12891,12291],"product_tag":[],"class_list":{"0":"post-697386","1":"product","2":"type-product","3":"status-publish","5":"product_cat-amerikan-edebiyati","6":"product_cat-edebiyat","7":"pa_cilt-ciltsiz","8":"pa_tur-kitap","9":"pa_yayinevi-ayrinti-yayinlari","10":"pa_yazar-tom-robbins","12":"first","13":"instock","14":"sale","15":"shipping-taxable","16":"purchasable","17":"product-type-simple"},"_links":{"self":[{"href":"https:\/\/roveyayinevi.com.tr\/index.php\/wp-json\/wp\/v2\/product\/697386","targetHints":{"allow":["GET"]}}],"collection":[{"href":"https:\/\/roveyayinevi.com.tr\/index.php\/wp-json\/wp\/v2\/product"}],"about":[{"href":"https:\/\/roveyayinevi.com.tr\/index.php\/wp-json\/wp\/v2\/types\/product"}],"wp:attachment":[{"href":"https:\/\/roveyayinevi.com.tr\/index.php\/wp-json\/wp\/v2\/media?parent=697386"}],"wp:term":[{"taxonomy":"product_brand","embeddable":true,"href":"https:\/\/roveyayinevi.com.tr\/index.php\/wp-json\/wp\/v2\/product_brand?post=697386"},{"taxonomy":"product_cat","embeddable":true,"href":"https:\/\/roveyayinevi.com.tr\/index.php\/wp-json\/wp\/v2\/product_cat?post=697386"},{"taxonomy":"product_tag","embeddable":true,"href":"https:\/\/roveyayinevi.com.tr\/index.php\/wp-json\/wp\/v2\/product_tag?post=697386"}],"curies":[{"name":"wp","href":"https:\/\/api.w.org\/{rel}","templated":true}]}}