{"id":697348,"date":"2025-08-27T14:39:33","date_gmt":"2025-08-27T11:39:33","guid":{"rendered":"https:\/\/roveyayinevi.com.tr\/index.php\/urun\/islam-devletlerinde-turk-naibeler-ve-kadin-hukumdarlar\/"},"modified":"2026-04-16T02:07:12","modified_gmt":"2026-04-15T23:07:12","slug":"islam-devletlerinde-turk-naibeler-ve-kadin-hukumdarlar","status":"publish","type":"product","link":"https:\/\/roveyayinevi.com.tr\/index.php\/urun\/islam-devletlerinde-turk-naibeler-ve-kadin-hukumdarlar\/","title":{"rendered":"\u0130slam Devletlerinde T\u00fcrk Naibeler ve Kad\u0131n H\u00fck\u00fcmdarlar"},"content":{"rendered":"<p>\u0130sl\u00e2m toplumunda kad\u0131n\u0131n durumu bir\u00e7ok yazar taraf\u0131ndan yanl\u0131\u015f anla\u015f\u0131lm\u0131\u015f ve M\u00fcsl\u00fcman kad\u0131n\u0131n tarih boyunca erke\u011fin esiri oldu\u011fu veya kafes arkas\u0131nda mahpus hayat\u0131 ya\u015fad\u0131\u011f\u0131 tezi ileri s\u00fcr\u00fclm\u00fc\u015ft\u00fcr. Serbest\u00e7e ticaret yapmas\u0131, mallar\u0131 \u00fczerinde istedi\u011fi gibi tasarrufta bulunmas\u0131 hatta Div\u00e2n-\u0131 Mez\u00e2lim ba\u015fkanl\u0131\u011f\u0131 gibi kad\u0131l\u0131ktan \u00fcst\u00fcn bir vazifeyi g\u00f6rmesi g\u00f6rmezden gelinmi\u015ftir. <\/p>\n","protected":false},"excerpt":{"rendered":"<p>\u0130sl\u00e2m toplumunda kad\u0131n\u0131n durumu bir\u00e7ok yazar taraf\u0131ndan yanl\u0131\u015f anla\u015f\u0131lm\u0131\u015f ve M\u00fcsl\u00fcman kad\u0131n\u0131n tarih boyunca erke\u011fin esiri oldu\u011fu veya kafes arkas\u0131nda mahpus hayat\u0131 ya\u015fad\u0131\u011f\u0131 tezi ileri s\u00fcr\u00fclm\u00fc\u015ft\u00fcr.<span class=\"excerpt-hellip\"> [\u2026]<\/span><\/p>\n","protected":false},"featured_media":0,"template":"","meta":{"_monsterinsights_skip_tracking":false,"_monsterinsights_sitenote_active":false,"_monsterinsights_sitenote_note":"","_monsterinsights_sitenote_category":0},"product_brand":[],"product_cat":[13517,12304],"product_tag":[],"class_list":{"0":"post-697348","1":"product","2":"type-product","3":"status-publish","5":"product_cat-osmanli-tarihi","6":"product_cat-tarih","7":"pa_tur-kitap","8":"pa_yayinevi-bilge-kultur-sanat","9":"pa_yazar-bahriye-ucok","11":"first","12":"instock","13":"sale","14":"shipping-taxable","15":"purchasable","16":"product-type-simple"},"_links":{"self":[{"href":"https:\/\/roveyayinevi.com.tr\/index.php\/wp-json\/wp\/v2\/product\/697348","targetHints":{"allow":["GET"]}}],"collection":[{"href":"https:\/\/roveyayinevi.com.tr\/index.php\/wp-json\/wp\/v2\/product"}],"about":[{"href":"https:\/\/roveyayinevi.com.tr\/index.php\/wp-json\/wp\/v2\/types\/product"}],"wp:attachment":[{"href":"https:\/\/roveyayinevi.com.tr\/index.php\/wp-json\/wp\/v2\/media?parent=697348"}],"wp:term":[{"taxonomy":"product_brand","embeddable":true,"href":"https:\/\/roveyayinevi.com.tr\/index.php\/wp-json\/wp\/v2\/product_brand?post=697348"},{"taxonomy":"product_cat","embeddable":true,"href":"https:\/\/roveyayinevi.com.tr\/index.php\/wp-json\/wp\/v2\/product_cat?post=697348"},{"taxonomy":"product_tag","embeddable":true,"href":"https:\/\/roveyayinevi.com.tr\/index.php\/wp-json\/wp\/v2\/product_tag?post=697348"}],"curies":[{"name":"wp","href":"https:\/\/api.w.org\/{rel}","templated":true}]}}