{"id":697322,"date":"2025-08-27T14:39:26","date_gmt":"2025-08-27T11:39:26","guid":{"rendered":"https:\/\/roveyayinevi.com.tr\/index.php\/urun\/turk-devrim-tarihi-3-kitap-yeni-turkiyenin-olusumu-1923-1938-birinci-bolum\/"},"modified":"2026-04-16T02:06:57","modified_gmt":"2026-04-15T23:06:57","slug":"turk-devrim-tarihi-3-kitap-yeni-turkiyenin-olusumu-1923-1938-birinci-bolum","status":"publish","type":"product","link":"https:\/\/roveyayinevi.com.tr\/index.php\/urun\/turk-devrim-tarihi-3-kitap-yeni-turkiyenin-olusumu-1923-1938-birinci-bolum\/","title":{"rendered":"T\u00fcrk Devrim Tarihi &#8211; 3.Kitap Yeni T\u00fcrkiye&#8217;nin Olu\u015fumu (1923-1938) Birinci B\u00f6l\u00fcm"},"content":{"rendered":"<p>T\u00fcrkiye Cumhuriyeti&#8217;nin kurulu\u015fundan bu yana yakla\u015f\u0131k doksan d\u00f6rt y\u0131l ge\u00e7ti; ama \u201cyeni T\u00fcrkiye\u201dnin olu\u015fumunu, \u201c\u00f6ncesi\u201d ve \u201csonras\u0131\u201dyla irdeleyen bir tarih hen\u00fcz ortaya \u00e7\u0131kmad\u0131. \u015eerafettin Turan, \u00e7a\u011fda\u015fla\u015fmay\u0131 ama\u00e7 edinen \u201cyeni T\u00fcrkiye\u201dnin tarihini, bir ba\u015fka deyi\u015fle T\u00dcRK DEVR\u0130M TAR\u0130H\u0130&#8217;ni, duygusall\u0131ktan uzak nesnel bir bak\u0131\u015f a\u00e7\u0131s\u0131yla yazd\u0131. Ancak T\u00dcRK DEVR\u0130M TAR\u0130H\u0130&#8217;ni tek kitaba s\u0131\u011fd\u0131rmak olanaks\u0131zd\u0131. \u00dcstelik devrim tarihi, \u201cresmi tarih\u201dten yana olanlar ya da olmayanlarca, \u00e7o\u011funlukla da bilimsellikten uzak bir anlay\u0131\u015fla salt \u201ckahramanl\u0131k\u201d \u00f6yk\u00fcs\u00fc gibi sunulmu\u015f, pek \u00e7ok bilgi-belge g\u00f6z ard\u0131 edilmi\u015fti. \u015eerafettin Turan, T\u00dcRK DEVR\u0130M TAR\u0130H\u0130&#8217;ni be\u015f kitapta b\u00fct\u00fcn y\u00f6nleriyle ele ald\u0131. 1. ciltte, \u201c\u0130mparatorlu\u011fun \u00c7\u00f6k\u00fc\u015f\u00fcnden Ulusal Direni\u015fe\u201d; 2. ciltte \u201cUlusal Direni\u015ften T\u00fcrkiye Cumhuriyeti\u201dne de\u011fin olup bitenleri; 3. ciltte \u201cYeni T\u00fcrkiye&#8217;nin Olu\u015fumu\u201dnu; 4. ve 5. ciltte \u201c\u00c7a\u011fda\u015fl\u0131k Yolunda Yeni T\u00fcrkiye\u201dyi; g\u00fcn\u00fcm\u00fcze de\u011fin uzanan olaylar\u0131, olu\u015fumlar\u0131 de\u011ferlendirdi. T\u00dcRK DEVR\u0130M TAR\u0130H\u0130, tarihiyle y\u00fczle\u015fmek ve \u00fclkesine sahip \u00e7\u0131kmak isteyen herkesin mutlaka okumas\u0131 gerekli bir ba\u015fyap\u0131t. <\/p>\n","protected":false},"excerpt":{"rendered":"<p>T\u00fcrkiye Cumhuriyeti&#8217;nin kurulu\u015fundan bu yana yakla\u015f\u0131k doksan d\u00f6rt y\u0131l ge\u00e7ti; ama \u201cyeni T\u00fcrkiye\u201dnin olu\u015fumunu, \u201c\u00f6ncesi\u201d ve \u201csonras\u0131\u201dyla irdeleyen bir tarih hen\u00fcz ortaya \u00e7\u0131kmad\u0131. \u015eerafettin Turan, \u00e7a\u011fda\u015fla\u015fmay\u0131<span class=\"excerpt-hellip\"> [\u2026]<\/span><\/p>\n","protected":false},"featured_media":0,"template":"","meta":{"_monsterinsights_skip_tracking":false,"_monsterinsights_sitenote_active":false,"_monsterinsights_sitenote_note":"","_monsterinsights_sitenote_category":0},"product_brand":[],"product_cat":[12304,13493],"product_tag":[],"class_list":{"0":"post-697322","1":"product","2":"type-product","3":"status-publish","5":"product_cat-tarih","6":"product_cat-turkiye-ve-cumhuriyet-tarihi","7":"pa_cilt-ciltsiz","8":"pa_tur-kitap","9":"pa_yayinevi-bilgi-yayinevi","10":"pa_yazar-serafettin-turan","12":"first","13":"instock","14":"sale","15":"shipping-taxable","16":"purchasable","17":"product-type-simple"},"_links":{"self":[{"href":"https:\/\/roveyayinevi.com.tr\/index.php\/wp-json\/wp\/v2\/product\/697322","targetHints":{"allow":["GET"]}}],"collection":[{"href":"https:\/\/roveyayinevi.com.tr\/index.php\/wp-json\/wp\/v2\/product"}],"about":[{"href":"https:\/\/roveyayinevi.com.tr\/index.php\/wp-json\/wp\/v2\/types\/product"}],"wp:attachment":[{"href":"https:\/\/roveyayinevi.com.tr\/index.php\/wp-json\/wp\/v2\/media?parent=697322"}],"wp:term":[{"taxonomy":"product_brand","embeddable":true,"href":"https:\/\/roveyayinevi.com.tr\/index.php\/wp-json\/wp\/v2\/product_brand?post=697322"},{"taxonomy":"product_cat","embeddable":true,"href":"https:\/\/roveyayinevi.com.tr\/index.php\/wp-json\/wp\/v2\/product_cat?post=697322"},{"taxonomy":"product_tag","embeddable":true,"href":"https:\/\/roveyayinevi.com.tr\/index.php\/wp-json\/wp\/v2\/product_tag?post=697322"}],"curies":[{"name":"wp","href":"https:\/\/api.w.org\/{rel}","templated":true}]}}

Türk Devrim Tarihi &#8211; 3.Kitap Yeni Türkiye&#8217;nin Oluşumu (1923-1938) Birinci Bölüm

<p>Türkiye Cumhuriyeti&#8217;nin kuruluşundan bu yana yaklaşık doksan dört yıl geçti; ama “yeni Türkiye”nin oluşumunu, “öncesi” ve “sonrası”yla irdeleyen bir tarih henüz ortaya çıkmadı. Şerafettin Turan, çağdaşlaşmayı amaç edinen “yeni Türkiye”nin tarihini, bir başka deyişle TÜRK DEVRİM TARİHİ&#8217;ni, duygusallıktan uzak nesnel bir bakış açısıyla yazdı. Ancak TÜRK DEVRİM TARİHİ&#8217;ni tek kitaba sığdırmak olanaksızdı. Üstelik devrim tarihi, “resmi tarih”ten yana olanlar ya da olmayanlarca, çoğunlukla da bilimsellikten uzak bir anlayışla salt “kahramanlık” öyküsü gibi sunulmuş, pek çok bilgi-belge göz ardı edilmişti. Şerafettin Turan, TÜRK DEVRİM TARİHİ&#8217;ni beş kitapta bütün yönleriyle ele aldı. 1. ciltte, “İmparatorluğun Çöküşünden Ulusal Direnişe”; 2. ciltte “Ulusal Direnişten Türkiye Cumhuriyeti”ne değin olup bitenleri; 3. ciltte “Yeni Türkiye&#8217;nin Oluşumu”nu; 4. ve 5. ciltte “Çağdaşlık Yolunda Yeni Türkiye”yi; günümüze değin uzanan olayları, oluşumları değerlendirdi. TÜRK DEVRİM TARİHİ, tarihiyle yüzleşmek ve ülkesine sahip çıkmak isteyen herkesin mutlaka okuması gerekli bir başyapıt. </p>

<p>Türkiye Cumhuriyeti&#8217;nin kuruluşundan bu yana yaklaşık doksan dört yıl geçti; ama “yeni Türkiye”nin oluşumunu, “öncesi” ve “sonrası”yla irdeleyen bir tarih henüz ortaya çıkmadı. Şerafettin Turan, çağdaşlaşmayı<span class="excerpt-hellip"> […]</span></p>
