{"id":697315,"date":"2025-08-27T14:39:24","date_gmt":"2025-08-27T11:39:24","guid":{"rendered":"https:\/\/roveyayinevi.com.tr\/index.php\/urun\/kosucu\/"},"modified":"2026-04-16T02:06:56","modified_gmt":"2026-04-15T23:06:56","slug":"kosucu","status":"publish","type":"product","link":"https:\/\/roveyayinevi.com.tr\/index.php\/urun\/kosucu\/","title":{"rendered":"Ko\u015fucu"},"content":{"rendered":"<p>Bir \u00fcniversite \u015fampiyonu olan yazar\u0131n kendi ki\u015fisel deneyimlerinden ilham alarak yazd\u0131\u011f\u0131 hik\u00e2yenin kahraman\u0131 Southeastern \u00dcniversitesi atletlerinden Quenton Cassidy gelmi\u015f ge\u00e7mi\u015f en iyi ko\u015fuculardan birine kar\u015f\u0131 giri\u015fece\u011fi yar\u0131\u015fa haz\u0131rlanmak i\u00e7in antren\u00f6r\u00fc Bruce Denton ile birlikte inzivaya \u00e7ekilir. Bunun i\u00e7in \u00fcniversite bursunu, sevgilisini ve muhtemelen gelece\u011fini bir kenara b\u0131rakm\u0131\u015ft\u0131r; yani bu onun hayat\u0131n\u0131n yar\u0131\u015f\u0131d\u0131r ve kaybetmek gibi bir l\u00fcks\u00fc yoktur. <\/p>\n","protected":false},"excerpt":{"rendered":"<p>Bir \u00fcniversite \u015fampiyonu olan yazar\u0131n kendi ki\u015fisel deneyimlerinden ilham alarak yazd\u0131\u011f\u0131 hik\u00e2yenin kahraman\u0131 Southeastern \u00dcniversitesi atletlerinden Quenton Cassidy gelmi\u015f ge\u00e7mi\u015f en iyi ko\u015fuculardan birine kar\u015f\u0131 giri\u015fece\u011fi<span class=\"excerpt-hellip\"> [\u2026]<\/span><\/p>\n","protected":false},"featured_media":0,"template":"","meta":{"_monsterinsights_skip_tracking":false,"_monsterinsights_sitenote_active":false,"_monsterinsights_sitenote_note":"","_monsterinsights_sitenote_category":0},"product_brand":[],"product_cat":[12891,12291],"product_tag":[],"class_list":{"0":"post-697315","1":"product","2":"type-product","3":"status-publish","5":"product_cat-amerikan-edebiyati","6":"product_cat-edebiyat","7":"pa_tur-kitap","8":"pa_yayinevi-bilge-kultur-sanat","9":"pa_yazar-john-l-parker-jr","11":"first","12":"instock","13":"sale","14":"shipping-taxable","15":"purchasable","16":"product-type-simple"},"_links":{"self":[{"href":"https:\/\/roveyayinevi.com.tr\/index.php\/wp-json\/wp\/v2\/product\/697315","targetHints":{"allow":["GET"]}}],"collection":[{"href":"https:\/\/roveyayinevi.com.tr\/index.php\/wp-json\/wp\/v2\/product"}],"about":[{"href":"https:\/\/roveyayinevi.com.tr\/index.php\/wp-json\/wp\/v2\/types\/product"}],"wp:attachment":[{"href":"https:\/\/roveyayinevi.com.tr\/index.php\/wp-json\/wp\/v2\/media?parent=697315"}],"wp:term":[{"taxonomy":"product_brand","embeddable":true,"href":"https:\/\/roveyayinevi.com.tr\/index.php\/wp-json\/wp\/v2\/product_brand?post=697315"},{"taxonomy":"product_cat","embeddable":true,"href":"https:\/\/roveyayinevi.com.tr\/index.php\/wp-json\/wp\/v2\/product_cat?post=697315"},{"taxonomy":"product_tag","embeddable":true,"href":"https:\/\/roveyayinevi.com.tr\/index.php\/wp-json\/wp\/v2\/product_tag?post=697315"}],"curies":[{"name":"wp","href":"https:\/\/api.w.org\/{rel}","templated":true}]}}