{"id":697303,"date":"2025-08-27T14:39:20","date_gmt":"2025-08-27T11:39:20","guid":{"rendered":"https:\/\/roveyayinevi.com.tr\/index.php\/urun\/jantsenin-hediyesi\/"},"modified":"2026-04-16T02:06:56","modified_gmt":"2026-04-15T23:06:56","slug":"jantsenin-hediyesi","status":"publish","type":"product","link":"https:\/\/roveyayinevi.com.tr\/index.php\/urun\/jantsenin-hediyesi\/","title":{"rendered":"Jantsen\u2019in Hediyesi"},"content":{"rendered":"<p>Ben hen\u00fcz gen\u00e7 bir k\u0131zken birisi \u00e7\u0131k\u0131p da g\u00fcn\u00fcn birinde Bat\u0131 Afrika\u2019daki k\u00f6le \u00e7ocuklar\u0131 kurtaraca\u011f\u0131m\u0131, Vietnam\u2019daki iki y\u00fczden fazla sokak \u00e7ocu\u011funu himayeme alaca\u011f\u0131m\u0131&#8230; veya Kambo\u00e7ya\u2019n\u0131n Phnom Penh \u015fehrindeki bir genelevde ergen fahi\u015feleri ziyaret edece\u011fimi s\u00f6ylese buna asla inanmazd\u0131m. Yeti\u015fkinlik y\u0131llar\u0131m\u0131n b\u00fcy\u00fck bir b\u00f6l\u00fcm\u00fcnde \u2018seyahat\u2019 benim i\u00e7in al\u0131\u015fveri\u015f merkezine kadar araba s\u00fcrmek veya Neosho\u2019da be\u015f dakikal\u0131k mesafede, b\u00fcy\u00fcd\u00fc\u011f\u00fcm evde ya\u015fayan ebeveynlerimi ziyaret etmek anlam\u0131na geliyordu. <\/p>\n","protected":false},"excerpt":{"rendered":"<p>Ben hen\u00fcz gen\u00e7 bir k\u0131zken birisi \u00e7\u0131k\u0131p da g\u00fcn\u00fcn birinde Bat\u0131 Afrika\u2019daki k\u00f6le \u00e7ocuklar\u0131 kurtaraca\u011f\u0131m\u0131, Vietnam\u2019daki iki y\u00fczden fazla sokak \u00e7ocu\u011funu himayeme alaca\u011f\u0131m\u0131&#8230; veya Kambo\u00e7ya\u2019n\u0131n Phnom<span class=\"excerpt-hellip\"> [\u2026]<\/span><\/p>\n","protected":false},"featured_media":0,"template":"","meta":{"_monsterinsights_skip_tracking":false,"_monsterinsights_sitenote_active":false,"_monsterinsights_sitenote_note":"","_monsterinsights_sitenote_category":0},"product_brand":[],"product_cat":[12291,12711],"product_tag":[],"class_list":{"0":"post-697303","1":"product","2":"type-product","3":"status-publish","5":"product_cat-edebiyat","6":"product_cat-roman-oyku","7":"pa_tur-kitap","8":"pa_yayinevi-bilge-kultur-sanat","9":"pa_yazar-pame-cope","11":"first","12":"instock","13":"sale","14":"shipping-taxable","15":"purchasable","16":"product-type-simple"},"_links":{"self":[{"href":"https:\/\/roveyayinevi.com.tr\/index.php\/wp-json\/wp\/v2\/product\/697303","targetHints":{"allow":["GET"]}}],"collection":[{"href":"https:\/\/roveyayinevi.com.tr\/index.php\/wp-json\/wp\/v2\/product"}],"about":[{"href":"https:\/\/roveyayinevi.com.tr\/index.php\/wp-json\/wp\/v2\/types\/product"}],"wp:attachment":[{"href":"https:\/\/roveyayinevi.com.tr\/index.php\/wp-json\/wp\/v2\/media?parent=697303"}],"wp:term":[{"taxonomy":"product_brand","embeddable":true,"href":"https:\/\/roveyayinevi.com.tr\/index.php\/wp-json\/wp\/v2\/product_brand?post=697303"},{"taxonomy":"product_cat","embeddable":true,"href":"https:\/\/roveyayinevi.com.tr\/index.php\/wp-json\/wp\/v2\/product_cat?post=697303"},{"taxonomy":"product_tag","embeddable":true,"href":"https:\/\/roveyayinevi.com.tr\/index.php\/wp-json\/wp\/v2\/product_tag?post=697303"}],"curies":[{"name":"wp","href":"https:\/\/api.w.org\/{rel}","templated":true}]}}