{"id":697281,"date":"2025-08-27T14:39:14","date_gmt":"2025-08-27T11:39:14","guid":{"rendered":"https:\/\/roveyayinevi.com.tr\/index.php\/urun\/muhtesem-gatsby-3\/"},"modified":"2026-04-16T02:06:56","modified_gmt":"2026-04-15T23:06:56","slug":"muhtesem-gatsby-3","status":"publish","type":"product","link":"https:\/\/roveyayinevi.com.tr\/index.php\/urun\/muhtesem-gatsby-3\/","title":{"rendered":"Muhte\u015fem Gatsby"},"content":{"rendered":"<p>&#8220;O \u00fcmitledir ki \u015fimdi sefer etmekteyiz, biz o ak\u0131nt\u0131ya kar\u015f\u0131 giden tekneler, durmadan geriye, ge\u00e7mi\u015fe \u00e7arp\u0131l\u0131p at\u0131lsak da ne gam&#8230;&#8221; Yirminci y\u00fczy\u0131l\u0131n en b\u00fcy\u00fck Amerikan yazarlar\u0131nda F. Scott Fitzgerald, 1. D\u00fcnya Sava\u015f\u0131 sonras\u0131 Amerika\u2019n\u0131n, \u2018Caz Devri\u2019 olarak adland\u0131rd\u0131\u011f\u0131 on y\u0131ll\u0131k \u015fa\u015fal\u0131 d\u00f6nemini, paran\u0131n yeg\u00e2ne temel kabul edildi\u011fi bir topluma dair, ustal\u0131\u011fa ve orijinalitesine hen\u00fcz eri\u015filmemi\u015f betimlemelerle s\u00fcsl\u00fc, k\u0131r\u0131k bir a\u015fk hikayesiyle anlat\u0131yor.<\/p>\n","protected":false},"excerpt":{"rendered":"<p>&#8220;O \u00fcmitledir ki \u015fimdi sefer etmekteyiz, biz o ak\u0131nt\u0131ya kar\u015f\u0131 giden tekneler, durmadan geriye, ge\u00e7mi\u015fe \u00e7arp\u0131l\u0131p at\u0131lsak da ne gam&#8230;&#8221; Yirminci y\u00fczy\u0131l\u0131n en b\u00fcy\u00fck Amerikan yazarlar\u0131nda<span class=\"excerpt-hellip\"> [\u2026]<\/span><\/p>\n","protected":false},"featured_media":0,"template":"","meta":{"_monsterinsights_skip_tracking":false,"_monsterinsights_sitenote_active":false,"_monsterinsights_sitenote_note":"","_monsterinsights_sitenote_category":0},"product_brand":[],"product_cat":[12891,12291],"product_tag":[],"class_list":{"0":"post-697281","1":"product","2":"type-product","3":"status-publish","5":"product_cat-amerikan-edebiyati","6":"product_cat-edebiyat","7":"pa_cilt-ciltsiz","8":"pa_tur-kitap","9":"pa_yayinevi-bilge-kultur-sanat","10":"pa_yazar-francis-scott-key-fitzgerald","12":"first","13":"instock","14":"sale","15":"shipping-taxable","16":"purchasable","17":"product-type-simple"},"_links":{"self":[{"href":"https:\/\/roveyayinevi.com.tr\/index.php\/wp-json\/wp\/v2\/product\/697281","targetHints":{"allow":["GET"]}}],"collection":[{"href":"https:\/\/roveyayinevi.com.tr\/index.php\/wp-json\/wp\/v2\/product"}],"about":[{"href":"https:\/\/roveyayinevi.com.tr\/index.php\/wp-json\/wp\/v2\/types\/product"}],"wp:attachment":[{"href":"https:\/\/roveyayinevi.com.tr\/index.php\/wp-json\/wp\/v2\/media?parent=697281"}],"wp:term":[{"taxonomy":"product_brand","embeddable":true,"href":"https:\/\/roveyayinevi.com.tr\/index.php\/wp-json\/wp\/v2\/product_brand?post=697281"},{"taxonomy":"product_cat","embeddable":true,"href":"https:\/\/roveyayinevi.com.tr\/index.php\/wp-json\/wp\/v2\/product_cat?post=697281"},{"taxonomy":"product_tag","embeddable":true,"href":"https:\/\/roveyayinevi.com.tr\/index.php\/wp-json\/wp\/v2\/product_tag?post=697281"}],"curies":[{"name":"wp","href":"https:\/\/api.w.org\/{rel}","templated":true}]}}