{"id":697273,"date":"2025-08-27T14:39:12","date_gmt":"2025-08-27T11:39:12","guid":{"rendered":"https:\/\/roveyayinevi.com.tr\/index.php\/urun\/akp-devri-turkiye-siyaseti-islamcilik-arap-bahari\/"},"modified":"2026-04-16T02:06:56","modified_gmt":"2026-04-15T23:06:56","slug":"akp-devri-turkiye-siyaseti-islamcilik-arap-bahari","status":"publish","type":"product","link":"https:\/\/roveyayinevi.com.tr\/index.php\/urun\/akp-devri-turkiye-siyaseti-islamcilik-arap-bahari\/","title":{"rendered":"AKP Devri: T\u00fcrkiye Siyaseti, \u0130slamc\u0131l\u0131k, Arap Bahar\u0131"},"content":{"rendered":"<p>AKP muhafazak\u00e2r demokrat bir siyasal proje ile girdi\u011fi arenada bir d\u00f6nemi geride b\u0131rakt\u0131. Bu s\u00fcre i\u00e7erisinde yap\u0131lan \u00fc\u00e7 genel se\u00e7imden  her defas\u0131nda oyunu art\u0131rarak  galip \u00e7\u0131kt\u0131. \u0130ktidar\u0131na kar\u015f\u0131 y\u00f6neltilen anti-demokratik m\u00fcdahale giri\u015fimlerinden kurtulmu\u015f ve hatta bunlar\u0131 yarg\u0131layabilir pozisyona ge\u00e7mi\u015f olmas\u0131, AKP y\u00f6netici kadrolar\u0131n\u0131n \u00f6zg\u00fcvenini de peki\u015ftirdi. \u0130ktidar d\u00f6nemi boyunca b\u0131rak\u0131n kendisine y\u00f6nelmi\u015f muhalefetin g\u00fc\u00e7lenmesini, kendi siyasal gelene\u011finin s\u0131n\u0131rlar\u0131n\u0131n d\u0131\u015f\u0131ndaki sa\u011f siyaseti ve dolay\u0131s\u0131yla merkez sa\u011f\u0131 kendisinden ibaret k\u0131ld\u0131 AKP. Partinin, siyaseti nas\u0131l alg\u0131lad\u0131\u011f\u0131n\u0131, nas\u0131l uygulad\u0131\u011f\u0131n\u0131 ve ger\u00e7ekte ne derece ba\u015far\u0131l\u0131 oldu\u011funu de\u011ferlendirebilmek i\u00e7in, T\u00fcrkiye\u2019deki siyaset gelene\u011fini de analiz \u00e7er\u00e7evesine dahil etmek gerekiyor. Y\u00fcksel Ta\u015fk\u0131n, AKP Devri\u2019nde bir araya getirilen yaz\u0131lar\u0131nda T\u00fcrkiye\u2019deki sa\u011f ve \u0130sl\u00e2mc\u0131 gelenek i\u00e7inde bu siyasal partinin \u00f6zg\u00fcnl\u00fc\u011f\u00fc meselesini tart\u0131\u015f\u0131rken, bir yandan da \u0130sl\u00e2mc\u0131l\u0131k d\u00fc\u015f\u00fcncesinin ge\u00e7irdi\u011fi d\u00f6n\u00fc\u015f\u00fcme odaklan\u0131yor. Milli G\u00f6r\u00fc\u015f \u00e7izgisinden neo-liberal bir sa\u011f muhafazak\u00e2r partiye giden yolculu\u011fun ge\u00e7ti\u011fi a\u015famalar\u0131, partinin kendi gelenek ve tarihiyle,  k\u00fcresel durum a verdi\u011fi yan\u0131tlar aras\u0131ndaki gerilimler \u00fczerinden anlamaya \u00e7al\u0131\u015f\u0131yor. Kitab\u0131n son b\u00f6l\u00fcm\u00fcn\u00fc olu\u015fturan ve Ortado\u011fu genel ba\u011flam\u0131 i\u00e7inde Arap Bahar\u0131 d\u00f6nemine odaklanan yaz\u0131lar ise AKP devrine denk d\u00fc\u015fen, Arap co\u011frafyas\u0131n\u0131 ve \u0130sl\u00e2mc\u0131 siyasal hareketleri de etkileyen m\u00fccadeleleri Tunus, M\u0131s\u0131r ve \u0130ran \u00fczerinden inceliyor. Bu b\u00f6l\u00fcmde ayaklanmalar\u0131n nedenleri ve muhtemel sonu\u00e7lar\u0131na odaklanmakla yetinilmiyor. Ortado\u011fu\u2019nun yeniden \u015fekillenme s\u00fcrecinde, \u0130sl\u00e2mc\u0131 hareketlerin toplumsal hayatta kar\u015f\u0131la\u015ft\u0131klar\u0131 meselelerle ba\u015f edebilme yetenek ve stratejileri de mercek alt\u0131na al\u0131n\u0131yor. Elbette bu dinamikleri ortaya \u00e7\u0131karan sosyal doku ve \u00f6zellikler ihmal edilmeden&#8230; <\/p>\n","protected":false},"excerpt":{"rendered":"<p>AKP muhafazak\u00e2r demokrat bir siyasal proje ile girdi\u011fi arenada bir d\u00f6nemi geride b\u0131rakt\u0131. Bu s\u00fcre i\u00e7erisinde yap\u0131lan \u00fc\u00e7 genel se\u00e7imden her defas\u0131nda oyunu art\u0131rarak galip \u00e7\u0131kt\u0131.<span class=\"excerpt-hellip\"> [\u2026]<\/span><\/p>\n","protected":false},"featured_media":0,"template":"","meta":{"_monsterinsights_skip_tracking":false,"_monsterinsights_sitenote_active":false,"_monsterinsights_sitenote_note":"","_monsterinsights_sitenote_category":0},"product_brand":[],"product_cat":[12312,12304],"product_tag":[],"class_list":{"0":"post-697273","1":"product","2":"type-product","3":"status-publish","5":"product_cat-diger","6":"product_cat-tarih","7":"pa_cilt-ciltsiz","8":"pa_tur-kitap","9":"pa_yayinevi-iletisim-yayinlari","10":"pa_yazar-yuksel-taskin","12":"first","13":"instock","14":"sale","15":"shipping-taxable","16":"purchasable","17":"product-type-simple"},"_links":{"self":[{"href":"https:\/\/roveyayinevi.com.tr\/index.php\/wp-json\/wp\/v2\/product\/697273","targetHints":{"allow":["GET"]}}],"collection":[{"href":"https:\/\/roveyayinevi.com.tr\/index.php\/wp-json\/wp\/v2\/product"}],"about":[{"href":"https:\/\/roveyayinevi.com.tr\/index.php\/wp-json\/wp\/v2\/types\/product"}],"wp:attachment":[{"href":"https:\/\/roveyayinevi.com.tr\/index.php\/wp-json\/wp\/v2\/media?parent=697273"}],"wp:term":[{"taxonomy":"product_brand","embeddable":true,"href":"https:\/\/roveyayinevi.com.tr\/index.php\/wp-json\/wp\/v2\/product_brand?post=697273"},{"taxonomy":"product_cat","embeddable":true,"href":"https:\/\/roveyayinevi.com.tr\/index.php\/wp-json\/wp\/v2\/product_cat?post=697273"},{"taxonomy":"product_tag","embeddable":true,"href":"https:\/\/roveyayinevi.com.tr\/index.php\/wp-json\/wp\/v2\/product_tag?post=697273"}],"curies":[{"name":"wp","href":"https:\/\/api.w.org\/{rel}","templated":true}]}}