{"id":697232,"date":"2025-08-27T14:38:47","date_gmt":"2025-08-27T11:38:47","guid":{"rendered":"https:\/\/roveyayinevi.com.tr\/index.php\/urun\/cilgin-turkler-kibris\/"},"modified":"2026-04-16T02:06:55","modified_gmt":"2026-04-15T23:06:55","slug":"cilgin-turkler-kibris","status":"publish","type":"product","link":"https:\/\/roveyayinevi.com.tr\/index.php\/urun\/cilgin-turkler-kibris\/","title":{"rendered":"\u00c7\u0131lg\u0131n T\u00fcrkler &#8211; K\u0131br\u0131s"},"content":{"rendered":"<p>T. \u00d6zakman&#8217;\u0131n Dirili\u015f, \u015eu \u00c7\u0131lg\u0131n T\u00fcrkler ve Cumhuriyet-T\u00fcrk Mucizesi eserlerinden olu\u015fan T\u00fcrkiye \u00dc\u00e7lemesi, toplam 623 bask\u0131 yapm\u0131\u015ft\u0131r.Yazar bu kez yine yak\u0131n tarihimizin b\u00fcy\u00fck konular\u0131ndan biri olan K\u0131br\u0131s sorununu yazd\u0131. K\u0131br\u0131s&#8217;\u0131n fethinden g\u00fcn\u00fcm\u00fcze kadarki \u00e7arp\u0131c\u0131 olaylar\u0131, direni\u015f destanlar\u0131n\u0131, K\u0131br\u0131s&#8217;\u0131n y\u00fcz y\u0131ll\u0131k Milli M\u00fccadelesini ve Bar\u0131\u015f Harek\u00e2t\u0131n\u0131 bir b\u00fct\u00fcn olarak yine belge-roman tarz\u0131nda i\u015fledi. \u00c7\u0131lg\u0131n T\u00fcrkler-K\u0131br\u0131s&#8217;\u0131n da \u00fc\u00e7lemenin g\u00f6rd\u00fc\u011f\u00fc benzersiz ilgiyi g\u00f6rece\u011fine inan\u0131yoruz.Okumaya ba\u015flay\u0131nca hak vereceksiniz.\u00c7\u0131lg\u0131n T\u00fcrkler-K\u0131br\u0131s&#8217;tan birka\u00e7 par\u00e7a:Donanma K\u0131br\u0131s&#8217;\u0131n bat\u0131s\u0131ndan ge\u00e7erek Ada&#8217;n\u0131n g\u00fcneyindeki Larnaka (Tuzla) k\u00f6rfezinde demir att\u0131. 170 kad\u0131rga, 30 kalyon ve \u00e7e\u015fitli 160 gemi, toplam 360 gemi denizi kaplad\u0131, direklerden ufuk g\u00f6r\u00fcnmez oldu. (1570)Konaktan Baf kap\u0131s\u0131ndaki k\u0131\u015flaya gidildi. T\u00fcrk bayra\u011f\u0131 t\u00f6renle indirilerek yerine \u0130ngiliz bayra\u011f\u0131 \u00e7ekildi. Bu t\u00f6rende protokol gere\u011fi birka\u00e7 T\u00fcrk y\u00f6netici bulundu. Hepsinin g\u00f6zleri doldu. Bu bayrak bu g\u00f6ndere elli bin \u015fehit, binlerce gazi pahas\u0131na \u00e7ekilmi\u015fti. Bu ac\u0131 i\u015flem her \u015fehirde ve il\u00e7ede yap\u0131lacak, ay y\u0131ld\u0131z K\u0131br\u0131s&#8217;tan silinecekti. \u0130ndirilen bayraklar\u0131 alan T\u00fcrkler \u00f6zenle katlay\u0131p saklad\u0131lar. Bir g\u00fcn hepsi gerekli olacakt\u0131. \u00c7\u00fcnk\u00fc T\u00fcrk\u00fcn bir g\u00fcn geri gelece\u011fine inan\u0131yorlard\u0131.(1878)Rumlar kap\u0131y\u0131 tekmeleyip banyoya dald\u0131lar. K\u00fcvetin i\u00e7indeki anneyi ve \u00fc\u00e7 \u00e7ocu\u011fu g\u00f6rm\u00fc\u015flerdi. T\u00fcrk subay\u0131n\u0131n e\u015fi ve \u00e7ocuklar\u0131 bunlard\u0131 i\u015fte! G\u00f6rerek, nara ata ata otuz \u00fc\u00e7 el ate\u015f ettiler. D\u00f6rd\u00fc de \u00f6ld\u00fc. \u00c7ocuklar\u0131n kanlar\u0131, beyin par\u00e7alar\u0131, sa\u00e7lar\u0131 tavana s\u0131\u00e7ray\u0131p yap\u0131\u015ft\u0131. (24 Aral\u0131k 1963)Para\u015f\u00fct\u00e7\u00fcler K\u0131br\u0131s topra\u011f\u0131na rahmet gibi ya\u011f\u0131yorlard\u0131. K\u0131br\u0131sl\u0131 T\u00fcrklerin kimi sevin\u00e7ten a\u011fl\u0131yor, kimi \u015f\u00fck\u00fcr secdesine kapan\u0131yor, kimi avaz avaz ba\u011f\u0131r\u0131yordu. Denkta\u015f&#8217;\u0131n g\u00f6zya\u015flar\u0131 ip gibi y\u00fcz\u00fcne ak\u0131yordu. Ac\u0131, zul\u00fcm, \u00f6l\u00fcm, horlanma, eziyet, bask\u0131 ile dolu karanl\u0131k, kanl\u0131 y\u0131llar sona ermi\u015fti. Bir K\u0131br\u0131s T\u00fcrk\u00fc, b\u00fct\u00fcn Rumlara i\u015fittirmek \u00fcmidiyle sesi \u00e7\u0131kt\u0131\u011f\u0131 kadar ba\u011f\u0131r\u0131yordu:&#8221;T\u00fcrkler gelirse i\u015fte b\u00f6yle gelir!&#8221; (20 Temmuz 1974)<\/p>\n","protected":false},"excerpt":{"rendered":"<p>T. \u00d6zakman&#8217;\u0131n Dirili\u015f, \u015eu \u00c7\u0131lg\u0131n T\u00fcrkler ve Cumhuriyet-T\u00fcrk Mucizesi eserlerinden olu\u015fan T\u00fcrkiye \u00dc\u00e7lemesi, toplam 623 bask\u0131 yapm\u0131\u015ft\u0131r.Yazar bu kez yine yak\u0131n tarihimizin b\u00fcy\u00fck konular\u0131ndan biri olan<span class=\"excerpt-hellip\"> [\u2026]<\/span><\/p>\n","protected":false},"featured_media":0,"template":"","meta":{"_monsterinsights_skip_tracking":false,"_monsterinsights_sitenote_active":false,"_monsterinsights_sitenote_note":"","_monsterinsights_sitenote_category":0},"product_brand":[],"product_cat":[12291,12745],"product_tag":[],"class_list":{"0":"post-697232","1":"product","2":"type-product","3":"status-publish","5":"product_cat-edebiyat","6":"product_cat-tarihi-roman","7":"pa_cilt-ciltsiz","8":"pa_tur-kitap","9":"pa_yayinevi-bilgi-yayinevi","10":"pa_yazar-turgut-ozakman","12":"first","13":"instock","14":"sale","15":"shipping-taxable","16":"purchasable","17":"product-type-simple"},"_links":{"self":[{"href":"https:\/\/roveyayinevi.com.tr\/index.php\/wp-json\/wp\/v2\/product\/697232","targetHints":{"allow":["GET"]}}],"collection":[{"href":"https:\/\/roveyayinevi.com.tr\/index.php\/wp-json\/wp\/v2\/product"}],"about":[{"href":"https:\/\/roveyayinevi.com.tr\/index.php\/wp-json\/wp\/v2\/types\/product"}],"wp:attachment":[{"href":"https:\/\/roveyayinevi.com.tr\/index.php\/wp-json\/wp\/v2\/media?parent=697232"}],"wp:term":[{"taxonomy":"product_brand","embeddable":true,"href":"https:\/\/roveyayinevi.com.tr\/index.php\/wp-json\/wp\/v2\/product_brand?post=697232"},{"taxonomy":"product_cat","embeddable":true,"href":"https:\/\/roveyayinevi.com.tr\/index.php\/wp-json\/wp\/v2\/product_cat?post=697232"},{"taxonomy":"product_tag","embeddable":true,"href":"https:\/\/roveyayinevi.com.tr\/index.php\/wp-json\/wp\/v2\/product_tag?post=697232"}],"curies":[{"name":"wp","href":"https:\/\/api.w.org\/{rel}","templated":true}]}}