{"id":697199,"date":"2025-08-27T14:38:38","date_gmt":"2025-08-27T11:38:38","guid":{"rendered":"https:\/\/roveyayinevi.com.tr\/index.php\/urun\/ruya-sakinleri\/"},"modified":"2026-04-16T02:06:54","modified_gmt":"2026-04-15T23:06:54","slug":"ruya-sakinleri","status":"publish","type":"product","link":"https:\/\/roveyayinevi.com.tr\/index.php\/urun\/ruya-sakinleri\/","title":{"rendered":"R\u00fcya Sakinleri"},"content":{"rendered":"<p>Irish Murdoch yine felsefeci yazar kimli\u011fiyle \u00e7\u0131k\u0131yor kar\u015f\u0131m\u0131za. Romanda ele ald\u0131\u011f\u0131 a\u015fk, rastlant\u0131, ger\u00e7eklik gibi temel konular kimi zaman kurmacan\u0131n dokusu i\u00e7inde erimi\u015f olarak, kimi zaman da \u00fcst\u00fcnde y\u00fczen bir \u00e7i\u00e7ek demeti gibi yo\u011fun bir halde sunuluyor. \u00d6l\u00fcm d\u00f6\u015fe\u011findeki ihtiyar Bruno b\u00fcy\u00fck bir kayg\u0131yla ge\u00e7mi\u015fini ve bug\u00fcn\u00fcn\u00fc d\u00fc\u015f\u00fcn\u00fcrken hayat\u0131 yeniden yorumlama noktas\u0131na gelir. S\u00fcrekli ger\u00e7ekli\u011fi sorgular. Ya\u015fam\u0131\u015f oldu\u011fu pek \u00e7ok \u015feyin bir r\u00fcya oldu\u011fu, asl\u0131nda hayata hi\u00e7 dokunmam\u0131\u015f oldu\u011funu ke\u015ffeder. Her \u015fey bir r\u00fcyad\u0131r ve herkes bir ba\u015fkas\u0131n\u0131n r\u00fcyas\u0131nda var olmaktad\u0131r. Bruno d\u00fc\u015f\u00fcncelerini geli\u015ftirirken \u00e7evresindeki insanlar da kurla\u015fmadan a\u015fka kadar \u00e7e\u015fitli ili\u015fkiler i\u00e7ine girerler. Bazen beklenmedik bir bi\u00e7imde bir u\u00e7tan bir uca savrulup yer de\u011fi\u015ftirirler. Yazar, benmerkezci yap\u0131lar\u0131 y\u00fcz\u00fcnden \u00f6tekini  \u0131skalayan  ve bunun i\u00e7in de s\u0131k s\u0131k yan\u0131lan; s\u00f6zde a\u015fk\u0131 ararken ba\u015fkalar\u0131n\u0131 nesne olarak g\u00f6ren karakterler arac\u0131l\u0131\u011f\u0131yla insan\u0131n i\u00e7 ve d\u0131\u015f d\u00fcnyas\u0131ndaki bocalamalar\u0131na ve buradaki bir ahlak anlay\u0131\u015f\u0131 eksikli\u011fine dikkat \u00e7ekiyor. S\u00f6zgelimi bir a\u015fk ili\u015fkisinde insan\u0131n i\u015fleyebilece\u011fi en b\u00fcy\u00fck su\u00e7un belki de kar\u015f\u0131s\u0131ndakinin daha fazla sevmesine izin vermesi olabilece\u011fi s\u00f6ylenirken tart\u0131\u015fmaya a\u00e7\u0131lan yar\u0131 \u00f6rt\u00fcl\u00fc soru-cevaplar da var: Y\u00fcr\u00fcmeyen ili\u015fkilerdeki sorun  do\u011fru ki\u015fi  sorunu mudur, yoksa  teke\u015flilik  sorunu mu? \u0130nsanlar\u0131n anlay\u0131\u015flar\u0131na g\u00f6re k\u0131l\u0131ktan k\u0131l\u0131\u011fa giren bir tanr\u0131 hangi durumlarda yararl\u0131 olabilir? A\u015fk ama\u00e7 m\u0131d\u0131r, yoksa&#8230;? Roman yer yer sinematografik atmosferlerle, yer yer de felsefi diyaloglarla \u00f6r\u00fclm\u00fc\u015f. Bazen bir dram\u0131n ya da g\u00fclmecenin, bazen de bir fikrin pe\u015finden s\u00fcr\u00fckleniyoruz. Her iki durumda da s\u00fcr\u00fckleyici ve canl\u0131 bir roman. <\/p>\n","protected":false},"excerpt":{"rendered":"<p>Irish Murdoch yine felsefeci yazar kimli\u011fiyle \u00e7\u0131k\u0131yor kar\u015f\u0131m\u0131za. Romanda ele ald\u0131\u011f\u0131 a\u015fk, rastlant\u0131, ger\u00e7eklik gibi temel konular kimi zaman kurmacan\u0131n dokusu i\u00e7inde erimi\u015f olarak, kimi zaman<span class=\"excerpt-hellip\"> [\u2026]<\/span><\/p>\n","protected":false},"featured_media":0,"template":"","meta":{"_monsterinsights_skip_tracking":false,"_monsterinsights_sitenote_active":false,"_monsterinsights_sitenote_note":"","_monsterinsights_sitenote_category":0},"product_brand":[],"product_cat":[12291,12866],"product_tag":[],"class_list":{"0":"post-697199","1":"product","2":"type-product","3":"status-publish","5":"product_cat-edebiyat","6":"product_cat-ingiliz-edebiyati","7":"pa_cilt-ciltsiz","8":"pa_tur-kitap","9":"pa_yayinevi-ayrinti-yayinlari","10":"pa_yazar-iris-murdoch","12":"first","13":"instock","14":"sale","15":"shipping-taxable","16":"purchasable","17":"product-type-simple"},"_links":{"self":[{"href":"https:\/\/roveyayinevi.com.tr\/index.php\/wp-json\/wp\/v2\/product\/697199","targetHints":{"allow":["GET"]}}],"collection":[{"href":"https:\/\/roveyayinevi.com.tr\/index.php\/wp-json\/wp\/v2\/product"}],"about":[{"href":"https:\/\/roveyayinevi.com.tr\/index.php\/wp-json\/wp\/v2\/types\/product"}],"wp:attachment":[{"href":"https:\/\/roveyayinevi.com.tr\/index.php\/wp-json\/wp\/v2\/media?parent=697199"}],"wp:term":[{"taxonomy":"product_brand","embeddable":true,"href":"https:\/\/roveyayinevi.com.tr\/index.php\/wp-json\/wp\/v2\/product_brand?post=697199"},{"taxonomy":"product_cat","embeddable":true,"href":"https:\/\/roveyayinevi.com.tr\/index.php\/wp-json\/wp\/v2\/product_cat?post=697199"},{"taxonomy":"product_tag","embeddable":true,"href":"https:\/\/roveyayinevi.com.tr\/index.php\/wp-json\/wp\/v2\/product_tag?post=697199"}],"curies":[{"name":"wp","href":"https:\/\/api.w.org\/{rel}","templated":true}]}}