{"id":697173,"date":"2025-08-27T14:38:31","date_gmt":"2025-08-27T11:38:31","guid":{"rendered":"https:\/\/roveyayinevi.com.tr\/index.php\/urun\/mecmua-i-funun\/"},"modified":"2026-04-16T02:06:53","modified_gmt":"2026-04-15T23:06:53","slug":"mecmua-i-funun","status":"publish","type":"product","link":"https:\/\/roveyayinevi.com.tr\/index.php\/urun\/mecmua-i-funun\/","title":{"rendered":"Mecmua-i F\u00fcnun"},"content":{"rendered":"<p>Osmanl\u0131 \u0130mparatorlu\u011fu\u2019nun resm\u00ee ilk sivil bilim \u00f6rg\u00fctlenmesi olan Cemiyet-i \u0130lmiyye-i Osm\u00e2niyye taraf\u0131ndan 1862 y\u0131l\u0131nda \u00e7\u0131kar\u0131lmaya ba\u015flanan Mecm\u00fba-i F\u00fcn\u00fbn, ad\u0131 \u00fcst\u00fcnde bir \u2018fen\u2019ler dergisidir ve hen\u00fcz T\u00fcrk okuyucusunun tan\u0131mad\u0131\u011f\u0131 jeoloji, fizik, kimya, biyoloji gibi pozitif bilimlerden; tarih, co\u011frafya, pedagoji, felsefe, mant\u0131k, maliye ve iktisat gibi sosyal bilimlere kadar bir\u00e7ok konu, sayfalar\u0131nda yer bulmu\u015ftur. \u00c7o\u011funlu\u011funu cemiyet \u00fcyelerinin olu\u015fturdu\u011fu mecmua yazarlar\u0131, bir yandan bilimsel d\u00fc\u015f\u00fcnceyi g\u00fcndelik politikadan uzak tutmaya \u00f6zen g\u00f6sterirken, di\u011fer yandan cesurca el att\u0131klar\u0131 toplumsal konularla medrese d\u0131\u015f\u0131ndaki en cidd\u00ee muhalefeti meydana getirmi\u015flerdir. <\/p>\n","protected":false},"excerpt":{"rendered":"<p>Osmanl\u0131 \u0130mparatorlu\u011fu\u2019nun resm\u00ee ilk sivil bilim \u00f6rg\u00fctlenmesi olan Cemiyet-i \u0130lmiyye-i Osm\u00e2niyye taraf\u0131ndan 1862 y\u0131l\u0131nda \u00e7\u0131kar\u0131lmaya ba\u015flanan Mecm\u00fba-i F\u00fcn\u00fbn, ad\u0131 \u00fcst\u00fcnde bir \u2018fen\u2019ler dergisidir ve hen\u00fcz T\u00fcrk<span class=\"excerpt-hellip\"> [\u2026]<\/span><\/p>\n","protected":false},"featured_media":0,"template":"","meta":{"_monsterinsights_skip_tracking":false,"_monsterinsights_sitenote_active":false,"_monsterinsights_sitenote_note":"","_monsterinsights_sitenote_category":0},"product_brand":[],"product_cat":[13517,12304],"product_tag":[],"class_list":{"0":"post-697173","1":"product","2":"type-product","3":"status-publish","5":"product_cat-osmanli-tarihi","6":"product_cat-tarih","7":"pa_tur-kitap","8":"pa_yayinevi-bilge-kultur-sanat","9":"pa_yazar-ali-budak","11":"first","12":"instock","13":"sale","14":"shipping-taxable","15":"purchasable","16":"product-type-simple"},"_links":{"self":[{"href":"https:\/\/roveyayinevi.com.tr\/index.php\/wp-json\/wp\/v2\/product\/697173","targetHints":{"allow":["GET"]}}],"collection":[{"href":"https:\/\/roveyayinevi.com.tr\/index.php\/wp-json\/wp\/v2\/product"}],"about":[{"href":"https:\/\/roveyayinevi.com.tr\/index.php\/wp-json\/wp\/v2\/types\/product"}],"wp:attachment":[{"href":"https:\/\/roveyayinevi.com.tr\/index.php\/wp-json\/wp\/v2\/media?parent=697173"}],"wp:term":[{"taxonomy":"product_brand","embeddable":true,"href":"https:\/\/roveyayinevi.com.tr\/index.php\/wp-json\/wp\/v2\/product_brand?post=697173"},{"taxonomy":"product_cat","embeddable":true,"href":"https:\/\/roveyayinevi.com.tr\/index.php\/wp-json\/wp\/v2\/product_cat?post=697173"},{"taxonomy":"product_tag","embeddable":true,"href":"https:\/\/roveyayinevi.com.tr\/index.php\/wp-json\/wp\/v2\/product_tag?post=697173"}],"curies":[{"name":"wp","href":"https:\/\/api.w.org\/{rel}","templated":true}]}}