{"id":697162,"date":"2025-08-27T14:38:28","date_gmt":"2025-08-27T11:38:28","guid":{"rendered":"https:\/\/roveyayinevi.com.tr\/index.php\/urun\/nasreddin-hoca-fikralarindan-secmeler\/"},"modified":"2026-04-16T02:06:53","modified_gmt":"2026-04-15T23:06:53","slug":"nasreddin-hoca-fikralarindan-secmeler","status":"publish","type":"product","link":"https:\/\/roveyayinevi.com.tr\/index.php\/urun\/nasreddin-hoca-fikralarindan-secmeler\/","title":{"rendered":"Nasreddin Hoca F\u0131kralar\u0131ndan Se\u00e7meler"},"content":{"rendered":"<p>Nasreddin Hoca \u00fcn\u00fc as\u0131rlar\u0131 ve s\u0131n\u0131rlar\u0131 a\u015fm\u0131\u015f b\u00fct\u00fcn d\u00fcnyada tan\u0131nm\u0131\u015f ve sevilmi\u015f bir bilgi hikmet ve n\u00fckte dehas\u0131d\u0131r. O kendi \u015f\u00f6hret sahas\u0131 i\u00e7inde pek \u00e7ok \u00f6zelli\u011fi ile dikkat \u00e7ekmi\u015ftir. \u00d6ncelikle medeniyetimizin g\u00fclen y\u00fcz\u00fc d\u00fcr. G\u00fcld\u00fcr\u00fcrken d\u00fc\u015f\u00fcnd\u00fcren bir halk bilgesidir. <\/p>\n","protected":false},"excerpt":{"rendered":"<p>Nasreddin Hoca \u00fcn\u00fc as\u0131rlar\u0131 ve s\u0131n\u0131rlar\u0131 a\u015fm\u0131\u015f b\u00fct\u00fcn d\u00fcnyada tan\u0131nm\u0131\u015f ve sevilmi\u015f bir bilgi hikmet ve n\u00fckte dehas\u0131d\u0131r. O kendi \u015f\u00f6hret sahas\u0131 i\u00e7inde pek \u00e7ok \u00f6zelli\u011fi<span class=\"excerpt-hellip\"> [\u2026]<\/span><\/p>\n","protected":false},"featured_media":0,"template":"","meta":{"_monsterinsights_skip_tracking":false,"_monsterinsights_sitenote_active":false,"_monsterinsights_sitenote_note":"","_monsterinsights_sitenote_category":0},"product_brand":[],"product_cat":[12477,12364],"product_tag":[],"class_list":{"0":"post-697162","1":"product","2":"type-product","3":"status-publish","5":"product_cat-eglence-mizah","6":"product_cat-genel-konular","7":"pa_tur-kitap","8":"pa_yayinevi-bilge-kultur-sanat","9":"pa_yazar-osman-sevim","11":"first","12":"instock","13":"sale","14":"shipping-taxable","15":"purchasable","16":"product-type-simple"},"_links":{"self":[{"href":"https:\/\/roveyayinevi.com.tr\/index.php\/wp-json\/wp\/v2\/product\/697162","targetHints":{"allow":["GET"]}}],"collection":[{"href":"https:\/\/roveyayinevi.com.tr\/index.php\/wp-json\/wp\/v2\/product"}],"about":[{"href":"https:\/\/roveyayinevi.com.tr\/index.php\/wp-json\/wp\/v2\/types\/product"}],"wp:attachment":[{"href":"https:\/\/roveyayinevi.com.tr\/index.php\/wp-json\/wp\/v2\/media?parent=697162"}],"wp:term":[{"taxonomy":"product_brand","embeddable":true,"href":"https:\/\/roveyayinevi.com.tr\/index.php\/wp-json\/wp\/v2\/product_brand?post=697162"},{"taxonomy":"product_cat","embeddable":true,"href":"https:\/\/roveyayinevi.com.tr\/index.php\/wp-json\/wp\/v2\/product_cat?post=697162"},{"taxonomy":"product_tag","embeddable":true,"href":"https:\/\/roveyayinevi.com.tr\/index.php\/wp-json\/wp\/v2\/product_tag?post=697162"}],"curies":[{"name":"wp","href":"https:\/\/api.w.org\/{rel}","templated":true}]}}