{"id":697136,"date":"2025-08-27T14:38:21","date_gmt":"2025-08-27T11:38:21","guid":{"rendered":"https:\/\/roveyayinevi.com.tr\/index.php\/urun\/cizmeli-osman\/"},"modified":"2026-04-16T02:06:52","modified_gmt":"2026-04-15T23:06:52","slug":"cizmeli-osman","status":"publish","type":"product","link":"https:\/\/roveyayinevi.com.tr\/index.php\/urun\/cizmeli-osman\/","title":{"rendered":"\u00c7izmeli Osman"},"content":{"rendered":"<p>Muzaffer \u0130zg\u00fc&#8217;n\u00fcn \u00c7ocuk Kitaplar\u0131 Sevgili \u00c7ocuklar Sizler i\u00e7in yazd\u0131\u011f\u0131m bu romanda, sizlerden birini anlatt\u0131m. Vars\u0131llar\u0131n giydi\u011fi o g\u00fczel ayakkab\u0131lar\u0131 giyemeyen, bir lastik \u00e7izme al\u0131n\u0131nca da u\u00e7arcas\u0131na sevinen Osman&#8217;\u0131&#8230; Osman&#8217;\u0131n ya\u015fad\u0131\u011f\u0131 \u00e7evreyi, onun kalabal\u0131k ailesini, gecekondular\u0131n\u0131 anlatt\u0131m. Bir lastik \u00e7izmenin ba\u015f\u0131ndan ge\u00e7mi\u015f gibi, o lastik \u00e7izmenin a\u011fz\u0131ndan anlat\u0131lanlar\u0131 ilgiyle okuyaca\u011f\u0131n\u0131z ve &#8216;\u00c7\u0130ZMEL\u0130 OSMAN&#8217;\u0131n sevin\u00e7lerini, \u00fcz\u00fcnt\u00fclerini y\u00fcre\u011finizde duyaca\u011f\u0131n\u0131z inanc\u0131nday\u0131m. En iyi dileklerimle. Muzaffer \u0130zg\u00fc <\/p>\n","protected":false},"excerpt":{"rendered":"<p>Muzaffer \u0130zg\u00fc&#8217;n\u00fcn \u00c7ocuk Kitaplar\u0131 Sevgili \u00c7ocuklar Sizler i\u00e7in yazd\u0131\u011f\u0131m bu romanda, sizlerden birini anlatt\u0131m. Vars\u0131llar\u0131n giydi\u011fi o g\u00fczel ayakkab\u0131lar\u0131 giyemeyen, bir lastik \u00e7izme al\u0131n\u0131nca da u\u00e7arcas\u0131na<span class=\"excerpt-hellip\"> [\u2026]<\/span><\/p>\n","protected":false},"featured_media":0,"template":"","meta":{"_monsterinsights_skip_tracking":false,"_monsterinsights_sitenote_active":false,"_monsterinsights_sitenote_note":"","_monsterinsights_sitenote_category":0},"product_brand":[],"product_cat":[12275,12274],"product_tag":[],"class_list":{"0":"post-697136","1":"product","2":"type-product","3":"status-publish","5":"product_cat-6-12-yas-kitaplari","6":"product_cat-cocuk-ve-genclik-kitaplari","7":"pa_cilt-ciltsiz","8":"pa_tur-kitap","9":"pa_yayinevi-bilgi-yayinevi-cocuk","10":"pa_yazar-muzaffer-izgu","12":"first","13":"instock","14":"sale","15":"shipping-taxable","16":"purchasable","17":"product-type-simple"},"_links":{"self":[{"href":"https:\/\/roveyayinevi.com.tr\/index.php\/wp-json\/wp\/v2\/product\/697136","targetHints":{"allow":["GET"]}}],"collection":[{"href":"https:\/\/roveyayinevi.com.tr\/index.php\/wp-json\/wp\/v2\/product"}],"about":[{"href":"https:\/\/roveyayinevi.com.tr\/index.php\/wp-json\/wp\/v2\/types\/product"}],"wp:attachment":[{"href":"https:\/\/roveyayinevi.com.tr\/index.php\/wp-json\/wp\/v2\/media?parent=697136"}],"wp:term":[{"taxonomy":"product_brand","embeddable":true,"href":"https:\/\/roveyayinevi.com.tr\/index.php\/wp-json\/wp\/v2\/product_brand?post=697136"},{"taxonomy":"product_cat","embeddable":true,"href":"https:\/\/roveyayinevi.com.tr\/index.php\/wp-json\/wp\/v2\/product_cat?post=697136"},{"taxonomy":"product_tag","embeddable":true,"href":"https:\/\/roveyayinevi.com.tr\/index.php\/wp-json\/wp\/v2\/product_tag?post=697136"}],"curies":[{"name":"wp","href":"https:\/\/api.w.org\/{rel}","templated":true}]}}