{"id":697132,"date":"2025-08-27T14:38:20","date_gmt":"2025-08-27T11:38:20","guid":{"rendered":"https:\/\/roveyayinevi.com.tr\/index.php\/urun\/sanatin-sonundan-sonra\/"},"modified":"2026-04-16T02:06:52","modified_gmt":"2026-04-15T23:06:52","slug":"sanatin-sonundan-sonra","status":"publish","type":"product","link":"https:\/\/roveyayinevi.com.tr\/index.php\/urun\/sanatin-sonundan-sonra\/","title":{"rendered":"Sanat\u0131n Sonundan Sonra"},"content":{"rendered":"<p>Sanat ele\u015ftirmeni ve filozof Arthur C. Danto 1984\u2019te, altm\u0131\u015fl\u0131 y\u0131llarda sanat\u0131n bitti\u011fini ilan etti. O tarihten beri g\u00fcn\u00fcm\u00fcz sanat\u0131n\u0131n do\u011fas\u0131na y\u00f6nelik en radikal ele\u015ftiriler de yine Danto\u2019dan geldi. Sanat\u0131n Sonundan Sonra\u2019da yazar bu g\u00f6r\u00fc\u015f\u00fcn\u00fc ilk kez eksiksiz olarak ortaya koyarak, sanat\u0131 yeniden tan\u0131ml\u0131yor. Sanat\u0131n ger\u00e7ekli\u011fin giderek daha yetkin temsili haline gelece\u011fi inanc\u0131na dayanan mimetik gelenekten, sanat\u0131n sanat\u00e7\u0131n\u0131n felsefesiyle belirlendi\u011fine inanan modern manifestolar \u00e7a\u011f\u0131na, oradan da her \u015feyin me\u015fru oldu\u011fu tarih-sonras\u0131 d\u00f6neme uzanan sanat tarihinin izini s\u00fcren Danto, Bat\u0131 sanat\u0131n\u0131n Hegelci anlamda sona erdi\u011fini savunuyor. Elbette bu art\u0131k sanat\u0131n m\u00fcmk\u00fcn olmad\u0131\u011f\u0131, iyi sanat\u0131n yap\u0131lamayaca\u011f\u0131 de\u011fil; tam tersine, sanatta yeni bir \u00e7a\u011f\u0131n ba\u015flad\u0131\u011f\u0131 ve bu \u00e7a\u011fda sanat\u0131n mimesis teorisinin ve ideolojilerin b\u00fct\u00fcn prangalar\u0131ndan kurtuldu\u011fu anlam\u0131na geliyor. Danto bize geleneksel teorilerin bir manav tezg\u00e2h\u0131yla bir modern sanat yap\u0131t\u0131n\u0131n fark\u0131n\u0131 a\u00e7\u0131klamakta zorland\u0131\u011f\u0131 tarih-sonras\u0131 bir \u00e7a\u011fda sanat\u0131 anlamam\u0131za yard\u0131mc\u0131 olabilecek yeni bir ele\u015ftiri t\u00fcr\u00fcn\u00fc ve estetik anlay\u0131\u015f\u0131n\u0131 sunuyor. Danto\u2019ya g\u00f6re, geleneksel estetik kavramlar\u0131 ve anlay\u0131\u015flar\u0131 \u00e7a\u011fda\u015f sanata uygulanamaz art\u0131k. Yeni bir estetik kavray\u0131\u015f zorunludur. \u0130\u015fte Danto bu kitab\u0131nda Hegel\u2019in diyalektik sanat tarihine kendi yorumunu katarak, \u00e7a\u011fda\u015f sanat\u0131n belki de en \u015fa\u015f\u0131rt\u0131c\u0131 \u00f6zelli\u011fiyle, her \u015feyin m\u00fcmk\u00fcn ve me\u015fru oldu\u011fu anlay\u0131\u015f\u0131yla ba\u015f edebilecek bir sanat ele\u015ftirisi felsefesi \u00fczerinde yo\u011funla\u015f\u0131yor. Bu kitapta estetik, sanat tarihi, sanat ele\u015ftirisi, pop art, \u201chalk\u201d sanat\u0131, gelecekte sanat\u0131n yeri ve m\u00fczelerin rol\u00fc gibi bir\u00e7ok alanda ufuk a\u00e7\u0131c\u0131 tart\u0131\u015fmalar bulacaks\u0131n\u0131z.<\/p>\n","protected":false},"excerpt":{"rendered":"<p>Sanat ele\u015ftirmeni ve filozof Arthur C. Danto 1984\u2019te, altm\u0131\u015fl\u0131 y\u0131llarda sanat\u0131n bitti\u011fini ilan etti. O tarihten beri g\u00fcn\u00fcm\u00fcz sanat\u0131n\u0131n do\u011fas\u0131na y\u00f6nelik en radikal ele\u015ftiriler de yine<span class=\"excerpt-hellip\"> [\u2026]<\/span><\/p>\n","protected":false},"featured_media":0,"template":"","meta":{"_monsterinsights_skip_tracking":false,"_monsterinsights_sitenote_active":false,"_monsterinsights_sitenote_note":"","_monsterinsights_sitenote_category":0},"product_brand":[],"product_cat":[12312,12304],"product_tag":[],"class_list":{"0":"post-697132","1":"product","2":"type-product","3":"status-publish","5":"product_cat-diger","6":"product_cat-tarih","7":"pa_cilt-ciltsiz","8":"pa_tur-kitap","9":"pa_yayinevi-ayrinti-yayinlari","10":"pa_yazar-arthur-c-danto","12":"first","13":"instock","14":"sale","15":"shipping-taxable","16":"purchasable","17":"product-type-simple"},"_links":{"self":[{"href":"https:\/\/roveyayinevi.com.tr\/index.php\/wp-json\/wp\/v2\/product\/697132","targetHints":{"allow":["GET"]}}],"collection":[{"href":"https:\/\/roveyayinevi.com.tr\/index.php\/wp-json\/wp\/v2\/product"}],"about":[{"href":"https:\/\/roveyayinevi.com.tr\/index.php\/wp-json\/wp\/v2\/types\/product"}],"wp:attachment":[{"href":"https:\/\/roveyayinevi.com.tr\/index.php\/wp-json\/wp\/v2\/media?parent=697132"}],"wp:term":[{"taxonomy":"product_brand","embeddable":true,"href":"https:\/\/roveyayinevi.com.tr\/index.php\/wp-json\/wp\/v2\/product_brand?post=697132"},{"taxonomy":"product_cat","embeddable":true,"href":"https:\/\/roveyayinevi.com.tr\/index.php\/wp-json\/wp\/v2\/product_cat?post=697132"},{"taxonomy":"product_tag","embeddable":true,"href":"https:\/\/roveyayinevi.com.tr\/index.php\/wp-json\/wp\/v2\/product_tag?post=697132"}],"curies":[{"name":"wp","href":"https:\/\/api.w.org\/{rel}","templated":true}]}}