{"id":697131,"date":"2025-08-27T14:38:20","date_gmt":"2025-08-27T11:38:20","guid":{"rendered":"https:\/\/roveyayinevi.com.tr\/index.php\/urun\/sanat-ve-sorumluluk\/"},"modified":"2026-04-16T02:06:52","modified_gmt":"2026-04-15T23:06:52","slug":"sanat-ve-sorumluluk","status":"publish","type":"product","link":"https:\/\/roveyayinevi.com.tr\/index.php\/urun\/sanat-ve-sorumluluk\/","title":{"rendered":"Sanat ve Sorumluluk"},"content":{"rendered":"<p>Bahtin\u2019in erken d\u00f6nem denemelerinin bir araya getirilmesinden olu\u015fan Sanat ve Sorumluluk, y\u00fczy\u0131l\u0131n en \u00f6nemli edebiyat kuramc\u0131lar\u0131ndan biri olan yazar\u0131n daha sonraki eserlerine \u0131\u015f\u0131k tutmas\u0131 a\u00e7\u0131s\u0131ndan \u00e7ok \u00f6nemli bir \u00e7al\u0131\u015fmad\u0131r. Bahtin daha sonra detayl\u0131 bir \u015fekilde yeniden ele alaca\u011f\u0131 yazar-kahraman ili\u015fkisine dair d\u00fc\u015f\u00fcncelerini ilk kez bu denemelerde dile getirmi\u015f ve geli\u015ftirmi\u015ftir. Bahtin\u2019e g\u00f6re, yazar\u0131n yaratt\u0131\u011f\u0131 karakterle kurdu\u011fu ili\u015fki, bir \u00f6znenin kendinden ba\u015fka bir \u00f6zneyle, yani \u201cben\u201din \u201c\u00f6teki\u201d ile kurdu\u011fu ili\u015fkidir. Dolay\u0131s\u0131yla \u201cyazar ve kahraman\u0131\u201d aras\u0131ndaki ili\u015fkiyi ele al\u0131rken, bir yandan estetik alg\u0131n\u0131n dinamiklerini ortaya koyar, bir yandan da \u00e7ok daha genel bir \u00f6zne teorisi geli\u015ftirir Bahtin. Ben nas\u0131l kendi de\u011ferimi benim d\u0131\u015f\u0131mdaki bir \u00f6zne ile ili\u015fkimden ba\u011f\u0131ms\u0131z olarak belirleyemiyorsam, yazar da kendi b\u00fct\u00fcnl\u00fc\u011f\u00fcn\u00fc yaratt\u0131\u011f\u0131 kahramandan ba\u011f\u0131ms\u0131z olarak kuramaz; kendini yaln\u0131zca i\u00e7eriden deneyimler ve hep eksik kal\u0131r. Estetik alg\u0131y\u0131 yaratan ve yazar\u0131n varolu\u015funa bir anlam kazand\u0131ran, yaln\u0131zca \u00f6teki ile \u2013yani kahraman\u0131yla\u2013 kurdu\u011fu ili\u015fki, onunla y\u00fcr\u00fctt\u00fc\u011f\u00fc diyalogdur. <\/p>\n","protected":false},"excerpt":{"rendered":"<p>Bahtin\u2019in erken d\u00f6nem denemelerinin bir araya getirilmesinden olu\u015fan Sanat ve Sorumluluk, y\u00fczy\u0131l\u0131n en \u00f6nemli edebiyat kuramc\u0131lar\u0131ndan biri olan yazar\u0131n daha sonraki eserlerine \u0131\u015f\u0131k tutmas\u0131 a\u00e7\u0131s\u0131ndan \u00e7ok<span class=\"excerpt-hellip\"> [\u2026]<\/span><\/p>\n","protected":false},"featured_media":0,"template":"","meta":{"_monsterinsights_skip_tracking":false,"_monsterinsights_sitenote_active":false,"_monsterinsights_sitenote_note":"","_monsterinsights_sitenote_category":0},"product_brand":[],"product_cat":[12408,14197],"product_tag":[],"class_list":{"0":"post-697131","1":"product","2":"type-product","3":"status-publish","5":"product_cat-sanat","6":"product_cat-sanat-tarihi","7":"pa_cilt-ciltsiz","8":"pa_tur-kitap","9":"pa_yayinevi-ayrinti-yayinlari","10":"pa_yazar-mikhail-bakhtin","12":"first","13":"instock","14":"sale","15":"shipping-taxable","16":"purchasable","17":"product-type-simple"},"_links":{"self":[{"href":"https:\/\/roveyayinevi.com.tr\/index.php\/wp-json\/wp\/v2\/product\/697131","targetHints":{"allow":["GET"]}}],"collection":[{"href":"https:\/\/roveyayinevi.com.tr\/index.php\/wp-json\/wp\/v2\/product"}],"about":[{"href":"https:\/\/roveyayinevi.com.tr\/index.php\/wp-json\/wp\/v2\/types\/product"}],"wp:attachment":[{"href":"https:\/\/roveyayinevi.com.tr\/index.php\/wp-json\/wp\/v2\/media?parent=697131"}],"wp:term":[{"taxonomy":"product_brand","embeddable":true,"href":"https:\/\/roveyayinevi.com.tr\/index.php\/wp-json\/wp\/v2\/product_brand?post=697131"},{"taxonomy":"product_cat","embeddable":true,"href":"https:\/\/roveyayinevi.com.tr\/index.php\/wp-json\/wp\/v2\/product_cat?post=697131"},{"taxonomy":"product_tag","embeddable":true,"href":"https:\/\/roveyayinevi.com.tr\/index.php\/wp-json\/wp\/v2\/product_tag?post=697131"}],"curies":[{"name":"wp","href":"https:\/\/api.w.org\/{rel}","templated":true}]}}