{"id":697117,"date":"2025-08-27T14:38:16","date_gmt":"2025-08-27T11:38:16","guid":{"rendered":"https:\/\/roveyayinevi.com.tr\/index.php\/urun\/kurtculuk-2-1924-1999\/"},"modified":"2026-04-16T02:06:52","modified_gmt":"2026-04-15T23:06:52","slug":"kurtculuk-2-1924-1999","status":"publish","type":"product","link":"https:\/\/roveyayinevi.com.tr\/index.php\/urun\/kurtculuk-2-1924-1999\/","title":{"rendered":"K\u00fcrt\u00e7\u00fcl\u00fck 2 1924-1999"},"content":{"rendered":"<p>\u201cAb*dullah \u00d6*calan, 16 \u015eubat 1999 g\u00fcn\u00fc Kenya\u2019n\u0131n ba\u015fkenti Nairobi\u2019de T\u00fcrk g\u00fcvenlik g\u00fc\u00e7lerince yakalanarak sabaha kar\u015f\u0131 T\u00fcrkiye\u2019ye getirildi ve T\u00fcrk adaletine teslim edildi. 31 May\u0131sta \u0130mral\u0131 Adas\u0131\u2019nda yarg\u0131lanmaya ba\u015fland\u0131. 29 Haziran 1999\u2019da, Ankara 2 No\u2019lu Devlet G\u00fcvenlik Mahkemesi taraf\u0131ndan idam cezas\u0131na \u00e7arpt\u0131r\u0131ld\u0131. 25 Kas\u0131m 1999\u2019da, Yarg\u0131tay 9. Ceza Dairesi idam cezas\u0131n\u0131 onaylad\u0131.\u201d 2007 y\u0131l\u0131nda yay\u0131mlanan K\u00fcrt\u00e7\u00fcl\u00fck (1787-1923) adl\u0131 kitap \u201cSosyal Bilimler\u201d dal\u0131nda y\u0131l\u0131n kitab\u0131 se\u00e7ilmi\u015f, 2007 Sedat Simavi \u00d6d\u00fcl\u00fc\u2019n\u00fc alm\u0131\u015ft\u0131. Bu kitapta, K\u00fcrt\u00e7\u00fcl\u00fc\u011f\u00fcn 136 y\u0131ll\u0131k ilk d\u00f6nemi, siyasi tarih perspektifiyle ele al\u0131nm\u0131\u015f ve genel tarihimiz i\u00e7indeki yerine oturtulmaya \u00e7al\u0131\u015f\u0131lm\u0131\u015ft\u0131. K\u00fcrt\u00e7\u00fcl\u00fck II (1924-1999) ba\u015fl\u0131kl\u0131 yeni cilt, 1924 y\u0131l\u0131ndan 1999 y\u0131l\u0131na kadar gelmekte, T\u00fcrkiye Cumhuriyeti\u2019nin 75 y\u0131ll\u0131k d\u00f6neminde K\u00fcrt\u00e7\u00fcl\u00fckle ilgili geli\u015fmeleri kapsamaktad\u0131r. Bu 75 y\u0131lda T\u00fcrkiye Cumhuriyeti\u2019ne kar\u015f\u0131 b\u00f6l\u00fcc\u00fcl\u00fck, siyasi K\u00fcrt\u00e7\u00fcl\u00fck hareketleri ve bunlara kar\u015f\u0131 al\u0131nan \u00f6nlemler incelenmektedir. G\u00fcn\u00fcm\u00fcz sorunlar\u0131na ak\u0131lc\u0131 ve \u00e7\u00f6z\u00fcmc\u00fc yakla\u015fabilmek, tarihi do\u011fru \u00f6\u011frenmek ve alg\u0131lamakla m\u00fcmk\u00fcnd\u00fcr.<\/p>\n","protected":false},"excerpt":{"rendered":"<p>\u201cAb*dullah \u00d6*calan, 16 \u015eubat 1999 g\u00fcn\u00fc Kenya\u2019n\u0131n ba\u015fkenti Nairobi\u2019de T\u00fcrk g\u00fcvenlik g\u00fc\u00e7lerince yakalanarak sabaha kar\u015f\u0131 T\u00fcrkiye\u2019ye getirildi ve T\u00fcrk adaletine teslim edildi. 31 May\u0131sta \u0130mral\u0131 Adas\u0131\u2019nda<span class=\"excerpt-hellip\"> [\u2026]<\/span><\/p>\n","protected":false},"featured_media":0,"template":"","meta":{"_monsterinsights_skip_tracking":false,"_monsterinsights_sitenote_active":false,"_monsterinsights_sitenote_note":"","_monsterinsights_sitenote_category":0},"product_brand":[],"product_cat":[12370,12304],"product_tag":[],"class_list":{"0":"post-697117","1":"product","2":"type-product","3":"status-publish","5":"product_cat-arastirma-inceleme","6":"product_cat-tarih","7":"pa_cilt-ciltsiz","8":"pa_tur-kitap","9":"pa_yayinevi-bilgi-yayinevi","10":"pa_yazar-bilal-n-simsir","12":"first","13":"instock","14":"sale","15":"shipping-taxable","16":"purchasable","17":"product-type-simple"},"_links":{"self":[{"href":"https:\/\/roveyayinevi.com.tr\/index.php\/wp-json\/wp\/v2\/product\/697117","targetHints":{"allow":["GET"]}}],"collection":[{"href":"https:\/\/roveyayinevi.com.tr\/index.php\/wp-json\/wp\/v2\/product"}],"about":[{"href":"https:\/\/roveyayinevi.com.tr\/index.php\/wp-json\/wp\/v2\/types\/product"}],"wp:attachment":[{"href":"https:\/\/roveyayinevi.com.tr\/index.php\/wp-json\/wp\/v2\/media?parent=697117"}],"wp:term":[{"taxonomy":"product_brand","embeddable":true,"href":"https:\/\/roveyayinevi.com.tr\/index.php\/wp-json\/wp\/v2\/product_brand?post=697117"},{"taxonomy":"product_cat","embeddable":true,"href":"https:\/\/roveyayinevi.com.tr\/index.php\/wp-json\/wp\/v2\/product_cat?post=697117"},{"taxonomy":"product_tag","embeddable":true,"href":"https:\/\/roveyayinevi.com.tr\/index.php\/wp-json\/wp\/v2\/product_tag?post=697117"}],"curies":[{"name":"wp","href":"https:\/\/api.w.org\/{rel}","templated":true}]}}