{"id":697102,"date":"2025-08-27T14:38:12","date_gmt":"2025-08-27T11:38:12","guid":{"rendered":"https:\/\/roveyayinevi.com.tr\/index.php\/urun\/kusadali-metin-kaptan\/"},"modified":"2026-04-16T02:06:52","modified_gmt":"2026-04-15T23:06:52","slug":"kusadali-metin-kaptan","status":"publish","type":"product","link":"https:\/\/roveyayinevi.com.tr\/index.php\/urun\/kusadali-metin-kaptan\/","title":{"rendered":"Ku\u015fadal\u0131 Metin Kaptan"},"content":{"rendered":"<p>Metin babas\u0131na s\u00f6yledi: &#8220;Bana bir bisiklet al\u0131r m\u0131s\u0131n?&#8221; Babas\u0131, duymad\u0131 sanki. Metin babas\u0131n\u0131n duydu\u011funu biliyordu. Bu kez y\u00fcksek sesle iste\u011fini yineledi:  &#8220;Babaa, bana bir bisiklet al\u0131r m\u0131s\u0131n?&#8221; &#8220;Otomobil alay\u0131m o\u011flum,&#8221; dedi babas\u0131. Metin hemen al\u0131nd\u0131, babas\u0131 alay ediyordu. B\u00f6yle alaya ba\u015flad\u0131\u011f\u0131 zaman Metin babas\u0131n\u0131 dinlemek istemezdi. Ve bilirdi ki, babas\u0131 istedi\u011fi \u015feyi almayacakt\u0131r. Zaman zaman babas\u0131 \u00f6yle yapard\u0131. Diyelim Metin&#8217;in can\u0131 et istemi\u015f, babas\u0131na iletmi\u015f veya babaannesine s\u00f6ylemi\u015f, babas\u0131 hemen s\u0131r\u0131tarak; &#8220;O\u011flum bonfile mi istersin, biftek mi istersin, pirzola m\u0131 istersin?&#8221; diye ba\u015flard\u0131.<\/p>\n","protected":false},"excerpt":{"rendered":"<p>Metin babas\u0131na s\u00f6yledi: &#8220;Bana bir bisiklet al\u0131r m\u0131s\u0131n?&#8221; Babas\u0131, duymad\u0131 sanki. Metin babas\u0131n\u0131n duydu\u011funu biliyordu. Bu kez y\u00fcksek sesle iste\u011fini yineledi: &#8220;Babaa, bana bir bisiklet al\u0131r<span class=\"excerpt-hellip\"> [\u2026]<\/span><\/p>\n","protected":false},"featured_media":0,"template":"","meta":{"_monsterinsights_skip_tracking":false,"_monsterinsights_sitenote_active":false,"_monsterinsights_sitenote_note":"","_monsterinsights_sitenote_category":0},"product_brand":[],"product_cat":[12275,12274],"product_tag":[],"class_list":{"0":"post-697102","1":"product","2":"type-product","3":"status-publish","5":"product_cat-6-12-yas-kitaplari","6":"product_cat-cocuk-ve-genclik-kitaplari","7":"pa_cilt-ciltsiz","8":"pa_tur-kitap","9":"pa_yayinevi-bilgi-yayinevi-cocuk","10":"pa_yazar-muzaffer-izgu","12":"first","13":"instock","14":"sale","15":"shipping-taxable","16":"purchasable","17":"product-type-simple"},"_links":{"self":[{"href":"https:\/\/roveyayinevi.com.tr\/index.php\/wp-json\/wp\/v2\/product\/697102","targetHints":{"allow":["GET"]}}],"collection":[{"href":"https:\/\/roveyayinevi.com.tr\/index.php\/wp-json\/wp\/v2\/product"}],"about":[{"href":"https:\/\/roveyayinevi.com.tr\/index.php\/wp-json\/wp\/v2\/types\/product"}],"wp:attachment":[{"href":"https:\/\/roveyayinevi.com.tr\/index.php\/wp-json\/wp\/v2\/media?parent=697102"}],"wp:term":[{"taxonomy":"product_brand","embeddable":true,"href":"https:\/\/roveyayinevi.com.tr\/index.php\/wp-json\/wp\/v2\/product_brand?post=697102"},{"taxonomy":"product_cat","embeddable":true,"href":"https:\/\/roveyayinevi.com.tr\/index.php\/wp-json\/wp\/v2\/product_cat?post=697102"},{"taxonomy":"product_tag","embeddable":true,"href":"https:\/\/roveyayinevi.com.tr\/index.php\/wp-json\/wp\/v2\/product_tag?post=697102"}],"curies":[{"name":"wp","href":"https:\/\/api.w.org\/{rel}","templated":true}]}}