{"id":697087,"date":"2025-08-27T14:38:08","date_gmt":"2025-08-27T11:38:08","guid":{"rendered":"https:\/\/roveyayinevi.com.tr\/index.php\/urun\/yeni-atasozleri-ve-deyimler-sozlugu-ilkokul-ve-ortaokullar-icin\/"},"modified":"2026-04-16T02:06:51","modified_gmt":"2026-04-15T23:06:51","slug":"yeni-atasozleri-ve-deyimler-sozlugu-ilkokul-ve-ortaokullar-icin","status":"publish","type":"product","link":"https:\/\/roveyayinevi.com.tr\/index.php\/urun\/yeni-atasozleri-ve-deyimler-sozlugu-ilkokul-ve-ortaokullar-icin\/","title":{"rendered":"Yeni Atas\u00f6zleri ve Deyimler S\u00f6zl\u00fc\u011f\u00fc -\u0130lkokul ve Ortaokullar i\u00e7in-"},"content":{"rendered":"<p>Atas\u00f6zleri; atalar\u0131m\u0131z\u0131n y\u00fczy\u0131llar boyu ya\u015fad\u0131\u011f\u0131 deneyimleri, \u00f6\u011f\u00fct ve fikirleri bize \u00f6zl\u00fc bi\u00e7imde; genellikle mecaz yolu ile aktaran nesilden nesle ge\u00e7en, anonim olan ve h\u00fck\u00fcm bildiren s\u00f6zlerdir.Atas\u00f6zleri, bizim k\u00fclt\u00fcr ve dilimizin renkleridir. Onlar\u0131n canl\u0131 kalmas\u0131 ve beslenmesi dilimizin s\u00f6yleyi\u015f g\u00fcc\u00fcn\u00fc artt\u0131r\u0131r.Milletimizin her bireyi da\u011farc\u0131klar\u0131n\u0131 bu s\u00f6zlerle bezemeli ve kendine iletilen mesajlardan yararlanmay\u0131 bilmelidir.Bu eserde atas\u00f6zlerinin en \u00e7ok kullan\u0131lanlar\u0131 derlenip \u00f6zellikle \u00f6\u011frencilerimizin dikkatine sunulmu\u015ftur.&#8212;&#8212;&#8212;&#8212;&#8212;&#8212;&#8212;&#8212;&#8212;&#8212;&#8212;&#8212;&#8212;&#8212;&#8212;&#8212;&#8212;&#8212;&#8212;&#8212;&#8212;-Deyimler dil a\u011fac\u0131n\u0131n en g\u00fczel \u00e7i\u00e7ekleridir. Genellikle mecazlarla y\u00fckl\u00fc oldu\u011fu i\u00e7in s\u00f6ylemek istediklerimizi, hatta a\u00e7\u0131k\u00e7a s\u00f6yleyemediklerimizi k\u0131sa ve \u00f6zl\u00fc bi\u00e7imde anlat\u0131verir. \u00c7o\u011fu deyimin ard\u0131nda bir \u00f6yk\u00fc, bir efsane gizlidir.Dil, deyimlerinin zenginli\u011fi ile g\u00fc\u00e7lenir ve renklenir.\u0130fademizi zenginle\u015ftirmek ve derinle\u015ftirmek, deyimlere ve anlamlar\u0131na h\u00e2kim olmak ve onlar\u0131 s\u0131k\u00e7a kullanmakla olur.Unutulmamal\u0131d\u0131r ki, dilimiz k\u00fclt\u00fcr\u00fcm\u00fcz\u00fc zenginle\u015ftirir. Zengin ve k\u00f6kl\u00fc k\u00fclt\u00fcr\u00fc olan, buna sahip \u00e7\u0131kmay\u0131 bilen nesiller gelece\u011fe daha g\u00fcvenle bakar.<\/p>\n","protected":false},"excerpt":{"rendered":"<p>Atas\u00f6zleri; atalar\u0131m\u0131z\u0131n y\u00fczy\u0131llar boyu ya\u015fad\u0131\u011f\u0131 deneyimleri, \u00f6\u011f\u00fct ve fikirleri bize \u00f6zl\u00fc bi\u00e7imde; genellikle mecaz yolu ile aktaran nesilden nesle ge\u00e7en, anonim olan ve h\u00fck\u00fcm bildiren s\u00f6zlerdir.Atas\u00f6zleri,<span class=\"excerpt-hellip\"> [\u2026]<\/span><\/p>\n","protected":false},"featured_media":0,"template":"","meta":{"_monsterinsights_skip_tracking":false,"_monsterinsights_sitenote_active":false,"_monsterinsights_sitenote_note":"","_monsterinsights_sitenote_category":0},"product_brand":[],"product_cat":[19532,12566,13611],"product_tag":[],"class_list":{"0":"post-697087","1":"product","2":"type-product","3":"status-publish","5":"product_cat-atasozleri-deyimler-ve-terimleri-sozlugu","6":"product_cat-egitim","7":"product_cat-sozlukler-ve-konusma-kilavuzlari","8":"pa_cilt-ciltsiz","9":"pa_tur-kitap","10":"pa_yayinevi-bilge-kultur-sanat","11":"pa_yazar-alper-yildirim","13":"first","14":"instock","15":"sale","16":"shipping-taxable","17":"purchasable","18":"product-type-simple"},"_links":{"self":[{"href":"https:\/\/roveyayinevi.com.tr\/index.php\/wp-json\/wp\/v2\/product\/697087","targetHints":{"allow":["GET"]}}],"collection":[{"href":"https:\/\/roveyayinevi.com.tr\/index.php\/wp-json\/wp\/v2\/product"}],"about":[{"href":"https:\/\/roveyayinevi.com.tr\/index.php\/wp-json\/wp\/v2\/types\/product"}],"wp:attachment":[{"href":"https:\/\/roveyayinevi.com.tr\/index.php\/wp-json\/wp\/v2\/media?parent=697087"}],"wp:term":[{"taxonomy":"product_brand","embeddable":true,"href":"https:\/\/roveyayinevi.com.tr\/index.php\/wp-json\/wp\/v2\/product_brand?post=697087"},{"taxonomy":"product_cat","embeddable":true,"href":"https:\/\/roveyayinevi.com.tr\/index.php\/wp-json\/wp\/v2\/product_cat?post=697087"},{"taxonomy":"product_tag","embeddable":true,"href":"https:\/\/roveyayinevi.com.tr\/index.php\/wp-json\/wp\/v2\/product_tag?post=697087"}],"curies":[{"name":"wp","href":"https:\/\/api.w.org\/{rel}","templated":true}]}}