{"id":697075,"date":"2025-08-27T14:38:04","date_gmt":"2025-08-27T11:38:04","guid":{"rendered":"https:\/\/roveyayinevi.com.tr\/index.php\/urun\/parfumun-dansi\/"},"modified":"2026-04-16T02:06:51","modified_gmt":"2026-04-15T23:06:51","slug":"parfumun-dansi","status":"publish","type":"product","link":"https:\/\/roveyayinevi.com.tr\/index.php\/urun\/parfumun-dansi\/","title":{"rendered":"Parf\u00fcm\u00fcn Dans\u0131"},"content":{"rendered":"<p>\u201cOyunculluk u\u00e7ar\u0131l\u0131k de\u011fil, bilgeliktir\u201d diyerek \u00e7\u0131lg\u0131nl\u0131k derecesinde \u201coyuncul\u201d romanlar yazan Tom Robbins, bu romanda insan\u0131n do\u011fayla ili\u015fkisinin kopma s\u00fcrecinin anlat\u0131ld\u0131\u011f\u0131 d\u00fc\u015fsel\/tarihsel bir yolculu\u011fa \u00e7a\u011f\u0131r\u0131yor bizi. Bat\u0131\u2019dan Do\u011fu\u2019ya, oradan da Yeni D\u00fcnya\u2019ya uzanan, \u00f6l\u00fcms\u00fczl\u00fc\u011f\u00fc kovalayan ve y\u00fczy\u0131llar s\u00fcren bir yolculuktur bu. Bat\u0131, ac\u0131 \u00e7ekmeyi seven, mant\u0131\u011fa, bireycili\u011fe ve \u00fcretime tap\u0131nanlar\u0131n diyar\u0131d\u0131r. Do\u011fu, a\u015fka, bo\u015f zamana, m\u00fcnzevili\u011fe, bilinmezli\u011fe hayat\u0131nda yer veren insanlar\u0131n ya\u015fad\u0131\u011f\u0131 su ve parf\u00fcm diyar\u0131d\u0131r. Yeni D\u00fcnya\u2019da ise sadece \u201cba\u015far\u0131\u201d ve h\u0131rs vard\u0131r. Son y\u0131llar\u0131n \u00f6nemli yazar\u0131ndan bir ba\u015fyap\u0131t okumak isteyenler i\u00e7in&#8230;   THOMAS EUGENE ROBBINS: 1936 do\u011fumlu Amerikal\u0131 roman ve hik\u00e2ye yazar\u0131 Robbins, \u201cOyunculluk, u\u00e7ar\u0131l\u0131k de\u011fil bilgeliktir\u201d g\u00f6r\u00fc\u015f\u00fcn\u00fc \u00f6n plana \u00e7\u0131kar\u0131p \u00e7\u0131lg\u0131nl\u0131k derecesinde oyuncul romanlar yazmaktad\u0131r. Romanlar\u0131, hayat\u0131n daha ciddi yanlar\u0131n\u0131 ink\u00e2r etmez; \u201cher \u015feye ra\u011fmen mutluluk\u201d ilkesinin savunuculu\u011funu yapar. Edepsiz kelime oyunlar\u0131, alakas\u0131z sonu\u00e7lar, z\u0131tl\u0131k i\u00e7eren ifadeler, ara s\u00f6zler Robbins\u2019in anlat\u0131m\u0131n\u0131n belli ba\u015fl\u0131 \u00f6zellikleridir. Romanlar\u0131 yaln\u0131zca edebi uzla\u015f\u0131mlar\u0131 de\u011fil, insano\u011flunu tatmin etmenin en iyi yolu hakk\u0131nda toplumda yer alan varsay\u0131mlar\u0131 da sorgular. Robbins, panteizm, mistik Do\u011fu dinleri ve Yeni Fizik gibi \u00e7e\u015fitli kaynaklardan alternatif d\u00fc\u015f\u00fcnceleri bir araya getirir. Robbins genellikle Thomas Pynchon, John Barth ve Kurt Vonnegut gibi postmodern yazarlar\u0131n edebi takip\u00e7isi olarak de\u011ferlendirilmektedir. O da bu yazarlar gibi modern hayat\u0131n sa\u00e7mal\u0131\u011f\u0131n\u0131 teslim ederken, uyum g\u00f6stermek ad\u0131na bireysel anlat\u0131m\u0131ndan fedak\u00e2rl\u0131k etmez ve eserlerinde \u00fcstkurmaca \u00f6\u011feler kullan\u0131r. \u00c7o\u011funlukla okura do\u011frudan hitap eder, eserin ak\u0131\u015f\u0131yla ilgili yorumlarda bulunur ve romanlar\u0131nda bir karakter olarak varl\u0131k g\u00f6sterir. Ancak \u00e7o\u011funlukla kara komedi t\u00fcr\u00fcnde yazan ve modern d\u00fcnya hakk\u0131nda kasvetli \u00f6ng\u00f6r\u00fclerde bulunan yak\u0131n tarihteki \u00f6ncellerinin aksine, eserlerinde iyimser bir tona ve genellikle u\u00e7ar\u0131 bir mizaha yer verir. Robbins, Another Roadside Attraction (1971) [Dur Bir Mola Ver, \u00c7ev. Fatma Ta\u015fkent, Ayr\u0131nt\u0131 Yay., 1997] ile \u00e7o\u011fu ele\u015ftirmenin \u00f6vg\u00fcs\u00fcn\u00fc kazanm\u0131\u015ft\u0131r. Ancak bu roman, 1973\u2019e kadar pop\u00fcler bir ba\u015far\u0131 elde edememi\u015f, bu tarihten sonraysa k\u00fclt haline gelmi\u015ftir. Robbins\u2019in eserlerinin daha sonra b\u00fcy\u00fck ba\u015far\u0131 kazanmas\u0131, genelde insanlar\u0131n hayatlar\u0131ndaki sevin\u00e7 d\u00fczeyini y\u00fckseltmeyi ba\u015faramayan toplumsal uzla\u015f\u0131mlar\u0131 pervas\u0131zca sorgulay\u0131p alaya alan romanlar\u0131n\u0131n, \u00f6zellikle gen\u00e7ler ve s\u0131ra d\u0131\u015f\u0131 insanlar taraf\u0131ndan be\u011fenilmesine ba\u011flanmaktad\u0131r.  <\/p>\n","protected":false},"excerpt":{"rendered":"<p>\u201cOyunculluk u\u00e7ar\u0131l\u0131k de\u011fil, bilgeliktir\u201d diyerek \u00e7\u0131lg\u0131nl\u0131k derecesinde \u201coyuncul\u201d romanlar yazan Tom Robbins, bu romanda insan\u0131n do\u011fayla ili\u015fkisinin kopma s\u00fcrecinin anlat\u0131ld\u0131\u011f\u0131 d\u00fc\u015fsel\/tarihsel bir yolculu\u011fa \u00e7a\u011f\u0131r\u0131yor bizi. Bat\u0131\u2019dan<span class=\"excerpt-hellip\"> [\u2026]<\/span><\/p>\n","protected":false},"featured_media":0,"template":"","meta":{"_monsterinsights_skip_tracking":false,"_monsterinsights_sitenote_active":false,"_monsterinsights_sitenote_note":"","_monsterinsights_sitenote_category":0},"product_brand":[],"product_cat":[12891,12291],"product_tag":[],"class_list":{"0":"post-697075","1":"product","2":"type-product","3":"status-publish","5":"product_cat-amerikan-edebiyati","6":"product_cat-edebiyat","7":"pa_cilt-ciltsiz","8":"pa_tur-kitap","9":"pa_yayinevi-ayrinti-yayinlari","10":"pa_yazar-tom-robbins","12":"first","13":"instock","14":"sale","15":"shipping-taxable","16":"purchasable","17":"product-type-simple"},"_links":{"self":[{"href":"https:\/\/roveyayinevi.com.tr\/index.php\/wp-json\/wp\/v2\/product\/697075","targetHints":{"allow":["GET"]}}],"collection":[{"href":"https:\/\/roveyayinevi.com.tr\/index.php\/wp-json\/wp\/v2\/product"}],"about":[{"href":"https:\/\/roveyayinevi.com.tr\/index.php\/wp-json\/wp\/v2\/types\/product"}],"wp:attachment":[{"href":"https:\/\/roveyayinevi.com.tr\/index.php\/wp-json\/wp\/v2\/media?parent=697075"}],"wp:term":[{"taxonomy":"product_brand","embeddable":true,"href":"https:\/\/roveyayinevi.com.tr\/index.php\/wp-json\/wp\/v2\/product_brand?post=697075"},{"taxonomy":"product_cat","embeddable":true,"href":"https:\/\/roveyayinevi.com.tr\/index.php\/wp-json\/wp\/v2\/product_cat?post=697075"},{"taxonomy":"product_tag","embeddable":true,"href":"https:\/\/roveyayinevi.com.tr\/index.php\/wp-json\/wp\/v2\/product_tag?post=697075"}],"curies":[{"name":"wp","href":"https:\/\/api.w.org\/{rel}","templated":true}]}}