{"id":697074,"date":"2025-08-27T14:38:04","date_gmt":"2025-08-27T11:38:04","guid":{"rendered":"https:\/\/roveyayinevi.com.tr\/index.php\/urun\/radyo-oyunlari\/"},"modified":"2026-04-16T02:06:51","modified_gmt":"2026-04-15T23:06:51","slug":"radyo-oyunlari","status":"publish","type":"product","link":"https:\/\/roveyayinevi.com.tr\/index.php\/urun\/radyo-oyunlari\/","title":{"rendered":"Radyo Oyunlar\u0131"},"content":{"rendered":"<p>Edebiyat \/ Senaryo\u00dcr\u00fcn Tan\u0131t\u0131m\u0131Cahit Zarifo\u011flu\u2019nun vefat\u0131ndan k\u0131sa bir s\u00fcre \u00f6nce el yaz\u0131s\u0131yla yazm\u0131\u015f oldu\u011fu ve hi\u00e7bir yere g\u00f6ndermedi\u011fi anla\u015f\u0131lan \u00fc\u00e7 k\u0131sa oyununun adlar\u0131 Deve ile U\u00e7u\u00e7 B\u00f6ce\u011fi, C\u0131rc\u0131r B\u00f6ce\u011fi ile Kaplumba\u011fa, Vi\u015fne Re\u00e7elli Ekmek\u2019tir. Zarifo\u011flu\u2019nun radyo oyunlar\u0131 okundu\u011funda \u015fiirinde kulland\u0131\u011f\u0131 yans\u0131tma y\u00f6ntemini radyo oyunlar\u0131nda da s\u00fcrd\u00fcrd\u00fc\u011f\u00fc kolayca fark edilir. Cahit Zarifo\u011flu\u2019nun \u015fiirinde, hik\u00e2ye, roman, g\u00fcnl\u00fck ve \u00e7ocuk kitaplar\u0131 anlat\u0131lar\u0131nda yans\u0131tma y\u00f6nteminin bilin\u00e7li bir tercih oldu\u011fu burada da tekrar edilebilir: Cahit Zarifo\u011flu\u2019nun toplam edebiyat\u0131, metafizik ba\u011flamda bir i\u00e7 g\u00f6vdede do\u011far ve d\u0131\u015fa a\u00e7\u0131l\u0131r; \u015fiiri, hik\u00e2yesi, g\u00fcnl\u00fck-roman anlat\u0131s\u0131 ve radyofonik oyunlar\u0131 da yans\u0131tma y\u00f6ntemine dayan\u0131r. Zarifo\u011flu, radyo oyununda gerekli olan dramatik dili, metinlere yal\u0131n bi\u00e7imde yans\u0131t\u0131r. Bu y\u00f6n\u00fcyle, radyo oyunlar\u0131n\u0131n dayand\u0131\u011f\u0131 \u2018konu\u015f ki seni seyredeyim\u2019 benzetmesine uygun metinlerdir radyo oyunlar\u0131. Vi\u015fne Re\u00e7elli Ekmek ile be\u015f b\u00f6l\u00fcml\u00fck \u00e7ocuk oyunu tasla\u011f\u0131 ve yeti\u015fkinler i\u00e7in tasarlad\u0131\u011f\u0131 Muzip Hanc\u0131 ve \u00dc\u00e7 \u00c7oban oyunu taslaklar\u0131n\u0131n d\u0131\u015f\u0131ndaki b\u00fct\u00fcn radyo oyunlar\u0131n\u0131n kahramanlar\u0131 \u00e7o\u011funlukla hayvan tipleri a\u011f\u0131rl\u0131kl\u0131d\u0131r. Fantastik t\u00fcrde en geli\u015fmi\u015f radyo oyunu \u00f6rne\u011fi ise Kat\u0131raslan\u2019d\u0131r. Cahit Zarifo\u011flu\u2019nun radyo oyunlar\u0131nda tipler \u00e7ocuk kitaplar\u0131ndaki kahramanlara benzer ve ya\u015flar\u0131 b\u00fcy\u00fck \u00e7ocuklar gibi bakarlar d\u00fcnyaya. Zarifo\u011flu\u2019nun radyo oyunlar\u0131 zekice d\u00fczenlenmi\u015f ve oyuna dinleyiciyi dahil eden s\u00f6zel zek\u00e2 oyunlar\u0131d\u0131r. \ufffcTan\u0131t\u0131m Metni<\/p>\n","protected":false},"excerpt":{"rendered":"<p>Edebiyat \/ Senaryo\u00dcr\u00fcn Tan\u0131t\u0131m\u0131Cahit Zarifo\u011flu\u2019nun vefat\u0131ndan k\u0131sa bir s\u00fcre \u00f6nce el yaz\u0131s\u0131yla yazm\u0131\u015f oldu\u011fu ve hi\u00e7bir yere g\u00f6ndermedi\u011fi anla\u015f\u0131lan \u00fc\u00e7 k\u0131sa oyununun adlar\u0131 Deve ile U\u00e7u\u00e7<span class=\"excerpt-hellip\"> [\u2026]<\/span><\/p>\n","protected":false},"featured_media":0,"template":"","meta":{"_monsterinsights_skip_tracking":false,"_monsterinsights_sitenote_active":false,"_monsterinsights_sitenote_note":"","_monsterinsights_sitenote_category":0},"product_brand":[],"product_cat":[12291,12332],"product_tag":[],"class_list":{"0":"post-697074","1":"product","2":"type-product","3":"status-publish","5":"product_cat-edebiyat","6":"product_cat-senaryo","7":"pa_cilt-ciltsiz","8":"pa_tur-kitap","9":"pa_yayinevi-beyan-yayinlari","10":"pa_yazar-cahit-zarifoglu","12":"first","13":"instock","14":"sale","15":"shipping-taxable","16":"purchasable","17":"product-type-simple"},"_links":{"self":[{"href":"https:\/\/roveyayinevi.com.tr\/index.php\/wp-json\/wp\/v2\/product\/697074","targetHints":{"allow":["GET"]}}],"collection":[{"href":"https:\/\/roveyayinevi.com.tr\/index.php\/wp-json\/wp\/v2\/product"}],"about":[{"href":"https:\/\/roveyayinevi.com.tr\/index.php\/wp-json\/wp\/v2\/types\/product"}],"wp:attachment":[{"href":"https:\/\/roveyayinevi.com.tr\/index.php\/wp-json\/wp\/v2\/media?parent=697074"}],"wp:term":[{"taxonomy":"product_brand","embeddable":true,"href":"https:\/\/roveyayinevi.com.tr\/index.php\/wp-json\/wp\/v2\/product_brand?post=697074"},{"taxonomy":"product_cat","embeddable":true,"href":"https:\/\/roveyayinevi.com.tr\/index.php\/wp-json\/wp\/v2\/product_cat?post=697074"},{"taxonomy":"product_tag","embeddable":true,"href":"https:\/\/roveyayinevi.com.tr\/index.php\/wp-json\/wp\/v2\/product_tag?post=697074"}],"curies":[{"name":"wp","href":"https:\/\/api.w.org\/{rel}","templated":true}]}}