{"id":697035,"date":"2025-08-27T14:37:47","date_gmt":"2025-08-27T11:37:47","guid":{"rendered":"https:\/\/roveyayinevi.com.tr\/index.php\/urun\/venedik-bir-baliktir\/"},"modified":"2026-04-16T02:06:50","modified_gmt":"2026-04-15T23:06:50","slug":"venedik-bir-baliktir","status":"publish","type":"product","link":"https:\/\/roveyayinevi.com.tr\/index.php\/urun\/venedik-bir-baliktir\/","title":{"rendered":"Venedik Bir Bal\u0131kt\u0131r"},"content":{"rendered":"<p>Venedik bir bal\u0131kt\u0131r. Haritada iyice bak. Dibe yay\u0131lm\u0131\u015f, kocaman bir dil bal\u0131\u011f\u0131n\u0131 and\u0131r\u0131r. (&#8230;) Nereye gidiyorsun? At \u015fu haritay\u0131 elinden! (&#8230;) Damarlarda dola\u015fan bir alyuvar oldu\u011funu d\u00fc\u015f\u00fcn: Nabz\u0131na dikkat et, bu g\u00f6r\u00fcnmez kalbin seni pompalamas\u0131na izin ver. (&#8230;) Endi\u015felenme, b\u0131rak rotan\u0131 yolun kendisi belirlesin. Aylak aylak, ba\u015f\u0131bo\u015f dola\u015fmay\u0131 \u00f6\u011fren. Yolunu \u015fa\u015f\u0131r, gayesiz gez. Sen de   Venedikli   ol&#8230; <\/p>\n","protected":false},"excerpt":{"rendered":"<p>Venedik bir bal\u0131kt\u0131r. Haritada iyice bak. Dibe yay\u0131lm\u0131\u015f, kocaman bir dil bal\u0131\u011f\u0131n\u0131 and\u0131r\u0131r. (&#8230;) Nereye gidiyorsun? At \u015fu haritay\u0131 elinden! (&#8230;) Damarlarda dola\u015fan bir alyuvar oldu\u011funu<span class=\"excerpt-hellip\"> [\u2026]<\/span><\/p>\n","protected":false},"featured_media":0,"template":"","meta":{"_monsterinsights_skip_tracking":false,"_monsterinsights_sitenote_active":false,"_monsterinsights_sitenote_note":"","_monsterinsights_sitenote_category":0},"product_brand":[],"product_cat":[13054,24413],"product_tag":[],"class_list":{"0":"post-697035","1":"product","2":"type-product","3":"status-publish","5":"product_cat-gezi-ve-rehber-kitaplari","6":"product_cat-kent-rehberleri","7":"pa_tur-kitap","8":"pa_yayinevi-bilge-kultur-sanat","9":"pa_yazar-tiziano-scarpa","11":"first","12":"instock","13":"sale","14":"shipping-taxable","15":"purchasable","16":"product-type-simple"},"_links":{"self":[{"href":"https:\/\/roveyayinevi.com.tr\/index.php\/wp-json\/wp\/v2\/product\/697035","targetHints":{"allow":["GET"]}}],"collection":[{"href":"https:\/\/roveyayinevi.com.tr\/index.php\/wp-json\/wp\/v2\/product"}],"about":[{"href":"https:\/\/roveyayinevi.com.tr\/index.php\/wp-json\/wp\/v2\/types\/product"}],"wp:attachment":[{"href":"https:\/\/roveyayinevi.com.tr\/index.php\/wp-json\/wp\/v2\/media?parent=697035"}],"wp:term":[{"taxonomy":"product_brand","embeddable":true,"href":"https:\/\/roveyayinevi.com.tr\/index.php\/wp-json\/wp\/v2\/product_brand?post=697035"},{"taxonomy":"product_cat","embeddable":true,"href":"https:\/\/roveyayinevi.com.tr\/index.php\/wp-json\/wp\/v2\/product_cat?post=697035"},{"taxonomy":"product_tag","embeddable":true,"href":"https:\/\/roveyayinevi.com.tr\/index.php\/wp-json\/wp\/v2\/product_tag?post=697035"}],"curies":[{"name":"wp","href":"https:\/\/api.w.org\/{rel}","templated":true}]}}