{"id":697017,"date":"2025-08-27T14:37:42","date_gmt":"2025-08-27T11:37:42","guid":{"rendered":"https:\/\/roveyayinevi.com.tr\/index.php\/urun\/20-yuzyil-turk-siiri-antolojisi\/"},"modified":"2026-04-16T02:06:49","modified_gmt":"2026-04-15T23:06:49","slug":"20-yuzyil-turk-siiri-antolojisi","status":"publish","type":"product","link":"https:\/\/roveyayinevi.com.tr\/index.php\/urun\/20-yuzyil-turk-siiri-antolojisi\/","title":{"rendered":"20. Y\u00fczy\u0131l T\u00fcrk \u015eiiri Antolojisi"},"content":{"rendered":"<p>&#8230; Bu antolojiyi derlerken, bine yak\u0131n \u015fiir kitab\u0131, otuz kadar da antolojiyi elden ge\u00e7irdik. Edebiyat tarihleri, bat\u0131p \u00e7\u0131km\u0131\u015f ve \u00e7\u0131kmakta olan dergiler de taramalar\u0131m\u0131za konu oldu. Y\u00fcze yak\u0131n insan \u00fcst\u00fcnde ufak \u00e7apl\u0131 bir ara\u015ft\u0131rma ve soru\u015fturma yapt\u0131k. Bunlardan, hi\u00e7 de\u011filse bir dizesini an\u0131msad\u0131\u011f\u0131, herhangi bir \u015fiirinin ad\u0131n\u0131 bildi\u011fi \u015fairlerin adlar\u0131n\u0131 alt alta yazmas\u0131n\u0131 istedik. Soru\u015fturma ve ara\u015ft\u0131rmam\u0131z, inan\u0131lmas\u0131 g\u00fc\u00e7 sonu\u00e7lar verdi. Y\u00fcze yak\u0131n, \u00e7e\u015fitli e\u011fitim d\u00fczeyindeki insan i\u00e7inden en \u00e7ok \u015fair ad\u0131 sayabilen 34 \u015fair sayd\u0131. Ortalama ise, 14 \u015fair ad\u0131nda kald\u0131&#8230; \u015eimdiye kadar yay\u0131mlanm\u0131\u015f antolojilerde yer alan \u015fairlerin ad\u0131n\u0131 sayd\u0131k. Binlerce ad bulaca\u011f\u0131m\u0131z\u0131 san\u0131rd\u0131, g\u00fcn\u00fcm\u00fcze kadar antolojilere girebilmi\u015f yirminci y\u00fczy\u0131l T\u00fcrk \u015fairlerinin adlar\u0131n\u0131n sadece 354 oldu\u011funu g\u00f6rd\u00fck. \u0130\u015fte 60 \u015fairi kapsayan bu antoloji bu ara\u015ft\u0131rma ve soru\u015fturmalar\u0131n sonucu olarak ortaya \u00e7\u0131kt\u0131. Birinin bu i\u015fi yapmas\u0131 gerekliydi, biz yapt\u0131k.<\/p>\n","protected":false},"excerpt":{"rendered":"<p>&#8230; Bu antolojiyi derlerken, bine yak\u0131n \u015fiir kitab\u0131, otuz kadar da antolojiyi elden ge\u00e7irdik. Edebiyat tarihleri, bat\u0131p \u00e7\u0131km\u0131\u015f ve \u00e7\u0131kmakta olan dergiler de taramalar\u0131m\u0131za konu oldu.<span class=\"excerpt-hellip\"> [\u2026]<\/span><\/p>\n","protected":false},"featured_media":0,"template":"","meta":{"_monsterinsights_skip_tracking":false,"_monsterinsights_sitenote_active":false,"_monsterinsights_sitenote_note":"","_monsterinsights_sitenote_category":0},"product_brand":[],"product_cat":[12291,12292],"product_tag":[],"class_list":{"0":"post-697017","1":"product","2":"type-product","3":"status-publish","5":"product_cat-edebiyat","6":"product_cat-turk-edebiyati","7":"pa_cilt-ciltsiz","8":"pa_tur-kitap","9":"pa_yayinevi-bilgi-yayinevi","10":"pa_yazar-ilhami-soysal","12":"first","13":"instock","14":"sale","15":"shipping-taxable","16":"purchasable","17":"product-type-simple"},"_links":{"self":[{"href":"https:\/\/roveyayinevi.com.tr\/index.php\/wp-json\/wp\/v2\/product\/697017","targetHints":{"allow":["GET"]}}],"collection":[{"href":"https:\/\/roveyayinevi.com.tr\/index.php\/wp-json\/wp\/v2\/product"}],"about":[{"href":"https:\/\/roveyayinevi.com.tr\/index.php\/wp-json\/wp\/v2\/types\/product"}],"wp:attachment":[{"href":"https:\/\/roveyayinevi.com.tr\/index.php\/wp-json\/wp\/v2\/media?parent=697017"}],"wp:term":[{"taxonomy":"product_brand","embeddable":true,"href":"https:\/\/roveyayinevi.com.tr\/index.php\/wp-json\/wp\/v2\/product_brand?post=697017"},{"taxonomy":"product_cat","embeddable":true,"href":"https:\/\/roveyayinevi.com.tr\/index.php\/wp-json\/wp\/v2\/product_cat?post=697017"},{"taxonomy":"product_tag","embeddable":true,"href":"https:\/\/roveyayinevi.com.tr\/index.php\/wp-json\/wp\/v2\/product_tag?post=697017"}],"curies":[{"name":"wp","href":"https:\/\/api.w.org\/{rel}","templated":true}]}}