{"id":697005,"date":"2025-08-27T14:37:39","date_gmt":"2025-08-27T11:37:39","guid":{"rendered":"https:\/\/roveyayinevi.com.tr\/index.php\/urun\/durdane-hanim-3\/"},"modified":"2026-04-16T02:06:49","modified_gmt":"2026-04-15T23:06:49","slug":"durdane-hanim-3","status":"publish","type":"product","link":"https:\/\/roveyayinevi.com.tr\/index.php\/urun\/durdane-hanim-3\/","title":{"rendered":"D\u00fcrdane Han\u0131m"},"content":{"rendered":"<p>\u00d6l\u00fcm\u00fcn\u00fcn 100. y\u0131l\u0131nda and\u0131\u011f\u0131m\u0131z Ahmet Mithat Efendi halka okuma zevki a\u015f\u0131lam\u0131\u015f bir yazar\u0131m\u0131zd\u0131r. Bu sebeple \u00e7ok say\u0131da roman ve hik\u00e2ye kaleme alm\u0131\u015ft\u0131r. D\u00fcrdane roman\u0131 Terc\u00fcman-\u0131 Hakikat gazetesinde 1881 y\u0131l\u0131nda tefrika edilmi\u015f ve daha sonra kitap h\u00e2line getirilmi\u015ftir. Roman, kahramanlar\u0131n\u0131n adlar\u0131n\u0131 ta\u015f\u0131yan be\u015f b\u00f6l\u00fcmden meydana gelir.    Bo\u011faz\u2019da bir yal\u0131da oturan D\u00fcrdane Han\u0131m\u2019\u0131n Mergub adl\u0131 sevgilisinden gayrime\u015fru bir \u00e7ocu\u011fu olacakt\u0131r ve bu durumu ailesinden gizlenmi\u015ftir. D\u00fcrdane bundan dolay\u0131 zor durumdad\u0131r. Mergub\u2019un evlili\u011fe yana\u015fmamas\u0131 \u00fczerine D\u00fcrdane\u2019yi intikam almaya ikna eden yal\u0131 kom\u015fusu Ulviye Han\u0131m, Mergub\u2019uD\u00fcrdane\u2019nin yan\u0131na getirir, ancak D\u00fcrdane intikam\u0131n\u0131 kimsenin d\u00fc\u015f\u00fcnemedi\u011fi bir bi\u00e7imde al\u0131r. <\/p>\n","protected":false},"excerpt":{"rendered":"<p>\u00d6l\u00fcm\u00fcn\u00fcn 100. y\u0131l\u0131nda and\u0131\u011f\u0131m\u0131z Ahmet Mithat Efendi halka okuma zevki a\u015f\u0131lam\u0131\u015f bir yazar\u0131m\u0131zd\u0131r. Bu sebeple \u00e7ok say\u0131da roman ve hik\u00e2ye kaleme alm\u0131\u015ft\u0131r. D\u00fcrdane roman\u0131 Terc\u00fcman-\u0131 Hakikat<span class=\"excerpt-hellip\"> [\u2026]<\/span><\/p>\n","protected":false},"featured_media":0,"template":"","meta":{"_monsterinsights_skip_tracking":false,"_monsterinsights_sitenote_active":false,"_monsterinsights_sitenote_note":"","_monsterinsights_sitenote_category":0},"product_brand":[],"product_cat":[12291,12292],"product_tag":[],"class_list":{"0":"post-697005","1":"product","2":"type-product","3":"status-publish","5":"product_cat-edebiyat","6":"product_cat-turk-edebiyati","7":"pa_cilt-ciltsiz","8":"pa_tur-kitap","9":"pa_yayinevi-bilge-kultur-sanat","10":"pa_yazar-ahmet-mithat-efendi","12":"first","13":"instock","14":"sale","15":"shipping-taxable","16":"purchasable","17":"product-type-simple"},"_links":{"self":[{"href":"https:\/\/roveyayinevi.com.tr\/index.php\/wp-json\/wp\/v2\/product\/697005","targetHints":{"allow":["GET"]}}],"collection":[{"href":"https:\/\/roveyayinevi.com.tr\/index.php\/wp-json\/wp\/v2\/product"}],"about":[{"href":"https:\/\/roveyayinevi.com.tr\/index.php\/wp-json\/wp\/v2\/types\/product"}],"wp:attachment":[{"href":"https:\/\/roveyayinevi.com.tr\/index.php\/wp-json\/wp\/v2\/media?parent=697005"}],"wp:term":[{"taxonomy":"product_brand","embeddable":true,"href":"https:\/\/roveyayinevi.com.tr\/index.php\/wp-json\/wp\/v2\/product_brand?post=697005"},{"taxonomy":"product_cat","embeddable":true,"href":"https:\/\/roveyayinevi.com.tr\/index.php\/wp-json\/wp\/v2\/product_cat?post=697005"},{"taxonomy":"product_tag","embeddable":true,"href":"https:\/\/roveyayinevi.com.tr\/index.php\/wp-json\/wp\/v2\/product_tag?post=697005"}],"curies":[{"name":"wp","href":"https:\/\/api.w.org\/{rel}","templated":true}]}}