{"id":697002,"date":"2025-08-27T14:37:38","date_gmt":"2025-08-27T11:37:38","guid":{"rendered":"https:\/\/roveyayinevi.com.tr\/index.php\/urun\/insan-ne-ile-yasar-7\/"},"modified":"2026-04-16T02:06:49","modified_gmt":"2026-04-15T23:06:49","slug":"insan-ne-ile-yasar-7","status":"publish","type":"product","link":"https:\/\/roveyayinevi.com.tr\/index.php\/urun\/insan-ne-ile-yasar-7\/","title":{"rendered":"\u0130nsan Ne ile Ya\u015far?"},"content":{"rendered":"<p>\u201c\u2026Kad\u0131n kendisinin olmayan \u00e7ocuklara duydu\u011fu sevgiyi g\u00f6sterip a\u011flay\u0131nca, i\u00e7indeki Tanr\u0131\u2019y\u0131 g\u00f6rd\u00fcm. O anda \u2018\u0130nsan ne ile ya\u015far\u2019 anlad\u0131m. O an, Tanr\u0131\u2019n\u0131n son dersini verdi\u011fini ve beni ba\u011f\u0131\u015flad\u0131\u011f\u0131n\u0131 anlad\u0131m. O anda \u00fc\u00e7\u00fcnc\u00fc kez g\u00fcl\u00fcmsedim.\u201d \u201c\u2026\u0130nsan Tanr\u0131\u2019y\u0131 daha iyi anlad\u0131k\u00e7a, O\u2019nu daha iyi tan\u0131r. Tanr\u0131\u2019y\u0131 daha iyi tan\u0131d\u0131\u011f\u0131 zaman da, O\u2019na daha yak\u0131nla\u015f\u0131r, b\u00f6ylece O\u2019nun iyili\u011fini, merhametini ve sevgisini daha iyi \u00f6rnek alabilir\u2026\u201d \u201c\u2026U\u015fak k\u00fcre\u011fi ald\u0131. Pahom&#8217;un i\u00e7ine s\u0131\u011fabilece\u011fi b\u00fcy\u00fckl\u00fckte bir \u00e7ukur kazd\u0131 ve onu g\u00f6md\u00fc. \u0130ki metreden az bir toprak par\u00e7as\u0131 Pahom\u2019a yetti de artt\u0131 bile.\u201d <\/p>\n","protected":false},"excerpt":{"rendered":"<p>\u201c\u2026Kad\u0131n kendisinin olmayan \u00e7ocuklara duydu\u011fu sevgiyi g\u00f6sterip a\u011flay\u0131nca, i\u00e7indeki Tanr\u0131\u2019y\u0131 g\u00f6rd\u00fcm. O anda \u2018\u0130nsan ne ile ya\u015far\u2019 anlad\u0131m. O an, Tanr\u0131\u2019n\u0131n son dersini verdi\u011fini ve beni<span class=\"excerpt-hellip\"> [\u2026]<\/span><\/p>\n","protected":false},"featured_media":0,"template":"","meta":{"_monsterinsights_skip_tracking":false,"_monsterinsights_sitenote_active":false,"_monsterinsights_sitenote_note":"","_monsterinsights_sitenote_category":0},"product_brand":[],"product_cat":[12291,13570],"product_tag":[],"class_list":{"0":"post-697002","1":"product","2":"type-product","3":"status-publish","5":"product_cat-edebiyat","6":"product_cat-rus-edebiyati","7":"pa_cilt-ciltsiz","8":"pa_tur-kitap","9":"pa_yayinevi-bilge-kultur-sanat","10":"pa_yazar-lev-nikolayevic-tolstoy","12":"first","13":"instock","14":"sale","15":"shipping-taxable","16":"purchasable","17":"product-type-simple"},"_links":{"self":[{"href":"https:\/\/roveyayinevi.com.tr\/index.php\/wp-json\/wp\/v2\/product\/697002","targetHints":{"allow":["GET"]}}],"collection":[{"href":"https:\/\/roveyayinevi.com.tr\/index.php\/wp-json\/wp\/v2\/product"}],"about":[{"href":"https:\/\/roveyayinevi.com.tr\/index.php\/wp-json\/wp\/v2\/types\/product"}],"wp:attachment":[{"href":"https:\/\/roveyayinevi.com.tr\/index.php\/wp-json\/wp\/v2\/media?parent=697002"}],"wp:term":[{"taxonomy":"product_brand","embeddable":true,"href":"https:\/\/roveyayinevi.com.tr\/index.php\/wp-json\/wp\/v2\/product_brand?post=697002"},{"taxonomy":"product_cat","embeddable":true,"href":"https:\/\/roveyayinevi.com.tr\/index.php\/wp-json\/wp\/v2\/product_cat?post=697002"},{"taxonomy":"product_tag","embeddable":true,"href":"https:\/\/roveyayinevi.com.tr\/index.php\/wp-json\/wp\/v2\/product_tag?post=697002"}],"curies":[{"name":"wp","href":"https:\/\/api.w.org\/{rel}","templated":true}]}}