{"id":696994,"date":"2025-08-27T14:37:36","date_gmt":"2025-08-27T11:37:36","guid":{"rendered":"https:\/\/roveyayinevi.com.tr\/index.php\/urun\/gemilerin-hikayesi\/"},"modified":"2026-04-16T02:06:49","modified_gmt":"2026-04-15T23:06:49","slug":"gemilerin-hikayesi","status":"publish","type":"product","link":"https:\/\/roveyayinevi.com.tr\/index.php\/urun\/gemilerin-hikayesi\/","title":{"rendered":"Gemilerin Hikayesi"},"content":{"rendered":"<p>\u0130lk kay\u0131klar\u0131n i\u00e7leri oyulan k\u00fct\u00fcklerden yap\u0131ld\u0131\u011f\u0131n\u0131 biliyor muydunuz? Peki ya adeta y\u00fczen devasa oteller olan transatlantiklerin y\u00fczlerce odas\u0131n\u0131n, d\u00fckk\u00e2nlar\u0131n\u0131n, restoranlar\u0131n\u0131n ve balo salonlar\u0131n\u0131n oldu\u011funu? Bunun gibi daha pek \u00e7ok \u015fa\u015f\u0131rt\u0131c\u0131 bilgiyle dolu bu kitapla k\u00fct\u00fcklerden, tahta sallara; kad\u0131rgalardan hovercraftlara kadar bin bir \u00e7e\u015fit gemiyle keyifli bir yolculu\u011fa \u00e7\u0131kmaya haz\u0131r olun. Amman can yeleklerinizi giymeyi unutmay\u0131n! Bizden s\u00f6ylemesi&#8230; <\/p>\n","protected":false},"excerpt":{"rendered":"<p>\u0130lk kay\u0131klar\u0131n i\u00e7leri oyulan k\u00fct\u00fcklerden yap\u0131ld\u0131\u011f\u0131n\u0131 biliyor muydunuz? Peki ya adeta y\u00fczen devasa oteller olan transatlantiklerin y\u00fczlerce odas\u0131n\u0131n, d\u00fckk\u00e2nlar\u0131n\u0131n, restoranlar\u0131n\u0131n ve balo salonlar\u0131n\u0131n oldu\u011funu? Bunun gibi<span class=\"excerpt-hellip\"> [\u2026]<\/span><\/p>\n","protected":false},"featured_media":0,"template":"","meta":{"_monsterinsights_skip_tracking":false,"_monsterinsights_sitenote_active":false,"_monsterinsights_sitenote_note":"","_monsterinsights_sitenote_category":0},"product_brand":[],"product_cat":[12312,12304],"product_tag":[],"class_list":{"0":"post-696994","1":"product","2":"type-product","3":"status-publish","5":"product_cat-diger","6":"product_cat-tarih","7":"pa_tur-kitap","8":"pa_yayinevi-bilge-kultur-sanat","9":"pa_yazar-jane-bingham","11":"first","12":"instock","13":"sale","14":"shipping-taxable","15":"purchasable","16":"product-type-simple"},"_links":{"self":[{"href":"https:\/\/roveyayinevi.com.tr\/index.php\/wp-json\/wp\/v2\/product\/696994","targetHints":{"allow":["GET"]}}],"collection":[{"href":"https:\/\/roveyayinevi.com.tr\/index.php\/wp-json\/wp\/v2\/product"}],"about":[{"href":"https:\/\/roveyayinevi.com.tr\/index.php\/wp-json\/wp\/v2\/types\/product"}],"wp:attachment":[{"href":"https:\/\/roveyayinevi.com.tr\/index.php\/wp-json\/wp\/v2\/media?parent=696994"}],"wp:term":[{"taxonomy":"product_brand","embeddable":true,"href":"https:\/\/roveyayinevi.com.tr\/index.php\/wp-json\/wp\/v2\/product_brand?post=696994"},{"taxonomy":"product_cat","embeddable":true,"href":"https:\/\/roveyayinevi.com.tr\/index.php\/wp-json\/wp\/v2\/product_cat?post=696994"},{"taxonomy":"product_tag","embeddable":true,"href":"https:\/\/roveyayinevi.com.tr\/index.php\/wp-json\/wp\/v2\/product_tag?post=696994"}],"curies":[{"name":"wp","href":"https:\/\/api.w.org\/{rel}","templated":true}]}}