{"id":696990,"date":"2025-08-27T14:37:35","date_gmt":"2025-08-27T11:37:35","guid":{"rendered":"https:\/\/roveyayinevi.com.tr\/index.php\/urun\/dogular-batilar\/"},"modified":"2026-04-16T02:06:49","modified_gmt":"2026-04-15T23:06:49","slug":"dogular-batilar","status":"publish","type":"product","link":"https:\/\/roveyayinevi.com.tr\/index.php\/urun\/dogular-batilar\/","title":{"rendered":"Do\u011fular Bat\u0131lar"},"content":{"rendered":"<p>11 Eyl\u00fcl 2001, Do\u011fular ile Bat\u0131lar\u0131 kar\u015f\u0131 kar\u015f\u0131ya getiren derinlerdeki bir \u00e7at\u0131\u015fman\u0131n varl\u0131\u011f\u0131n\u0131 trajik oldu\u011fu kadar sars\u0131c\u0131 bir bi\u00e7imde yeniden g\u00fcn \u0131\u015f\u0131\u011f\u0131na \u00e7\u0131kard\u0131: Yirmi be\u015f as\u0131rd\u0131r sava\u015fan Do\u011fular ve Bat\u0131lar aras\u0131ndaki   medeniyetler \u00e7at\u0131\u015fmas\u0131  n\u0131. <\/p>\n","protected":false},"excerpt":{"rendered":"<p>11 Eyl\u00fcl 2001, Do\u011fular ile Bat\u0131lar\u0131 kar\u015f\u0131 kar\u015f\u0131ya getiren derinlerdeki bir \u00e7at\u0131\u015fman\u0131n varl\u0131\u011f\u0131n\u0131 trajik oldu\u011fu kadar sars\u0131c\u0131 bir bi\u00e7imde yeniden g\u00fcn \u0131\u015f\u0131\u011f\u0131na \u00e7\u0131kard\u0131: Yirmi be\u015f as\u0131rd\u0131r<span class=\"excerpt-hellip\"> [\u2026]<\/span><\/p>\n","protected":false},"featured_media":0,"template":"","meta":{"_monsterinsights_skip_tracking":false,"_monsterinsights_sitenote_active":false,"_monsterinsights_sitenote_note":"","_monsterinsights_sitenote_category":0},"product_brand":[],"product_cat":[12370,12304],"product_tag":[],"class_list":{"0":"post-696990","1":"product","2":"type-product","3":"status-publish","5":"product_cat-arastirma-inceleme","6":"product_cat-tarih","7":"pa_tur-kitap","8":"pa_yayinevi-bilge-kultur-sanat","9":"pa_yazar-thierry-camous","11":"first","12":"instock","13":"sale","14":"shipping-taxable","15":"purchasable","16":"product-type-simple"},"_links":{"self":[{"href":"https:\/\/roveyayinevi.com.tr\/index.php\/wp-json\/wp\/v2\/product\/696990","targetHints":{"allow":["GET"]}}],"collection":[{"href":"https:\/\/roveyayinevi.com.tr\/index.php\/wp-json\/wp\/v2\/product"}],"about":[{"href":"https:\/\/roveyayinevi.com.tr\/index.php\/wp-json\/wp\/v2\/types\/product"}],"wp:attachment":[{"href":"https:\/\/roveyayinevi.com.tr\/index.php\/wp-json\/wp\/v2\/media?parent=696990"}],"wp:term":[{"taxonomy":"product_brand","embeddable":true,"href":"https:\/\/roveyayinevi.com.tr\/index.php\/wp-json\/wp\/v2\/product_brand?post=696990"},{"taxonomy":"product_cat","embeddable":true,"href":"https:\/\/roveyayinevi.com.tr\/index.php\/wp-json\/wp\/v2\/product_cat?post=696990"},{"taxonomy":"product_tag","embeddable":true,"href":"https:\/\/roveyayinevi.com.tr\/index.php\/wp-json\/wp\/v2\/product_tag?post=696990"}],"curies":[{"name":"wp","href":"https:\/\/api.w.org\/{rel}","templated":true}]}}