{"id":696988,"date":"2025-08-27T14:37:34","date_gmt":"2025-08-27T11:37:34","guid":{"rendered":"https:\/\/roveyayinevi.com.tr\/index.php\/urun\/dilin-kokeni-uzerine\/"},"modified":"2026-04-16T02:06:48","modified_gmt":"2026-04-15T23:06:48","slug":"dilin-kokeni-uzerine","status":"publish","type":"product","link":"https:\/\/roveyayinevi.com.tr\/index.php\/urun\/dilin-kokeni-uzerine\/","title":{"rendered":"Dilin K\u00f6keni \u00dczerine"},"content":{"rendered":"<p>Felsefeci, tarih\u00e7i, filolog, il\u00e2hiyat\u00e7\u0131, \u00e7evirmen ve saymakla bitmeyen ba\u015fka \u00f6zellikleriyle Ernest Renan\u2019\u0131 tan\u0131mlamada d\u00f6rt ba\u015f\u0131 mamur bir entelekt\u00fcel s\u0131fat\u0131 \u00e7ok uygun g\u00f6r\u00fcnmektedir. Ard\u0131nda k\u0131rktan fazla kapsaml\u0131 ve derinlikli eser b\u0131rakm\u0131\u015f bu \u015fahsiyet, bilim ve tefekk\u00fcr sahas\u0131nda, ismini on dokuzuncu asra alt\u0131n harflerle yazd\u0131rm\u0131\u015ft\u0131r.<\/p>\n","protected":false},"excerpt":{"rendered":"<p>Felsefeci, tarih\u00e7i, filolog, il\u00e2hiyat\u00e7\u0131, \u00e7evirmen ve saymakla bitmeyen ba\u015fka \u00f6zellikleriyle Ernest Renan\u2019\u0131 tan\u0131mlamada d\u00f6rt ba\u015f\u0131 mamur bir entelekt\u00fcel s\u0131fat\u0131 \u00e7ok uygun g\u00f6r\u00fcnmektedir. Ard\u0131nda k\u0131rktan fazla kapsaml\u0131<span class=\"excerpt-hellip\"> [\u2026]<\/span><\/p>\n","protected":false},"featured_media":0,"template":"","meta":{"_monsterinsights_skip_tracking":false,"_monsterinsights_sitenote_active":false,"_monsterinsights_sitenote_note":"","_monsterinsights_sitenote_category":0},"product_brand":[],"product_cat":[12365,12364],"product_tag":[],"class_list":{"0":"post-696988","1":"product","2":"type-product","3":"status-publish","5":"product_cat-diger-genel-konular","6":"product_cat-genel-konular","7":"pa_cilt-ciltsiz","8":"pa_tur-kitap","9":"pa_yayinevi-bilge-kultur-sanat","10":"pa_yazar-ernest-renan","12":"first","13":"instock","14":"sale","15":"shipping-taxable","16":"purchasable","17":"product-type-simple"},"_links":{"self":[{"href":"https:\/\/roveyayinevi.com.tr\/index.php\/wp-json\/wp\/v2\/product\/696988","targetHints":{"allow":["GET"]}}],"collection":[{"href":"https:\/\/roveyayinevi.com.tr\/index.php\/wp-json\/wp\/v2\/product"}],"about":[{"href":"https:\/\/roveyayinevi.com.tr\/index.php\/wp-json\/wp\/v2\/types\/product"}],"wp:attachment":[{"href":"https:\/\/roveyayinevi.com.tr\/index.php\/wp-json\/wp\/v2\/media?parent=696988"}],"wp:term":[{"taxonomy":"product_brand","embeddable":true,"href":"https:\/\/roveyayinevi.com.tr\/index.php\/wp-json\/wp\/v2\/product_brand?post=696988"},{"taxonomy":"product_cat","embeddable":true,"href":"https:\/\/roveyayinevi.com.tr\/index.php\/wp-json\/wp\/v2\/product_cat?post=696988"},{"taxonomy":"product_tag","embeddable":true,"href":"https:\/\/roveyayinevi.com.tr\/index.php\/wp-json\/wp\/v2\/product_tag?post=696988"}],"curies":[{"name":"wp","href":"https:\/\/api.w.org\/{rel}","templated":true}]}}