{"id":696985,"date":"2025-08-27T14:37:33","date_gmt":"2025-08-27T11:37:33","guid":{"rendered":"https:\/\/roveyayinevi.com.tr\/index.php\/urun\/dede-korkut-hikayeleri-8\/"},"modified":"2026-04-16T02:06:48","modified_gmt":"2026-04-15T23:06:48","slug":"dede-korkut-hikayeleri-8","status":"publish","type":"product","link":"https:\/\/roveyayinevi.com.tr\/index.php\/urun\/dede-korkut-hikayeleri-8\/","title":{"rendered":"Dede Korkut Hikayeleri"},"content":{"rendered":"<p>Dede Korkut Hik\u00e2yeleri bir \u015fahs\u0131n eseri de\u011fildir. O, bir milletin ortak sanat dehas\u0131n\u0131n verimidir. \u0130\u00e7inde yer alan hik\u00e2yeler, b\u00fcy\u00fck bir destan\u0131n yaz\u0131ya ge\u00e7irilmi\u015f ve bu yolla g\u00fcn\u00fcm\u00fcze ula\u015fm\u0131\u015f par\u00e7alar\u0131d\u0131r. Dede Korkut Hik\u00e2yeleri, de\u011fi\u015fik a\u00e7\u0131lardan yakla\u015f\u0131ld\u0131\u011f\u0131nda daha iyi fark edilen bir\u00e7ok \u00fcst\u00fcn \u00f6zellikler ta\u015f\u0131maktad\u0131r. Mesela bu hik\u00e2yelerde dilin kullan\u0131l\u0131\u015f\u0131, etkileyici kurgulama ve anlat\u0131m tekni\u011fi ayr\u0131 ayr\u0131 ele al\u0131nmas\u0131 gereken konulard\u0131r. Her hik\u00e2ye, milletimizin ge\u00e7mi\u015fine ait zengin hayat sahnelerinin yans\u0131t\u0131ld\u0131\u011f\u0131 birer tablo gibidir.Bununla beraber hi\u00e7 ku\u015fku yok ki, en fazla dikkat etmemiz gereken y\u00f6nlerinden biri Dede Korkut Hik\u00e2yeleri\u2019nin ortaya koydu\u011fu s\u00fcz\u00fclm\u00fc\u015f insan portresidir: Bir milleti kendisi yapan ki\u015filik portresi\u2026 Bu ki\u015fili\u011fin \u00f6z\u00fcnde kahramanl\u0131k, erdem sahibi olma ve co\u015fkun bir ya\u015fama sevinci bulunmaktad\u0131r. Co\u015fku ve a\u015fk, insandan hayvana oradan do\u011faya yay\u0131lan bir \u00f6z ta\u015f\u0131r. Tanr\u0131 ve ve onun peygamberine ula\u015f\u0131r.Dede Korkut Hik\u00e2yeleri i\u00e7in baz\u0131 bilim adamlar\u0131 \u201cB\u00fct\u00fcn T\u00fcrk edebiyat\u0131n\u0131 terazinin bir g\u00f6z\u00fcne, Dede Korkut\u2019u \u00f6b\u00fcr g\u00f6z\u00fcne koysan\u0131z, yine Dede Korkut a\u011f\u0131r basar\u201d demi\u015flerdir. Bu s\u00f6z, T\u00fcrk edebiyat\u0131n\u0131n di\u011fer eserlerini k\u00fc\u00e7\u00fcmsemek de\u011fil, Dede Korkut\u2019un y\u00fcksek de\u011ferini ortaya koymak i\u00e7in b\u00f6yle s\u00f6ylenmi\u015ftir. <\/p>\n","protected":false},"excerpt":{"rendered":"<p>Dede Korkut Hik\u00e2yeleri bir \u015fahs\u0131n eseri de\u011fildir. O, bir milletin ortak sanat dehas\u0131n\u0131n verimidir. \u0130\u00e7inde yer alan hik\u00e2yeler, b\u00fcy\u00fck bir destan\u0131n yaz\u0131ya ge\u00e7irilmi\u015f ve bu yolla<span class=\"excerpt-hellip\"> [\u2026]<\/span><\/p>\n","protected":false},"featured_media":0,"template":"","meta":{"_monsterinsights_skip_tracking":false,"_monsterinsights_sitenote_active":false,"_monsterinsights_sitenote_note":"","_monsterinsights_sitenote_category":0},"product_brand":[],"product_cat":[12274,12284],"product_tag":[],"class_list":{"0":"post-696985","1":"product","2":"type-product","3":"status-publish","5":"product_cat-cocuk-ve-genclik-kitaplari","6":"product_cat-hikayeler","7":"pa_cilt-ciltsiz","8":"pa_tur-kitap","9":"pa_yayinevi-bilge-kultur-sanat","10":"pa_yazar-derleme","12":"first","13":"instock","14":"sale","15":"shipping-taxable","16":"purchasable","17":"product-type-simple"},"_links":{"self":[{"href":"https:\/\/roveyayinevi.com.tr\/index.php\/wp-json\/wp\/v2\/product\/696985","targetHints":{"allow":["GET"]}}],"collection":[{"href":"https:\/\/roveyayinevi.com.tr\/index.php\/wp-json\/wp\/v2\/product"}],"about":[{"href":"https:\/\/roveyayinevi.com.tr\/index.php\/wp-json\/wp\/v2\/types\/product"}],"wp:attachment":[{"href":"https:\/\/roveyayinevi.com.tr\/index.php\/wp-json\/wp\/v2\/media?parent=696985"}],"wp:term":[{"taxonomy":"product_brand","embeddable":true,"href":"https:\/\/roveyayinevi.com.tr\/index.php\/wp-json\/wp\/v2\/product_brand?post=696985"},{"taxonomy":"product_cat","embeddable":true,"href":"https:\/\/roveyayinevi.com.tr\/index.php\/wp-json\/wp\/v2\/product_cat?post=696985"},{"taxonomy":"product_tag","embeddable":true,"href":"https:\/\/roveyayinevi.com.tr\/index.php\/wp-json\/wp\/v2\/product_tag?post=696985"}],"curies":[{"name":"wp","href":"https:\/\/api.w.org\/{rel}","templated":true}]}}