{"id":696984,"date":"2025-08-27T14:37:33","date_gmt":"2025-08-27T11:37:33","guid":{"rendered":"https:\/\/roveyayinevi.com.tr\/index.php\/urun\/dantenin-cehennemi-uzerine-dersler\/"},"modified":"2026-04-16T02:06:48","modified_gmt":"2026-04-15T23:06:48","slug":"dantenin-cehennemi-uzerine-dersler","status":"publish","type":"product","link":"https:\/\/roveyayinevi.com.tr\/index.php\/urun\/dantenin-cehennemi-uzerine-dersler\/","title":{"rendered":"Dante\u2019nin Cehennemi \u00dczerine Dersler"},"content":{"rendered":"<p>Galileo, yirmi d\u00f6rt ya\u015f\u0131ndayken, Floransa\u2019n\u0131n en parlak zihinleri \u00f6n\u00fcnde, Dante\u2019nin Cehennemi \u00dczerine \u0130ki Ders verir. B\u00fcy\u00fck bir hevesle g\u00f6zlerini, g\u00fcnahk\u00e2rlar\u0131n kendilerinden \u00e7ok, i\u00e7inde bulunduklar\u0131   dekora   y\u00f6nelten, al\u0131\u015f\u0131lagelmedik, tuhaf bir ziyaret\u00e7inin, \u00f6te d\u00fcnya \u00fczerine, e\u015fi benzeri g\u00f6r\u00fclmemi\u015f bir incelemesidir bu Dersler. Yine de Dante\u2019nin d\u00fcnyas\u0131 \u015fiirsel g\u00fcc\u00fcnden hi\u00e7bir \u015fey kaybetmez. Cehennemin bi\u00e7imi ve kesin geometrik \u00f6l\u00e7\u00fclerini (Ar\u015fimet\u2019in de yard\u0131m\u0131 ile) saptamak ve bu sayede d\u00f6nemin \u00f6ne \u00e7\u0131kan iki kuram\u0131 aras\u0131ndan birini se\u00e7ebilmek amac\u0131yla Galileo, Dersler\u2019de, Dante\u2019nin Cehennemi\u2019nin baz\u0131 dizeleri \u00fczerinde \u015fa\u015f\u0131rt\u0131c\u0131 ve k\u0131l\u0131 k\u0131rk yaran bir okuma yapar. Kitab\u0131 s\u00fcsleyen bir\u00e7ok R\u00f6nesans d\u00f6nemi \u00e7izim ve tablo, Cehennem\u2019in \u00e7e\u015fitli katlar\u0131n\u0131n ve jeofiziksel yap\u0131lar\u0131n\u0131n ortaya koydu\u011fu sorunlar\u0131 zihnimizde canland\u0131rmam\u0131z\u0131 sa\u011flar. <\/p>\n","protected":false},"excerpt":{"rendered":"<p>Galileo, yirmi d\u00f6rt ya\u015f\u0131ndayken, Floransa\u2019n\u0131n en parlak zihinleri \u00f6n\u00fcnde, Dante\u2019nin Cehennemi \u00dczerine \u0130ki Ders verir. B\u00fcy\u00fck bir hevesle g\u00f6zlerini, g\u00fcnahk\u00e2rlar\u0131n kendilerinden \u00e7ok, i\u00e7inde bulunduklar\u0131 dekora y\u00f6nelten,<span class=\"excerpt-hellip\"> [\u2026]<\/span><\/p>\n","protected":false},"featured_media":0,"template":"","meta":{"_monsterinsights_skip_tracking":false,"_monsterinsights_sitenote_active":false,"_monsterinsights_sitenote_note":"","_monsterinsights_sitenote_category":0},"product_brand":[],"product_cat":[12365,12364],"product_tag":[],"class_list":{"0":"post-696984","1":"product","2":"type-product","3":"status-publish","5":"product_cat-diger-genel-konular","6":"product_cat-genel-konular","7":"pa_tur-kitap","8":"pa_yayinevi-bilge-kultur-sanat","9":"pa_yazar-galileo-galilei","11":"first","12":"instock","13":"sale","14":"shipping-taxable","15":"purchasable","16":"product-type-simple"},"_links":{"self":[{"href":"https:\/\/roveyayinevi.com.tr\/index.php\/wp-json\/wp\/v2\/product\/696984","targetHints":{"allow":["GET"]}}],"collection":[{"href":"https:\/\/roveyayinevi.com.tr\/index.php\/wp-json\/wp\/v2\/product"}],"about":[{"href":"https:\/\/roveyayinevi.com.tr\/index.php\/wp-json\/wp\/v2\/types\/product"}],"wp:attachment":[{"href":"https:\/\/roveyayinevi.com.tr\/index.php\/wp-json\/wp\/v2\/media?parent=696984"}],"wp:term":[{"taxonomy":"product_brand","embeddable":true,"href":"https:\/\/roveyayinevi.com.tr\/index.php\/wp-json\/wp\/v2\/product_brand?post=696984"},{"taxonomy":"product_cat","embeddable":true,"href":"https:\/\/roveyayinevi.com.tr\/index.php\/wp-json\/wp\/v2\/product_cat?post=696984"},{"taxonomy":"product_tag","embeddable":true,"href":"https:\/\/roveyayinevi.com.tr\/index.php\/wp-json\/wp\/v2\/product_tag?post=696984"}],"curies":[{"name":"wp","href":"https:\/\/api.w.org\/{rel}","templated":true}]}}