{"id":696967,"date":"2025-08-27T14:37:29","date_gmt":"2025-08-27T11:37:29","guid":{"rendered":"https:\/\/roveyayinevi.com.tr\/index.php\/urun\/anneannem-dans-kralicesi-9-kitap\/"},"modified":"2026-04-16T02:06:48","modified_gmt":"2026-04-15T23:06:48","slug":"anneannem-dans-kralicesi-9-kitap","status":"publish","type":"product","link":"https:\/\/roveyayinevi.com.tr\/index.php\/urun\/anneannem-dans-kralicesi-9-kitap\/","title":{"rendered":"Anneannem Dans Krali\u00e7esi 9. Kitap"},"content":{"rendered":"<p>Anneannesinin her \u00f6zelli\u011fiyle ayr\u0131 bir ser\u00fcven ya\u015fayan Metin, yeni bir \u015fey daha \u00f6\u011freniyor. Hikmet Han\u0131m dans h\u00fcnerlerini bir d\u00fc\u011f\u00fcnde sergiliyor. \u00dcstelik d\u00fc\u011f\u00fcn\u00fcn dans krali\u00e7esi se\u00e7iliyor. Metin hem \u015fa\u015fk\u0131n, hem mutlu. Sizin anneanneniz dans krali\u00e7esi se\u00e7ilse, acaba neler hissederdiniz?\ufffc<\/p>\n","protected":false},"excerpt":{"rendered":"<p>Anneannesinin her \u00f6zelli\u011fiyle ayr\u0131 bir ser\u00fcven ya\u015fayan Metin, yeni bir \u015fey daha \u00f6\u011freniyor. Hikmet Han\u0131m dans h\u00fcnerlerini bir d\u00fc\u011f\u00fcnde sergiliyor. \u00dcstelik d\u00fc\u011f\u00fcn\u00fcn dans krali\u00e7esi se\u00e7iliyor. Metin<span class=\"excerpt-hellip\"> [\u2026]<\/span><\/p>\n","protected":false},"featured_media":0,"template":"","meta":{"_monsterinsights_skip_tracking":false,"_monsterinsights_sitenote_active":false,"_monsterinsights_sitenote_note":"","_monsterinsights_sitenote_category":0},"product_brand":[],"product_cat":[12274,12284],"product_tag":[],"class_list":{"0":"post-696967","1":"product","2":"type-product","3":"status-publish","5":"product_cat-cocuk-ve-genclik-kitaplari","6":"product_cat-hikayeler","7":"pa_cilt-ciltsiz","8":"pa_tur-kitap","9":"pa_yayinevi-bilgi-yayinevi-cocuk","10":"pa_yazar-muzaffer-izgu","12":"first","13":"instock","14":"sale","15":"shipping-taxable","16":"purchasable","17":"product-type-simple"},"_links":{"self":[{"href":"https:\/\/roveyayinevi.com.tr\/index.php\/wp-json\/wp\/v2\/product\/696967","targetHints":{"allow":["GET"]}}],"collection":[{"href":"https:\/\/roveyayinevi.com.tr\/index.php\/wp-json\/wp\/v2\/product"}],"about":[{"href":"https:\/\/roveyayinevi.com.tr\/index.php\/wp-json\/wp\/v2\/types\/product"}],"wp:attachment":[{"href":"https:\/\/roveyayinevi.com.tr\/index.php\/wp-json\/wp\/v2\/media?parent=696967"}],"wp:term":[{"taxonomy":"product_brand","embeddable":true,"href":"https:\/\/roveyayinevi.com.tr\/index.php\/wp-json\/wp\/v2\/product_brand?post=696967"},{"taxonomy":"product_cat","embeddable":true,"href":"https:\/\/roveyayinevi.com.tr\/index.php\/wp-json\/wp\/v2\/product_cat?post=696967"},{"taxonomy":"product_tag","embeddable":true,"href":"https:\/\/roveyayinevi.com.tr\/index.php\/wp-json\/wp\/v2\/product_tag?post=696967"}],"curies":[{"name":"wp","href":"https:\/\/api.w.org\/{rel}","templated":true}]}}