{"id":696966,"date":"2025-08-27T14:37:28","date_gmt":"2025-08-27T11:37:28","guid":{"rendered":"https:\/\/roveyayinevi.com.tr\/index.php\/urun\/anlatim-sanati\/"},"modified":"2026-04-16T02:06:48","modified_gmt":"2026-04-15T23:06:48","slug":"anlatim-sanati","status":"publish","type":"product","link":"https:\/\/roveyayinevi.com.tr\/index.php\/urun\/anlatim-sanati\/","title":{"rendered":"Anlat\u0131m Sanat\u0131"},"content":{"rendered":"<p>T\u00fcrk\u00e7eyi do\u011fru, g\u00fczel ve etkili bir bi\u00e7imde konu\u015fmak, yazmak isteyen herkes i\u00e7in\u2026 Ayr\u0131ca T\u00fcrk\u00e7eyi kullanma yetilerini geli\u015ftirmek isteyen lise \u00f6\u011frencileriyle y\u00fcksekokul ve \u00fcniversitelerde T\u00fcrk\u00e7e \u00f6\u011frenimi g\u00f6recek \u00f6\u011frenciler i\u00e7in\u2026\ufffc<\/p>\n","protected":false},"excerpt":{"rendered":"<p>T\u00fcrk\u00e7eyi do\u011fru, g\u00fczel ve etkili bir bi\u00e7imde konu\u015fmak, yazmak isteyen herkes i\u00e7in\u2026 Ayr\u0131ca T\u00fcrk\u00e7eyi kullanma yetilerini geli\u015ftirmek isteyen lise \u00f6\u011frencileriyle y\u00fcksekokul ve \u00fcniversitelerde T\u00fcrk\u00e7e \u00f6\u011frenimi g\u00f6recek<span class=\"excerpt-hellip\"> [\u2026]<\/span><\/p>\n","protected":false},"featured_media":0,"template":"","meta":{"_monsterinsights_skip_tracking":false,"_monsterinsights_sitenote_active":false,"_monsterinsights_sitenote_note":"","_monsterinsights_sitenote_category":0},"product_brand":[],"product_cat":[13072,12291],"product_tag":[],"class_list":{"0":"post-696966","1":"product","2":"type-product","3":"status-publish","5":"product_cat-arastirma-inceleme-referans","6":"product_cat-edebiyat","7":"pa_cilt-ciltsiz","8":"pa_tur-kitap","9":"pa_yayinevi-bilgi-yayinevi","10":"pa_yazar-emin-ozdemir","12":"first","13":"instock","14":"sale","15":"shipping-taxable","16":"purchasable","17":"product-type-simple"},"_links":{"self":[{"href":"https:\/\/roveyayinevi.com.tr\/index.php\/wp-json\/wp\/v2\/product\/696966","targetHints":{"allow":["GET"]}}],"collection":[{"href":"https:\/\/roveyayinevi.com.tr\/index.php\/wp-json\/wp\/v2\/product"}],"about":[{"href":"https:\/\/roveyayinevi.com.tr\/index.php\/wp-json\/wp\/v2\/types\/product"}],"wp:attachment":[{"href":"https:\/\/roveyayinevi.com.tr\/index.php\/wp-json\/wp\/v2\/media?parent=696966"}],"wp:term":[{"taxonomy":"product_brand","embeddable":true,"href":"https:\/\/roveyayinevi.com.tr\/index.php\/wp-json\/wp\/v2\/product_brand?post=696966"},{"taxonomy":"product_cat","embeddable":true,"href":"https:\/\/roveyayinevi.com.tr\/index.php\/wp-json\/wp\/v2\/product_cat?post=696966"},{"taxonomy":"product_tag","embeddable":true,"href":"https:\/\/roveyayinevi.com.tr\/index.php\/wp-json\/wp\/v2\/product_tag?post=696966"}],"curies":[{"name":"wp","href":"https:\/\/api.w.org\/{rel}","templated":true}]}}