{"id":696952,"date":"2025-08-27T14:37:25","date_gmt":"2025-08-27T11:37:25","guid":{"rendered":"https:\/\/roveyayinevi.com.tr\/index.php\/urun\/1881-1938-ataturk-kurtulus-savasi-ve-cumhuriyet-kronolojisi-aciklamalar-kaynaklar-temel-belgeler-ve-devrim-yasalari\/"},"modified":"2026-04-16T02:06:48","modified_gmt":"2026-04-15T23:06:48","slug":"1881-1938-ataturk-kurtulus-savasi-ve-cumhuriyet-kronolojisi-aciklamalar-kaynaklar-temel-belgeler-ve-devrim-yasalari","status":"publish","type":"product","link":"https:\/\/roveyayinevi.com.tr\/index.php\/urun\/1881-1938-ataturk-kurtulus-savasi-ve-cumhuriyet-kronolojisi-aciklamalar-kaynaklar-temel-belgeler-ve-devrim-yasalari\/","title":{"rendered":"1881-1938 Atat\u00fcrk, Kurtulu\u015f Sava\u015f\u0131 ve Cumhuriyet Kronolojisi A\u00e7\u0131klamalar, Kaynaklar, Temel Belgeler ve Devrim Yasalar\u0131"},"content":{"rendered":"<p>Atat\u00fcrk, Kurtulu\u015f Sava\u015f\u0131 ve Cumhuriyet Kronolojisi nde, 1881-1938 aras\u0131ndaki 57 y\u0131ll\u0131k yo\u011fun d\u00f6nem, ayn\u0131 zaman dilimi i\u00e7indeki baz\u0131 d\u00fcnya olaylar\u0131yla, d\u00f6nemin \u00f6zelli\u011fini belirten baz\u0131 ayr\u0131nt\u0131lar ve say\u0131larla birlikte verilmi\u015ftir. Kitapta, ayr\u0131nt\u0131l\u0131 kronolojiden ayr\u0131 olarak renkli sayfalara bas\u0131l\u0131, 1911-1938 d\u00f6nemini kapsayan bir de \u00d6zet Kronoloji bulunmaktad\u0131r. Bu kitap\u00e7\u0131k, kuru bir tarih \u00e7izelgesi olarak da okunabilir; s\u0131f\u0131rdan ba\u015flayarak, bin t\u00fcrl\u00fc i\u00e7 ve d\u0131\u015f engeli, oyunu, tuza\u011f\u0131, yoksunlu\u011fu ve yoksullu\u011fu ad\u0131m ad\u0131m a\u015f\u0131p zafere ula\u015fan; ayd\u0131nlanmay\u0131 yani akl\u0131n ve vicdan\u0131n \u00f6zg\u00fcrl\u00fc\u011f\u00fcn\u00fc sa\u011flayan; yaln\u0131z maddi kalk\u0131nmay\u0131 de\u011fil, sanat, k\u00fclt\u00fcr, hukuk ve. alanlarda da kalk\u0131nmay\u0131 ama\u00e7layan, 18 y\u0131lda ba\u015far\u0131lm\u0131\u015f, benzersiz bir m\u00fccadelenin, devrimlerin ve kalk\u0131nma \u00e7abalar\u0131n\u0131n sat\u0131rba\u015flar\u0131ndan olu\u015fan heyecanl\u0131 bir roman gibi de. <\/p>\n","protected":false},"excerpt":{"rendered":"<p>Atat\u00fcrk, Kurtulu\u015f Sava\u015f\u0131 ve Cumhuriyet Kronolojisi nde, 1881-1938 aras\u0131ndaki 57 y\u0131ll\u0131k yo\u011fun d\u00f6nem, ayn\u0131 zaman dilimi i\u00e7indeki baz\u0131 d\u00fcnya olaylar\u0131yla, d\u00f6nemin \u00f6zelli\u011fini belirten baz\u0131 ayr\u0131nt\u0131lar ve<span class=\"excerpt-hellip\"> [\u2026]<\/span><\/p>\n","protected":false},"featured_media":0,"template":"","meta":{"_monsterinsights_skip_tracking":false,"_monsterinsights_sitenote_active":false,"_monsterinsights_sitenote_note":"","_monsterinsights_sitenote_category":0},"product_brand":[],"product_cat":[12364,16266],"product_tag":[],"class_list":{"0":"post-696952","1":"product","2":"type-product","3":"status-publish","5":"product_cat-genel-konular","6":"product_cat-referans-kaynak-kitap","7":"pa_tur-kitap","8":"pa_yayinevi-bilgi-yayinevi","9":"pa_yazar-turgut-ozakman","11":"first","12":"instock","13":"sale","14":"shipping-taxable","15":"purchasable","16":"product-type-simple"},"_links":{"self":[{"href":"https:\/\/roveyayinevi.com.tr\/index.php\/wp-json\/wp\/v2\/product\/696952","targetHints":{"allow":["GET"]}}],"collection":[{"href":"https:\/\/roveyayinevi.com.tr\/index.php\/wp-json\/wp\/v2\/product"}],"about":[{"href":"https:\/\/roveyayinevi.com.tr\/index.php\/wp-json\/wp\/v2\/types\/product"}],"wp:attachment":[{"href":"https:\/\/roveyayinevi.com.tr\/index.php\/wp-json\/wp\/v2\/media?parent=696952"}],"wp:term":[{"taxonomy":"product_brand","embeddable":true,"href":"https:\/\/roveyayinevi.com.tr\/index.php\/wp-json\/wp\/v2\/product_brand?post=696952"},{"taxonomy":"product_cat","embeddable":true,"href":"https:\/\/roveyayinevi.com.tr\/index.php\/wp-json\/wp\/v2\/product_cat?post=696952"},{"taxonomy":"product_tag","embeddable":true,"href":"https:\/\/roveyayinevi.com.tr\/index.php\/wp-json\/wp\/v2\/product_tag?post=696952"}],"curies":[{"name":"wp","href":"https:\/\/api.w.org\/{rel}","templated":true}]}}

1881-1938 Atatürk, Kurtuluş Savaşı ve Cumhuriyet Kronolojisi Açıklamalar, Kaynaklar, Temel Belgeler ve Devrim Yasaları

<p>Atatürk, Kurtuluş Savaşı ve Cumhuriyet Kronolojisi nde, 1881-1938 arasındaki 57 yıllık yoğun dönem, aynı zaman dilimi içindeki bazı dünya olaylarıyla, dönemin özelliğini belirten bazı ayrıntılar ve sayılarla birlikte verilmiştir. Kitapta, ayrıntılı kronolojiden ayrı olarak renkli sayfalara basılı, 1911-1938 dönemini kapsayan bir de Özet Kronoloji bulunmaktadır. Bu kitapçık, kuru bir tarih çizelgesi olarak da okunabilir; sıfırdan başlayarak, bin türlü iç ve dış engeli, oyunu, tuzağı, yoksunluğu ve yoksulluğu adım adım aşıp zafere ulaşan; aydınlanmayı yani aklın ve vicdanın özgürlüğünü sağlayan; yalnız maddi kalkınmayı değil, sanat, kültür, hukuk ve. alanlarda da kalkınmayı amaçlayan, 18 yılda başarılmış, benzersiz bir mücadelenin, devrimlerin ve kalkınma çabalarının satırbaşlarından oluşan heyecanlı bir roman gibi de. </p>

<p>Atatürk, Kurtuluş Savaşı ve Cumhuriyet Kronolojisi nde, 1881-1938 arasındaki 57 yıllık yoğun dönem, aynı zaman dilimi içindeki bazı dünya olaylarıyla, dönemin özelliğini belirten bazı ayrıntılar ve<span class="excerpt-hellip"> […]</span></p>
