{"id":696943,"date":"2025-08-27T14:37:22","date_gmt":"2025-08-27T11:37:22","guid":{"rendered":"https:\/\/roveyayinevi.com.tr\/index.php\/urun\/buyuk-filozoflar-ve-felsefeleri\/"},"modified":"2026-04-16T02:06:47","modified_gmt":"2026-04-15T23:06:47","slug":"buyuk-filozoflar-ve-felsefeleri","status":"publish","type":"product","link":"https:\/\/roveyayinevi.com.tr\/index.php\/urun\/buyuk-filozoflar-ve-felsefeleri\/","title":{"rendered":"B\u00fcy\u00fck Filozoflar ve Felsefeleri"},"content":{"rendered":"<p>Bu kitap felsefe \u00f6\u011frenmek isteyen herkesin i\u015fine yarayacak. Fran\u00e7ois Dagognet Platon&#8217;dan ba\u015flay\u0131p Spinoza, Kant, Nietzsche, Marx, Comte, Bachelard ve daha ba\u015fka d\u00fc\u015f\u00fcn\u00fcrlerden ge\u00e7erek Jean-Paul Sartre&#8217;a uzanan bir yolda en \u00f6nemli filozoplar\u0131 kar\u015f\u0131la\u015ft\u0131rmal\u0131 olarak inceliyor. Her bir filozofun d\u00fc\u015f\u00fcncesinin \u00f6z\u00fcn\u00fc a\u00e7\u0131kl\u0131yor, bir \u00f6nceki d\u00fc\u015f\u00fcnceyi nas\u0131l dizgele\u015ftirdi\u011fini ya da ona nas\u0131l kar\u015f\u0131 \u00e7\u0131kt\u0131\u011f\u0131n\u0131 g\u00f6steriyor. Yazar\u0131n g\u00f6z\u00fcnde, felsefe bir tap\u0131nak de\u011fildir, bir \u015fantiye de de\u011fildir; bir sava\u015f alan\u0131d\u0131r. Frans\u0131z doktor ve d\u00fc\u015f\u00fcn\u00fcr Fran\u00e7ois Dagognet&#8217;den ilgin\u00e7 bir felsefe tarihi. \ufffc<\/p>\n","protected":false},"excerpt":{"rendered":"<p>Bu kitap felsefe \u00f6\u011frenmek isteyen herkesin i\u015fine yarayacak. Fran\u00e7ois Dagognet Platon&#8217;dan ba\u015flay\u0131p Spinoza, Kant, Nietzsche, Marx, Comte, Bachelard ve daha ba\u015fka d\u00fc\u015f\u00fcn\u00fcrlerden ge\u00e7erek Jean-Paul Sartre&#8217;a uzanan<span class=\"excerpt-hellip\"> [\u2026]<\/span><\/p>\n","protected":false},"featured_media":0,"template":"","meta":{"_monsterinsights_skip_tracking":false,"_monsterinsights_sitenote_active":false,"_monsterinsights_sitenote_note":"","_monsterinsights_sitenote_category":0},"product_brand":[],"product_cat":[12388,14717],"product_tag":[],"class_list":{"0":"post-696943","1":"product","2":"type-product","3":"status-publish","5":"product_cat-felsefe","6":"product_cat-felsefe-tarihi","7":"pa_cilt-ciltli","8":"pa_tur-kitap","9":"pa_yayinevi-yapi-kredi-yayinlari","10":"pa_yazar-francois-dagognet","12":"first","13":"instock","14":"sale","15":"shipping-taxable","16":"purchasable","17":"product-type-simple"},"_links":{"self":[{"href":"https:\/\/roveyayinevi.com.tr\/index.php\/wp-json\/wp\/v2\/product\/696943","targetHints":{"allow":["GET"]}}],"collection":[{"href":"https:\/\/roveyayinevi.com.tr\/index.php\/wp-json\/wp\/v2\/product"}],"about":[{"href":"https:\/\/roveyayinevi.com.tr\/index.php\/wp-json\/wp\/v2\/types\/product"}],"wp:attachment":[{"href":"https:\/\/roveyayinevi.com.tr\/index.php\/wp-json\/wp\/v2\/media?parent=696943"}],"wp:term":[{"taxonomy":"product_brand","embeddable":true,"href":"https:\/\/roveyayinevi.com.tr\/index.php\/wp-json\/wp\/v2\/product_brand?post=696943"},{"taxonomy":"product_cat","embeddable":true,"href":"https:\/\/roveyayinevi.com.tr\/index.php\/wp-json\/wp\/v2\/product_cat?post=696943"},{"taxonomy":"product_tag","embeddable":true,"href":"https:\/\/roveyayinevi.com.tr\/index.php\/wp-json\/wp\/v2\/product_tag?post=696943"}],"curies":[{"name":"wp","href":"https:\/\/api.w.org\/{rel}","templated":true}]}}