{"id":696914,"date":"2025-08-27T14:37:15","date_gmt":"2025-08-27T11:37:15","guid":{"rendered":"https:\/\/roveyayinevi.com.tr\/index.php\/urun\/gizli-bahce-2\/"},"modified":"2026-04-16T02:06:47","modified_gmt":"2026-04-15T23:06:47","slug":"gizli-bahce-2","status":"publish","type":"product","link":"https:\/\/roveyayinevi.com.tr\/index.php\/urun\/gizli-bahce-2\/","title":{"rendered":"Gizli Bah\u00e7e"},"content":{"rendered":"<p>\u00c7ocuk edebiyat\u0131n\u0131n en se\u00e7kin \u00f6rneklerinin yer ald\u0131\u011f\u0131 Arkada\u015f \u00c7ocuk Serisi\u2019ne tamam\u0131 resimli bir kitap daha eklendi. Ali Aydo\u011fan taraf\u0131ndan, \u00f6zenli ve titiz bir \u00e7al\u0131\u015fmayla dilimize uyarlanan, tamam\u0131 \u00f6zg\u00fcn \u00e7izimlerle bezenmi\u015f kitaplar, \u00e7ocuklar\u0131n dil e\u011fitimine \u00f6nemli katk\u0131da bulunacak. \u0130\u00e7erdikleri hikaye ve masallarla \u00e7ocuklara iyili\u011fi ve k\u00f6t\u00fcl\u00fc\u011f\u00fc, adaleti, payla\u015fmay\u0131, empati kurmay\u0131, do\u011fay\u0131 sevmeyi, kalabal\u0131k i\u00e7inde birey olabilmeyi anlatan bu kitaplar, ak\u0131c\u0131 anlat\u0131mlar\u0131 ve birbirinden g\u00fczel \u00e7izimleriyle \u00f6ne \u00e7\u0131k\u0131yorlar. \u0130lk\u00f6\u011fretim \u00f6\u011frencileri taraf\u0131ndan okunmas\u0131 tavsiye edilen eserlerden olu\u015fan bu \u00f6zel \u00e7al\u0131\u015fmay\u0131 gen\u00e7 okurlara sunmaktan mutluluk duyuyoruz. B\u00fct\u00fcn \u00e7ocuklar\u0131n, g\u00f6zlerinin \u00f6n\u00fcnde olsa da gizli denilen her \u015fey ilgilerini \u00e7eker. Onun gizemini \u00e7\u00f6zmek i\u00e7in t\u00fcm fedak\u00e2rl\u0131klara katlan\u0131rlar. Marry Lennox\u2019u da Hindistan\u2019da anne babas\u0131n\u0131 kaybettikten sonra, day\u0131s\u0131n\u0131n \u015fatosunun bulundu\u011fu \u0130ngiltere\u2019ye geldi\u011finde, bir gizli bah\u00e7e bekliyordu. Gizli bah\u00e7eye girmek yasakt\u0131. Ne ki Mary, gizli bah\u00e7enin \u00f6nce anahtar\u0131n\u0131, sonra da kap\u0131s\u0131n\u0131 bulmakta gecikmedi. Hizmet\u00e7i Martha\u2019n\u0131n karde\u015fi Dickon, ona gizli bah\u00e7ede rehberlik edecekti. \u0130ki \u00e7ocuk, ku\u015flarla, sincaplarla dost oldular; \u00e7i\u00e7eklere, a\u011fa\u00e7lara \u00e2deta yeniden hayat verdiler. Ama \u015fatoda mutsuz, odas\u0131ndan \u00e7\u0131kmayan, hasta bir \u00e7ocuk vard\u0131: Day\u0131s\u0131n\u0131n, annesini bebekken kaybeden, tekerlekli sandalyeye mahk\u00fbm o\u011flu Colin&#8230; Mary ile Dickon ise gizli bah\u00e7e gibi Colin\u2019e de hayat vermekte kararl\u0131yd\u0131. Onu gizli bah\u00e7eye g\u00f6t\u00fcreceklerdi. \u00c7ocuklar\u0131n\u0131z\u0131n d\u00fc\u015flerini ye\u015fertece\u011fi gizli bah\u00e7elere hep ihtiya\u00e7lar\u0131 olacak. <\/p>\n","protected":false},"excerpt":{"rendered":"<p>\u00c7ocuk edebiyat\u0131n\u0131n en se\u00e7kin \u00f6rneklerinin yer ald\u0131\u011f\u0131 Arkada\u015f \u00c7ocuk Serisi\u2019ne tamam\u0131 resimli bir kitap daha eklendi. Ali Aydo\u011fan taraf\u0131ndan, \u00f6zenli ve titiz bir \u00e7al\u0131\u015fmayla dilimize uyarlanan,<span class=\"excerpt-hellip\"> [\u2026]<\/span><\/p>\n","protected":false},"featured_media":0,"template":"","meta":{"_monsterinsights_skip_tracking":false,"_monsterinsights_sitenote_active":false,"_monsterinsights_sitenote_note":"","_monsterinsights_sitenote_category":0},"product_brand":[],"product_cat":[12274,12284],"product_tag":[],"class_list":{"0":"post-696914","1":"product","2":"type-product","3":"status-publish","5":"product_cat-cocuk-ve-genclik-kitaplari","6":"product_cat-hikayeler","7":"pa_cilt-ciltsiz","8":"pa_tur-kitap","9":"pa_yayinevi-arkadas-yayinlari","10":"pa_yazar-frances-hodgson-burnett","12":"first","13":"instock","14":"sale","15":"shipping-taxable","16":"purchasable","17":"product-type-simple"},"_links":{"self":[{"href":"https:\/\/roveyayinevi.com.tr\/index.php\/wp-json\/wp\/v2\/product\/696914","targetHints":{"allow":["GET"]}}],"collection":[{"href":"https:\/\/roveyayinevi.com.tr\/index.php\/wp-json\/wp\/v2\/product"}],"about":[{"href":"https:\/\/roveyayinevi.com.tr\/index.php\/wp-json\/wp\/v2\/types\/product"}],"wp:attachment":[{"href":"https:\/\/roveyayinevi.com.tr\/index.php\/wp-json\/wp\/v2\/media?parent=696914"}],"wp:term":[{"taxonomy":"product_brand","embeddable":true,"href":"https:\/\/roveyayinevi.com.tr\/index.php\/wp-json\/wp\/v2\/product_brand?post=696914"},{"taxonomy":"product_cat","embeddable":true,"href":"https:\/\/roveyayinevi.com.tr\/index.php\/wp-json\/wp\/v2\/product_cat?post=696914"},{"taxonomy":"product_tag","embeddable":true,"href":"https:\/\/roveyayinevi.com.tr\/index.php\/wp-json\/wp\/v2\/product_tag?post=696914"}],"curies":[{"name":"wp","href":"https:\/\/api.w.org\/{rel}","templated":true}]}}